-- Table structure for table `wp51_wfls_2fa_secrets`
--

CREATE TABLE `wp51_wfls_2fa_secrets` (
  `id` int(11) unsigned NOT NULL AUTO_INCREMENT,
  `user_id` bigint(20) unsigned NOT NULL,
  `secret` tinyblob NOT NULL,
  `recovery` blob NOT NULL,
  `ctime` int(10) unsigned NOT NULL,
  `vtime` int(10) unsigned NOT NULL,
  `mode` enum('authenticator') NOT NULL DEFAULT 'authenticator',
  PRIMARY KEY (`id`),
  KEY `user_id` (`user_id`)
) ENGINE=InnoDB DEFAULT CHARSET=utf8;

--
-- Dumping data for table `wp51_wfls_2fa_secrets`
--


-- Dumped table `wp51_wfls_2fa_secrets` with 0 row(s)
--

--
-- Table structure for table `wp51_wfls_settings`
--

CREATE TABLE `wp51_wfls_settings` (
  `name` varchar(191) NOT NULL DEFAULT '',
  `value` longblob DEFAULT NULL,
  `autoload` enum('no','yes') NOT NULL DEFAULT 'yes',
  PRIMARY KEY (`name`)
) ENGINE=InnoDB DEFAULT CHARSET=utf8;

--
-- Dumping data for table `wp51_wfls_settings`
--

INSERT INTO `wp51_wfls_settings` VALUES ('allow-xml-rpc',0x31,'yes'),('captcha-stats',0x7B22636F756E7473223A5B302C302C302C302C302C302C302C302C302C302C305D2C22617667223A307D,'yes'),('delete-deactivation','','yes'),('enable-auth-captcha','','yes'),('global-notices',0x5B5D,'yes'),('ip-source','','yes'),('ip-trusted-proxies','','yes'),('last-secret-refresh',0x31353739343330373634,'yes'),('ntp-offset',0x302E3633323930303233383033373131,'yes'),('recaptcha-threshold',0x302E35,'yes'),('remember-device','','yes'),('remember-device-duration',0x32353932303030,'yes'),('require-2fa-grace-period-enabled','','yes'),('require-2fa.administrator','','yes'),('shared-hash-secret',0x31373238373030663837323331636231396432393033633039336239633666623263353131306366643065383762356131396437663833376162343838323561,'yes'),('shared-symmetric-secret',0x31343864343261303464363737386566353837646164353335626230646332643833386266313963616565343066323839393836626363326262653135663737,'yes'),('use-ntp','','yes'),('whitelisted','','yes'),('xmlrpc-enabled',0x31,'yes');

-- Dumped table `wp51_wfls_settings` with 19 row(s)
--

--
-- Table structure for table `wp51_wfnotifications`
--

CREATE TABLE `wp51_wfnotifications` (
  `id` varchar(32) NOT NULL DEFAULT '',
  `new` tinyint(3) unsigned NOT NULL DEFAULT 1,
  `category` varchar(255) NOT NULL,
  `priority` int(11) NOT NULL DEFAULT 1000,
  `ctime` int(10) unsigned NOT NULL,
  `html` text NOT NULL,
  `links` text NOT NULL,
  PRIMARY KEY (`id`)
) ENGINE=MyISAM DEFAULT CHARSET=utf8;

--
-- Dumping data for table `wp51_wfnotifications`
--

INSERT INTO `wp51_wfnotifications` VALUES ('site-A4AAAAA',0,'wfplugin_scan',502,1579470104,'<a href=\"https://theworkingvoice.co.uk/wp-admin/admin.php?page=WordfenceScan\">1 issue found in most recent scan</a>','[]'),('site-AEAAAAA',0,'wfplugin_updates',502,1579470104,'<a href=\"https://theworkingvoice.co.uk/wp-admin/update-core.php\">Updates are available for 2 plugins</a>','[]'),('site-BQAAAAA',0,'wfplugin_updates',502,1579713012,'<a href=\"https://theworkingvoice.co.uk/wp-admin/update-core.php\">Updates are available for 2 plugins</a>','[]'),('site-BUAAAAA',0,'wfplugin_scan',502,1580130187,'<a href=\"https://theworkingvoice.co.uk/wp-admin/admin.php?page=WordfenceScan\">1 issue found in most recent scan</a>','[]'),('site-DMAAAAA',0,'wfplugin_updates',502,1580036031,'<a href=\"http://theworkingvoice.co.uk/wp-admin/update-core.php\">An update is available for 1 plugin</a>','[]'),('site-E4AAAAA',0,'wfplugin_scan',502,1580156312,'<a href=\"https://theworkingvoice.co.uk/wp-admin/admin.php?page=WordfenceScan\">1 issue found in most recent scan</a>','[]'),('site-FAAAAAA',0,'wfplugin_updates',502,1582760832,'<a href=\"https://theworkingvoice.co.uk/wp-admin/update-core.php\">An update is available for 1 theme</a>','[]'),('site-FEAAAAA',0,'wfplugin_scan',502,1580901315,'<a href=\"http://theworkingvoice.co.uk/wp-admin/admin.php?page=WordfenceScan\">3 issues found in most recent scan</a>','[]'),('site-IAAAAAA',0,'wfplugin_scan',502,1589197896,'<a href=\"http://theworkingvoice.co.uk/wp-admin/admin.php?page=WordfenceScan\">9 issues found in most recent scan</a>','[]'),('site-SUAAAAA',1,'wfplugin_updates',502,1597923705,'<a href=\"http://theworkingvoice.co.uk/wp-admin/update-core.php\">Updates are available for 15 plugins and 1 theme</a>','[]'),('site-SUAQAAA',1,'wfplugin_scan',502,1597923711,'<a href=\"https://theworkingvoice.co.uk/wp-admin/admin.php?page=WordfenceScan\">16 issues found in most recent scan</a>','[]');

-- Dumped table `wp51_wfnotifications` with 11 row(s)
--

--
-- Table structure for table `wp51_wfpendingissues`
--

CREATE TABLE `wp51_wfpendingissues` (
  `id` int(10) unsigned NOT NULL AUTO_INCREMENT,
  `time` int(10) unsigned NOT NULL,
  `lastUpdated` int(10) unsigned NOT NULL,
  `status` varchar(10) NOT NULL,
  `type` varchar(20) NOT NULL,
  `severity` tinyint(3) unsigned NOT NULL,
  `ignoreP` char(32) NOT NULL,
  `ignoreC` char(32) NOT NULL,
  `shortMsg` varchar(255) NOT NULL,
  `longMsg` text DEFAULT NULL,
  `data` text DEFAULT NULL,
  PRIMARY KEY (`id`),
  KEY `lastUpdated` (`lastUpdated`),
  KEY `status` (`status`),
  KEY `ignoreP` (`ignoreP`),
  KEY `ignoreC` (`ignoreC`)
) ENGINE=MyISAM DEFAULT CHARSET=utf8;

--
-- Dumping data for table `wp51_wfpendingissues`
--


-- Dumped table `wp51_wfpendingissues` with 0 row(s)
--

--
-- Table structure for table `wp51_wfreversecache`
--

CREATE TABLE `wp51_wfreversecache` (
  `IP` binary(16) NOT NULL DEFAULT '\0\0\0\0\0\0\0\0\0\0\0\0\0\0\0\0',
  `host` varchar(255) NOT NULL,
  `lastUpdate` int(10) unsigned NOT NULL,
  PRIMARY KEY (`IP`)
) ENGINE=MyISAM DEFAULT CHARSET=utf8;

--
-- Dumping data for table `wp51_wfreversecache`
--

INSERT INTO `wp51_wfreversecache` VALUES (0x00000000000000000000FFFF8F9FB3D3,'211.179.159.143.dyn.plus.net',1597928159);

-- Dumped table `wp51_wfreversecache` with 1 row(s)
--

--
-- Table structure for table `wp51_wfsnipcache`
--

CREATE TABLE `wp51_wfsnipcache` (
  `id` int(10) unsigned NOT NULL AUTO_INCREMENT,
  `IP` varchar(45) NOT NULL DEFAULT '',
  `expiration` timestamp NOT NULL DEFAULT current_timestamp(),
  `body` varchar(255) NOT NULL DEFAULT '',
  `count` int(10) unsigned NOT NULL DEFAULT 0,
  `type` int(10) unsigned NOT NULL DEFAULT 0,
  PRIMARY KEY (`id`),
  KEY `expiration` (`expiration`),
  KEY `IP` (`IP`),
  KEY `type` (`type`)
) ENGINE=MyISAM AUTO_INCREMENT=3980 DEFAULT CHARSET=utf8;

--
-- Dumping data for table `wp51_wfsnipcache`
--

INSERT INTO `wp51_wfsnipcache` VALUES (3979,'199.249.230.109','2020-08-20 11:42:11','',0,2),(3978,'204.85.191.9','2020-08-20 02:31:54','',0,2),(3977,'162.247.74.213','2020-08-19 06:09:20','',1,2),(3976,'185.220.101.17','2020-08-19 00:18:26','BLOCKED:600',0,2),(3975,'164.132.51.91','2020-08-18 02:33:43','BLOCKED:600',0,2),(3974,'185.220.100.248','2020-08-17 23:11:27','BLOCKED:600',0,2),(3973,'50.63.197.68','2020-08-17 15:03:33','BLOCKED:600',0,1);

-- Dumped table `wp51_wfsnipcache` with 7 row(s)
--

--
-- Table structure for table `wp51_wfstatus`
--

CREATE TABLE `wp51_wfstatus` (
  `id` bigint(20) unsigned NOT NULL AUTO_INCREMENT,
  `ctime` double(17,6) unsigned NOT NULL,
  `level` tinyint(3) unsigned NOT NULL,
  `type` char(5) NOT NULL,
  `msg` varchar(1000) NOT NULL,
  PRIMARY KEY (`id`),
  KEY `k1` (`ctime`),
  KEY `k2` (`type`)
) ENGINE=MyISAM AUTO_INCREMENT=14867 DEFAULT CHARSET=utf8;

--
-- Dumping data for table `wp51_wfstatus`
--

INSERT INTO `wp51_wfstatus` VALUES (14501,1597522670.017445,2,'info','Analyzed 5300 files containing 83.05 MB of data so far'),(14500,1597522669.846512,2,'info','Analyzed 5200 files containing 81.9 MB of data so far'),(14425,1597522632.963889,10,'info','SUM_START:Scanning for unknown files in wp-admin and wp-includes'),(14426,1597522633.522953,2,'info','500 files indexed'),(14424,1597522632.961094,10,'info','SUM_START:Scanning for known malware files'),(13857,1596745845.429936,2,'info','Examining URLs found in posts we scanned for dangerous websites'),(13828,1596745831.340283,2,'info','Analyzed 11100 files containing 167.89 MB of data so far'),(14090,1597005051.714285,2,'info','Asking Wordfence to check URLs against malware list.'),(14546,1597522690.142541,2,'info','Analyzed 9800 files containing 138.01 MB of data so far'),(14079,1597005049.819183,2,'info','Analyzed 11416 files containing 176.65 MB of data.'),(14677,1597782597.039184,2,'info','5000 files indexed'),(14492,1597522659.225842,2,'info','Analyzed 4400 files containing 67.61 MB of data so far'),(14678,1597782597.133751,2,'info','5500 files indexed'),(14545,1597522689.988837,2,'info','Analyzed 9700 files containing 137.64 MB of data so far'),(14006,1597005013.634470,2,'info','Analyzed 4200 files containing 65.3 MB of data so far'),(14470,1597522653.037882,2,'info','Analyzed 2200 files containing 46.89 MB of data so far'),(14471,1597522653.311348,2,'info','Analyzed 2300 files containing 48.33 MB of data so far'),(14448,1597522637.969053,2,'info','11491 files indexed'),(14445,1597522636.744734,2,'info','10000 files indexed'),(14446,1597522637.564125,2,'info','10500 files indexed'),(14447,1597522637.889667,2,'info','11000 files indexed'),(13722,1596745773.777639,2,'info','Analyzed 500 files containing 7.1 MB of data so far'),(13723,1596745774.101609,2,'info','Analyzed 600 files containing 8.13 MB of data so far'),(13724,1596745774.469260,2,'info','Analyzed 700 files containing 9.75 MB of data so far'),(14619,1597664794.204646,10,'info','SUM_START:Scanning for old themes, plugins and core files'),(14620,1597664794.227384,10,'info','SUM_ENDBAD:Scanning for old themes, plugins and core files'),(14621,1597664794.229452,1,'info','-------------------'),(14517,1597522674.837031,2,'info','Analyzed 6900 files containing 99.02 MB of data so far'),(14516,1597522674.717752,2,'info','Analyzed 6800 files containing 98.92 MB of data so far'),(14515,1597522674.584924,2,'info','Analyzed 6700 files containing 98.58 MB of data so far'),(14514,1597522674.375554,2,'info','Analyzed 6600 files containing 98 MB of data so far'),(14513,1597522674.083529,2,'info','Analyzed 6500 files containing 97.11 MB of data so far'),(14512,1597522673.944678,2,'info','Analyzed 6400 files containing 96.86 MB of data so far'),(14614,1597578338.979688,10,'info','SUM_FINAL:Scan complete. You have 16 new issues to fix. See below.'),(14161,1597264688.529766,2,'info','The disk has 205109.77 MB available'),(14160,1597264688.529335,2,'info','Total disk space: 9.01 TB -- Free disk space: 200.3 GB'),(13769,1596745802.694524,2,'info','Analyzed 5200 files containing 81.56 MB of data so far'),(14341,1597264769.154797,2,'info','Examining URLs found in posts we scanned for dangerous websites'),(14735,1597782625.349301,2,'info','Analyzed 4500 files containing 68.13 MB of data so far'),(14052,1597005033.434748,2,'info','Analyzed 8800 files containing 127.16 MB of data so far'),(14051,1597005032.901376,2,'info','Analyzed 8700 files containing 125.28 MB of data so far'),(14861,1597923711.138927,10,'info','SUM_START:Scanning for old themes, plugins and core files'),(14724,1597782623.279655,2,'info','Analyzed 3400 files containing 60.95 MB of data so far'),(14723,1597782623.136544,2,'info','Analyzed 3300 files containing 60.1 MB of data so far'),(14721,1597782622.782606,2,'info','Analyzed 3100 files containing 59.13 MB of data so far'),(14722,1597782622.932433,2,'info','Analyzed 3200 files containing 59.56 MB of data so far'),(13911,1597004970.639984,1,'info','Contacting Wordfence to initiate scan'),(14549,1597522691.108703,2,'info','Analyzed 10100 files containing 141.65 MB of data so far'),(14548,1597522690.918519,2,'info','Analyzed 10000 files containing 140.83 MB of data so far'),(13980,1597004997.993160,2,'info','Analyzed 1600 files containing 35.67 MB of data so far'),(14550,1597522691.329486,2,'info','Analyzed 10200 files containing 142.24 MB of data so far'),(14342,1597264769.156027,2,'info','Checking 184 host keys against Wordfence scanning servers.'),(14820,1597782668.052309,10,'info','SUM_ENDOK:Scanning file contents for infections and vulnerabilities'),(13768,1596745802.061756,2,'info','Analyzed 5100 files containing 80.9 MB of data so far'),(13748,1596745791.690305,2,'info','Analyzed 3100 files containing 58.79 MB of data so far'),(14609,1597578338.957850,10,'info','SUM_START:Scanning for old themes, plugins and core files'),(13733,1596745785.448904,2,'info','Analyzed 1600 files containing 35.67 MB of data so far'),(14612,1597578338.979352,2,'info','Wordfence used 0 B of memory for scan. Server peak memory usage was: 111 MB'),(14611,1597578338.978825,1,'info','-------------------'),(14610,1597578338.976810,10,'info','SUM_ENDBAD:Scanning for old themes, plugins and core files'),(14506,1597522672.012420,2,'info','Analyzed 5800 files containing 90.94 MB of data so far'),(14507,1597522672.155401,2,'info','Analyzed 5900 files containing 91.15 MB of data so far'),(14508,1597522672.395493,2,'info','Analyzed 6000 files containing 91.74 MB of data so far'),(13988,1597005001.318752,2,'info','Analyzed 2400 files containing 48.63 MB of data so far'),(14859,1597923711.134442,10,'info','SUM_START:Checking Web Application Firewall status'),(13885,1596801062.914541,1,'info','-------------------'),(13886,1596801062.915309,2,'info','Wordfence used 2 MB of memory for scan. Server peak memory usage was: 111 MB'),(13805,1596745819.849427,2,'info','Analyzed 8800 files containing 122.36 MB of data so far'),(13806,1596745819.932679,2,'info','Analyzed 8900 files containing 122.79 MB of data so far'),(14547,1597522690.522884,2,'info','Analyzed 9900 files containing 139.25 MB of data so far'),(14038,1597005025.244092,2,'info','Analyzed 7400 files containing 107.05 MB of data so far'),(14798,1597782655.275475,2,'info','Analyzed 10800 files containing 153.41 MB of data so far'),(14743,1597782632.362979,2,'info','Analyzed 5300 files containing 83.05 MB of data so far'),(14742,1597782631.982474,2,'info','Analyzed 5200 files containing 81.9 MB of data so far'),(14560,1597522698.556488,2,'info','Analyzed 11200 files containing 172.06 MB of data so far'),(14559,1597522697.937898,2,'info','Analyzed 11100 files containing 169.94 MB of data so far'),(14558,1597522697.408418,2,'info','Analyzed 11000 files containing 168.08 MB of data so far'),(14789,1597782652.365927,2,'info','Analyzed 9900 files containing 139.25 MB of data so far'),(14788,1597782651.985464,2,'info','Analyzed 9800 files containing 138.01 MB of data so far'),(13786,1596745810.134923,2,'info','Analyzed 6900 files containing 98.68 MB of data so far'),(13787,1596745811.038755,2,'info','Analyzed 7000 files containing 102.11 MB of data so far'),(14528,1597522679.915876,2,'info','Analyzed 8000 files containing 119.24 MB of data so far'),(14529,1597522680.056971,2,'info','Analyzed 8100 files containing 119.65 MB of data so far'),(14530,1597522680.218548,2,'info','Analyzed 8200 files containing 120.08 MB of data so far'),(14531,1597522680.352636,2,'info','Analyzed 8300 files containing 120.34 MB of data so far'),(14532,1597522680.483698,2,'info','Analyzed 8400 files containing 120.64 MB of data so far'),(14450,1597522638.762503,2,'info','Analyzed 200 files containing 2.66 MB of data so far'),(14170,1597264688.562387,2,'info','Found 16 plugins'),(14003,1597005012.926134,2,'info','Analyzed 3900 files containing 63.07 MB of data so far'),(13742,1596745788.891740,2,'info','Analyzed 2500 files containing 49.24 MB of data so far'),(14042,1597005030.373492,2,'info','Analyzed 7800 files containing 116.85 MB of data so far'),(14041,1597005030.150460,2,'info','Analyzed 7700 files containing 114.87 MB of data so far'),(14040,1597005026.006478,2,'info','Analyzed 7600 files containing 109.59 MB of data so far'),(14830,1597782668.234606,10,'info','SUM_START:Scanning comments for URLs on a domain blacklist'),(14831,1597782668.265593,10,'info','SUM_ENDOK:Scanning comments for URLs on a domain blacklist'),(14832,1597782668.270089,10,'info','SUM_START:Scanning for weak passwords'),(14799,1597782656.644528,2,'info','Analyzed 10900 files containing 158.58 MB of data so far'),(14039,1597005025.527746,2,'info','Analyzed 7500 files containing 107.96 MB of data so far'),(14460,1597522645.749796,2,'info','Analyzed 1200 files containing 19.39 MB of data so far'),(14291,1597264737.227556,2,'info','Analyzed 8500 files containing 121.09 MB of data so far'),(14292,1597264737.421571,2,'info','Analyzed 8600 files containing 121.69 MB of data so far'),(13865,1596745845.604353,2,'info','Starting password strength check on 2 users.'),(13741,1596745788.677828,2,'info','Analyzed 2400 files containing 48.63 MB of data so far'),(14817,1597782663.987759,2,'info','Checking 93 host keys against Wordfence scanning servers.'),(14818,1597782664.098420,2,'info','Done host key check.'),(14819,1597782668.050637,2,'info','Done file contents scan'),(14420,1597522632.954978,10,'info','SUM_ENDSUCCESS:Fetching list of known core files from Wordfence'),(14421,1597522632.957644,10,'info','SUM_START:Comparing core WordPress files against originals in repository'),(13767,1596745801.296350,2,'info','Analyzed 5000 files containing 77.58 MB of data so far'),(14293,1597264743.023573,2,'info','Analyzed 8700 files containing 125.55 MB of data so far'),(14816,1597782663.986965,2,'info','Asking Wordfence to check URLs against malware list.'),(13859,1596745845.562682,2,'info','Done host key check.'),(13860,1596745845.563086,2,'info','Done examining URLs'),(14423,1597522632.959705,10,'info','SUM_DISABLED:Skipping plugin scan'),(14863,1597923711.171414,1,'info','-------------------'),(14294,1597264743.592635,2,'info','Analyzed 8800 files containing 127.49 MB of data so far'),(14008,1597005014.265435,2,'info','Analyzed 4400 files containing 67.27 MB of data so far'),(14066,1597005037.614701,2,'info','Analyzed 10200 files containing 141.91 MB of data so far'),(14295,1597264743.830202,2,'info','Analyzed 8900 files containing 128.32 MB of data so far'),(14584,1597522705.323557,2,'info','Checking 184 host keys against Wordfence scanning servers.'),(14009,1597005014.445535,2,'info','Analyzed 4500 files containing 67.79 MB of data so far'),(14010,1597005014.754514,2,'info','Analyzed 4600 files containing 68.78 MB of data so far'),(14469,1597522652.783225,2,'info','Analyzed 2100 files containing 45.75 MB of data so far'),(14011,1597005015.144441,2,'info','Analyzed 4700 files containing 70.12 MB of data so far'),(14256,1597264723.326225,2,'info','Analyzed 5000 files containing 77.89 MB of data so far'),(14436,1597522635.236346,2,'info','5500 files indexed'),(14686,1597782598.334467,2,'info','9500 files indexed'),(14738,1597782630.323256,2,'info','Analyzed 4800 files containing 75.69 MB of data so far'),(14218,1597264695.159016,2,'info','Analyzed 1200 files containing 19.39 MB of data so far'),(14091,1597005051.714926,2,'info','Checking 93 host keys against Wordfence scanning servers.'),(14172,1597264688.563724,2,'info','Found 1 themes'),(14608,1597578338.953991,10,'info','SUM_ENDOK:Checking Web Application Firewall status'),(13747,1596745791.449267,2,'info','Analyzed 3000 files containing 58.04 MB of data so far'),(14495,1597522666.175443,2,'info','Analyzed 4700 files containing 70.46 MB of data so far'),(14494,1597522659.712462,2,'info','Analyzed 4600 files containing 69.12 MB of data so far'),(14493,1597522659.405678,2,'info','Analyzed 4500 files containing 68.13 MB of data so far'),(14254,1597264717.749787,2,'info','Analyzed 4800 files containing 75.69 MB of data so far'),(14708,1597782616.933440,2,'info','Analyzed 1800 files containing 37.49 MB of data so far'),(14707,1597782616.776737,2,'info','Analyzed 1700 files containing 36.86 MB of data so far'),(14599,1597522706.268061,2,'info','Done examining URLs'),(13790,1596745811.749314,2,'info','Analyzed 7300 files containing 104.36 MB of data so far'),(14403,1597522632.006571,2,'info','The disk has 177883.12 MB available'),(14598,1597522706.267694,2,'info','Examining URLs found in the options we scanned for dangerous websites'),(13814,1596745822.519501,2,'info','Analyzed 9700 files containing 132.14 MB of data so far'),(13813,1596745822.347453,2,'info','Analyzed 9600 files containing 131.69 MB of data so far'),(13812,1596745822.209186,2,'info','Analyzed 9500 files containing 131.43 MB of data so far'),(14797,1597782655.061630,2,'info','Analyzed 10700 files containing 151.97 MB of data so far'),(14539,1597522687.616083,2,'info','Analyzed 9100 files containing 128.93 MB of data so far'),(14230,1597264709.337966,2,'info','Analyzed 2400 files containing 48.97 MB of data so far'),(13895,1596887303.522659,1,'info','-------------------'),(13896,1596887303.523408,2,'info','Wordfence used 0 B of memory for scan. Server peak memory usage was: 109 MB'),(13897,1596887303.523593,1,'info','Quick Scan Complete. Scanned in less than 1 second.'),(14725,1597782623.411712,2,'info','Analyzed 3500 files containing 61.58 MB of data so far'),(14864,1597923711.172371,2,'info','Wordfence used 0 B of memory for scan. Server peak memory usage was: 111 MB'),(14726,1597782623.535096,2,'info','Analyzed 3600 files containing 62.12 MB of data so far'),(14229,1597264709.122882,2,'info','Analyzed 2300 files containing 48.33 MB of data so far'),(14228,1597264708.846949,2,'info','Analyzed 2200 files containing 46.89 MB of data so far'),(14227,1597264708.587601,2,'info','Analyzed 2100 files containing 45.75 MB of data so far'),(14727,1597782623.609300,2,'info','Analyzed 3700 files containing 62.53 MB of data so far'),(14226,1597264707.979927,2,'info','Analyzed 2000 files containing 43.63 MB of data so far'),(14866,1597923711.173023,10,'info','SUM_FINAL:Scan complete. You have 16 new issues to fix. See below.'),(13900,1596974617.249715,1,'info','Initiating quick scan'),(14865,1597923711.172837,1,'info','Quick Scan Complete. Scanned in less than 1 second.'),(14395,1597522625.778827,1,'info','Contacting Wordfence to initiate scan'),(14225,1597264706.728471,2,'info','Analyzed 1900 files containing 39.04 MB of data so far'),(14224,1597264706.268917,2,'info','Analyzed 1800 files containing 37.49 MB of data so far'),(14728,1597782623.680072,2,'info','Analyzed 3800 files containing 62.88 MB of data so far'),(14393,1597522619.925969,1,'info','Scheduled Wordfence scan starting at Saturday 15th of August 2020 09:16:59 PM'),(14730,1597782623.913416,2,'info','Analyzed 4000 files containing 63.85 MB of data so far'),(14729,1597782623.785087,2,'info','Analyzed 3900 files containing 63.41 MB of data so far'),(13905,1596974617.275373,1,'info','-------------------'),(13906,1596974617.275770,2,'info','Wordfence used 2 MB of memory for scan. Server peak memory usage was: 111 MB'),(13907,1596974617.275903,1,'info','Quick Scan Complete. Scanned in less than 1 second.'),(14223,1597264706.088502,2,'info','Analyzed 1700 files containing 36.86 MB of data so far'),(14222,1597264705.876061,2,'info','Analyzed 1600 files containing 36.01 MB of data so far'),(13909,1597004967.535412,1,'info','Scheduled Wordfence scan starting at Sunday 9th of August 2020 09:29:27 PM'),(14731,1597782624.353488,2,'info','Analyzed 4100 files containing 65.26 MB of data so far'),(13745,1596745790.942238,2,'info','Analyzed 2800 files containing 56.95 MB of data so far'),(13744,1596745790.652452,2,'info','Analyzed 2700 files containing 55.96 MB of data so far'),(13743,1596745790.310622,2,'info','Analyzed 2600 files containing 54.66 MB of data so far'),(14569,1597522700.096771,10,'info','SUM_START:Scanning file contents for infections and vulnerabilities'),(14583,1597522705.322684,2,'info','Examining URLs found in posts we scanned for dangerous websites'),(14582,1597522705.291280,10,'info','SUM_START:Scanning posts for URLs on a domain blacklist'),(14581,1597522705.287322,10,'info','SUM_ENDOK:Scanning for publicly accessible quarantined files'),(14580,1597522705.285539,10,'info','SUM_START:Scanning for publicly accessible quarantined files'),(14579,1597522705.279230,10,'info','SUM_ENDOK:Scanning file contents for URLs on a domain blacklist'),(14578,1597522705.274624,10,'info','SUM_ENDOK:Scanning file contents for infections and vulnerabilities'),(14576,1597522702.037185,2,'info','Done host key check.'),(14577,1597522705.273936,2,'info','Done file contents scan'),(14575,1597522701.935795,2,'info','Checking 93 host keys against Wordfence scanning servers.'),(14574,1597522701.934936,2,'info','Asking Wordfence to check URLs against malware list.'),(14573,1597522701.934561,2,'info','Scanned contents of 64 additional files at 45.66 per second'),(14572,1597522701.788140,2,'info','Scanned contents of 57 additional files at 45.41 per second'),(14571,1597522700.531980,2,'info','Starting scan of file contents'),(14570,1597522700.098176,10,'info','SUM_START:Scanning file contents for URLs on a domain blacklist'),(14778,1597782649.120655,2,'info','Analyzed 8800 files containing 127.49 MB of data so far'),(14296,1597264743.943313,2,'info','Analyzed 9000 files containing 128.72 MB of data so far'),(14297,1597264744.047042,2,'info','Analyzed 9100 files containing 128.93 MB of data so far'),(14215,1597264694.108246,2,'info','Analyzed 900 files containing 15.82 MB of data so far'),(13842,1596745840.670415,2,'info','Scanned contents of 255 additional files at 30.62 per second'),(13945,1597004980.216268,2,'info','2000 files indexed'),(13943,1597004979.362904,2,'info','1000 files indexed'),(13944,1597004979.826109,2,'info','1500 files indexed'),(14777,1597782648.575432,2,'info','Analyzed 8700 files containing 125.55 MB of data so far'),(14595,1597522706.143576,10,'info','SUM_START:Scanning for admin users not created through WordPress'),(14414,1597522632.199760,2,'info','Found 1 themes'),(14334,1597264769.074357,2,'info','Done host key check.'),(14335,1597264769.089357,2,'info','Done file contents scan'),(14714,1597782619.914781,2,'info','Analyzed 2400 files containing 48.97 MB of data so far'),(14715,1597782620.122482,2,'info','Analyzed 2500 files containing 49.58 MB of data so far'),(14716,1597782621.519808,2,'info','Analyzed 2600 files containing 54.94 MB of data so far'),(14717,1597782621.884423,2,'info','Analyzed 2700 files containing 56.3 MB of data so far'),(14298,1597264744.248570,2,'info','Analyzed 9200 files containing 129.52 MB of data so far'),(14299,1597264744.521402,2,'info','Analyzed 9300 files containing 130.03 MB of data so far'),(14300,1597264745.427418,2,'info','Analyzed 9400 files containing 133.28 MB of data so far'),(14301,1597264746.057799,2,'info','Analyzed 9500 files containing 135.53 MB of data so far'),(14302,1597264746.374455,2,'info','Analyzed 9600 files containing 137.21 MB of data so far'),(14303,1597264746.497953,2,'info','Analyzed 9700 files containing 137.64 MB of data so far'),(14304,1597264746.650502,2,'info','Analyzed 9800 files containing 138.01 MB of data so far'),(13959,1597004982.342069,2,'info','9000 files indexed'),(13960,1597004982.965891,2,'info','9500 files indexed'),(13961,1597004983.388504,2,'info','10000 files indexed'),(13962,1597004984.318440,2,'info','10500 files indexed'),(13963,1597004984.747716,2,'info','11000 files indexed'),(13964,1597004984.813577,2,'info','11416 files indexed'),(13965,1597004985.240003,2,'info','Analyzed 100 files containing 1.46 MB of data so far'),(14238,1597264712.910438,2,'info','Analyzed 3200 files containing 59.56 MB of data so far'),(14239,1597264713.105982,2,'info','Analyzed 3300 files containing 60.1 MB of data so far'),(14437,1597522635.442248,2,'info','6000 files indexed'),(13827,1596745830.235225,2,'info','Analyzed 11000 files containing 163.79 MB of data so far'),(14202,1597264689.755745,2,'info','9500 files indexed'),(14203,1597264689.778520,2,'info','10000 files indexed'),(13880,1596801062.886002,1,'info','Initiating quick scan'),(14775,1597782643.012586,2,'info','Analyzed 8500 files containing 121.09 MB of data so far'),(14776,1597782643.194455,2,'info','Analyzed 8600 files containing 121.69 MB of data so far'),(14622,1597664794.229955,2,'info','Wordfence used 0 B of memory for scan. Server peak memory usage was: 111 MB'),(14623,1597664794.230818,1,'info','Quick Scan Complete. Scanned in less than 1 second.'),(14624,1597664794.231025,10,'info','SUM_FINAL:Scan complete. You have 16 new issues to fix. See below.'),(13758,1596745793.329695,2,'info','Analyzed 4100 files containing 64.92 MB of data so far'),(13759,1596745793.489744,2,'info','Analyzed 4200 files containing 65.3 MB of data so far'),(13760,1596745793.915421,2,'info','Analyzed 4300 files containing 66.65 MB of data so far'),(14556,1597522693.475430,2,'info','Analyzed 10800 files containing 153.37 MB of data so far'),(13841,1596745839.619937,2,'info','Scanned contents of 200 additional files at 27.49 per second'),(14240,1597264713.241669,2,'info','Analyzed 3400 files containing 60.95 MB of data so far'),(14597,1597522706.252085,10,'info','SUM_START:Scanning for suspicious site options'),(14786,1597782651.711536,2,'info','Analyzed 9600 files containing 137.21 MB of data so far'),(14679,1597782597.386495,2,'info','6000 files indexed'),(13756,1596745792.761733,2,'info','Analyzed 3900 files containing 63.07 MB of data so far'),(13757,1596745792.896126,2,'info','Analyzed 4000 files containing 63.51 MB of data so far'),(13755,1596745792.648941,2,'info','Analyzed 3800 files containing 62.55 MB of data so far'),(13754,1596745792.552493,2,'info','Analyzed 3700 files containing 62.19 MB of data so far'),(14803,1597782660.983518,2,'info','Analyzed 11300 files containing 175.86 MB of data so far'),(14257,1597264724.174502,2,'info','Analyzed 5100 files containing 81.24 MB of data so far'),(14687,1597782598.538215,2,'info','10000 files indexed'),(14688,1597782599.232519,2,'info','10500 files indexed'),(13877,1596745846.423028,1,'info','Scan Complete. Scanned 11294 files, 16 plugins, 1 themes, 11 posts, 9 comments and 526 URLs in 1 minute 26 seconds.'),(14217,1597264694.706155,2,'info','Analyzed 1100 files containing 17.9 MB of data so far'),(14216,1597264694.266671,2,'info','Analyzed 1000 files containing 16.21 MB of data so far'),(13829,1596745831.495315,2,'info','Analyzed 11200 files containing 169.34 MB of data so far'),(14768,1597782641.695358,2,'info','Analyzed 7800 files containing 117.17 MB of data so far'),(14590,1597522705.467769,10,'info','SUM_START:Scanning for weak passwords'),(14767,1597782641.497190,2,'info','Analyzed 7700 files containing 115.21 MB of data so far'),(14191,1597264689.524353,2,'info','4000 files indexed'),(14192,1597264689.542857,2,'info','4500 files indexed'),(14769,1597782641.936463,2,'info','Analyzed 7900 files containing 117.89 MB of data so far'),(14589,1597522705.463144,10,'info','SUM_ENDOK:Scanning comments for URLs on a domain blacklist'),(14770,1597782642.243485,2,'info','Analyzed 8000 files containing 119.24 MB of data so far'),(14440,1597522635.909018,2,'info','7500 files indexed'),(14441,1597522635.968869,2,'info','8000 files indexed'),(14442,1597522636.032159,2,'info','8500 files indexed'),(14443,1597522636.064851,2,'info','9000 files indexed'),(14444,1597522636.317301,2,'info','9500 files indexed'),(13830,1596745831.792142,2,'info','Analyzed 11294 files containing 170.96 MB of data.'),(13995,1597005011.950137,2,'info','Analyzed 3100 files containing 58.79 MB of data so far'),(14499,1597522669.594919,2,'info','Analyzed 5100 files containing 81.24 MB of data so far'),(14700,1597782611.440661,2,'info','Analyzed 1000 files containing 16.21 MB of data so far'),(14699,1597782611.318970,2,'info','Analyzed 900 files containing 15.82 MB of data so far'),(14380,1597405669.657176,2,'info','Wordfence used 0 B of memory for scan. Server peak memory usage was: 111 MB'),(14680,1597782597.487962,2,'info','6500 files indexed'),(13942,1597004979.070637,2,'info','500 files indexed'),(14681,1597782597.619302,2,'info','7000 files indexed'),(14604,1597522706.277396,10,'info','SUM_FINAL:Scan complete. You have 16 new issues to fix. See below.'),(13783,1596745809.685471,2,'info','Analyzed 6600 files containing 97.68 MB of data so far'),(14438,1597522635.549986,2,'info','6500 files indexed'),(14439,1597522635.654217,2,'info','7000 files indexed'),(14276,1597264731.316807,2,'info','Analyzed 7000 files containing 100.97 MB of data so far'),(14275,1597264730.625964,2,'info','Analyzed 6900 files containing 99.02 MB of data so far'),(14274,1597264730.508522,2,'info','Analyzed 6800 files containing 98.92 MB of data so far'),(13972,1597004991.386620,2,'info','Analyzed 800 files containing 10.37 MB of data so far'),(13973,1597004992.705997,2,'info','Analyzed 900 files containing 15.51 MB of data so far'),(13974,1597004992.822473,2,'info','Analyzed 1000 files containing 15.87 MB of data so far'),(13975,1597004993.221400,2,'info','Analyzed 1100 files containing 17.56 MB of data so far'),(13976,1597004993.668741,2,'info','Analyzed 1200 files containing 19.07 MB of data so far'),(13977,1597004995.012291,2,'info','Analyzed 1300 files containing 24.15 MB of data so far'),(13978,1597004997.192673,2,'info','Analyzed 1400 files containing 32.45 MB of data so far'),(14473,1597522653.742418,2,'info','Analyzed 2500 files containing 49.58 MB of data so far'),(14002,1597005012.824337,2,'info','Analyzed 3800 files containing 62.55 MB of data so far'),(14472,1597522653.509163,2,'info','Analyzed 2400 files containing 48.97 MB of data so far'),(14625,1597752577.871850,10,'info','SUM_PREP:Preparing a new scan.'),(14151,1597264673.798042,1,'info','Scheduled Wordfence scan starting at Wednesday 12th of August 2020 09:37:53 PM'),(13970,1597004990.938543,2,'info','Analyzed 600 files containing 8.13 MB of data so far'),(13971,1597004991.298016,2,'info','Analyzed 700 files containing 9.75 MB of data so far'),(13968,1597004990.344379,2,'info','Analyzed 400 files containing 6.28 MB of data so far'),(13969,1597004990.618468,2,'info','Analyzed 500 files containing 7.1 MB of data so far'),(14733,1597782624.943913,2,'info','Analyzed 4300 files containing 66.99 MB of data so far'),(14732,1597782624.511681,2,'info','Analyzed 4200 files containing 65.64 MB of data so far'),(14384,1597492047.884565,1,'info','Initiating quick scan'),(14389,1597492047.911652,1,'info','-------------------'),(14390,1597492047.912306,2,'info','Wordfence used 0 B of memory for scan. Server peak memory usage was: 111 MB'),(14391,1597492047.912475,1,'info','Quick Scan Complete. Scanned in less than 1 second.'),(14626,1597752577.874603,1,'info','Initiating quick scan'),(14487,1597522657.836444,2,'info','Analyzed 3900 files containing 63.41 MB of data so far'),(14132,1597145944.550305,1,'info','Initiating quick scan'),(14636,1597782586.957111,10,'info','SUM_PREP:Preparing a new scan.'),(13990,1597005003.059172,2,'info','Analyzed 2600 files containing 54.66 MB of data so far'),(13967,1597004985.794451,2,'info','Analyzed 300 files containing 3.74 MB of data so far'),(13979,1597004997.915355,2,'info','Analyzed 1500 files containing 35.16 MB of data so far'),(13966,1597004985.560663,2,'info','Analyzed 200 files containing 2.5 MB of data so far'),(14201,1597264689.735960,2,'info','9000 files indexed'),(14200,1597264689.714529,2,'info','8500 files indexed'),(14754,1597782636.217864,2,'info','Analyzed 6400 files containing 96.86 MB of data so far'),(14755,1597782636.355437,2,'info','Analyzed 6500 files containing 97.11 MB of data so far'),(13826,1596745829.767703,2,'info','Analyzed 10900 files containing 162.26 MB of data so far'),(13825,1596745829.074532,2,'info','Analyzed 10800 files containing 160.01 MB of data so far'),(14458,1597522644.902465,2,'info','Analyzed 1000 files containing 16.21 MB of data so far'),(14849,1597837165.607304,10,'info','SUM_START:Checking Web Application Firewall status'),(14850,1597837165.607685,10,'info','SUM_ENDOK:Checking Web Application Firewall status'),(14184,1597264689.365382,2,'info','500 files indexed'),(14459,1597522645.303411,2,'info','Analyzed 1100 files containing 17.9 MB of data so far'),(13824,1596745826.216760,2,'info','Analyzed 10700 files containing 148.98 MB of data so far'),(13823,1596745825.709455,2,'info','Analyzed 10600 files containing 147.23 MB of data so far'),(14829,1597782668.229818,10,'info','SUM_ENDOK:Scanning posts for URLs on a domain blacklist'),(14848,1597837165.605350,1,'info','Initiating quick scan'),(14305,1597264747.040067,2,'info','Analyzed 9900 files containing 139.25 MB of data so far'),(14753,1597782635.428013,2,'info','Analyzed 6300 files containing 93.88 MB of data so far'),(13777,1596745806.719288,2,'info','Analyzed 6000 files containing 91.4 MB of data so far'),(13778,1596745807.129440,2,'info','Analyzed 6100 files containing 91.62 MB of data so far'),(14290,1597264737.027672,2,'info','Analyzed 8400 files containing 120.64 MB of data so far'),(14289,1597264736.787211,2,'info','Analyzed 8300 files containing 120.34 MB of data so far'),(14288,1597264736.647485,2,'info','Analyzed 8200 files containing 120.08 MB of data so far'),(14287,1597264736.360240,2,'info','Analyzed 8100 files containing 119.65 MB of data so far'),(14286,1597264736.226461,2,'info','Analyzed 8000 files containing 119.24 MB of data so far'),(14285,1597264735.920394,2,'info','Analyzed 7900 files containing 117.89 MB of data so far'),(14284,1597264735.672476,2,'info','Analyzed 7800 files containing 117.17 MB of data so far'),(14765,1597782639.740544,2,'info','Analyzed 7500 files containing 108.29 MB of data so far'),(14766,1597782640.219476,2,'info','Analyzed 7600 files containing 109.93 MB of data so far'),(14264,1597264726.760168,2,'info','Analyzed 5800 files containing 90.94 MB of data so far'),(14263,1597264726.446719,2,'info','Analyzed 5700 files containing 90.16 MB of data so far'),(14092,1597005051.821539,2,'info','Done host key check.'),(14468,1597522652.172573,2,'info','Analyzed 2000 files containing 43.63 MB of data so far'),(14093,1597005051.826877,2,'info','Done file contents scan'),(14665,1597782594.818353,10,'info','SUM_DISABLED:Skipping plugin scan'),(14666,1597782594.820450,10,'info','SUM_START:Scanning for known malware files'),(14498,1597522668.257919,2,'info','Analyzed 5000 files containing 77.89 MB of data so far'),(14497,1597522667.986410,2,'info','Analyzed 4900 files containing 77.07 MB of data so far'),(14606,1597578338.951181,1,'info','Initiating quick scan'),(14607,1597578338.953589,10,'info','SUM_START:Checking Web Application Firewall status'),(14605,1597578338.949187,10,'info','SUM_PREP:Preparing a new scan.'),(14149,1597233972.602628,1,'info','Quick Scan Complete. Scanned in less than 1 second.'),(14568,1597522700.091853,10,'info','SUM_ENDOK:Check for publicly accessible configuration files, backup files and logs'),(14567,1597522699.757792,10,'info','SUM_START:Check for publicly accessible configuration files, backup files and logs'),(14637,1597782586.959905,1,'info','Contacting Wordfence to initiate scan'),(14488,1597522657.990442,2,'info','Analyzed 4000 files containing 63.85 MB of data so far'),(14685,1597782597.931426,2,'info','9000 files indexed'),(14684,1597782597.895396,2,'info','8500 files indexed'),(14683,1597782597.834698,2,'info','8000 files indexed'),(14682,1597782597.781113,2,'info','7500 files indexed'),(14356,1597264770.155119,2,'info','Examining URLs found in the options we scanned for dangerous websites'),(14812,1597782661.740515,10,'info','SUM_START:Scanning file contents for URLs on a domain blacklist'),(14102,1597005051.983599,2,'info','Done examining URLs'),(14101,1597005051.983255,2,'info','Done host key check.'),(14100,1597005051.875694,2,'info','Checking 184 host keys against Wordfence scanning servers.'),(14630,1597752577.903940,10,'info','SUM_ENDBAD:Scanning for old themes, plugins and core files'),(14349,1597264769.326020,2,'info','Starting password strength check on 2 users.'),(14822,1597782668.059831,10,'info','SUM_START:Scanning for publicly accessible quarantined files'),(14247,1597264714.549471,2,'info','Analyzed 4100 files containing 65.26 MB of data so far'),(14821,1597782668.055188,10,'info','SUM_ENDOK:Scanning file contents for URLs on a domain blacklist'),(14235,1597264712.269444,2,'info','Analyzed 2900 files containing 58 MB of data so far'),(14234,1597264711.980947,2,'info','Analyzed 2800 files containing 57.26 MB of data so far'),(14806,1597782661.631553,10,'info','SUM_ENDOK:Comparing core WordPress files against originals in repository'),(14615,1597664794.194877,10,'info','SUM_PREP:Preparing a new scan.'),(14616,1597664794.197636,1,'info','Initiating quick scan'),(14837,1597782669.007229,10,'info','SUM_START:Scanning for admin users not created through WordPress'),(14099,1597005051.874724,2,'info','Examining URLs found in posts we scanned for dangerous websites'),(14552,1597522692.119605,2,'info','Analyzed 10400 files containing 146.53 MB of data so far'),(14551,1597522691.681445,2,'info','Analyzed 10300 files containing 145.03 MB of data so far'),(14509,1597522672.516562,2,'info','Analyzed 6100 files containing 91.96 MB of data so far'),(14704,1597782615.840468,2,'info','Analyzed 1400 files containing 32.71 MB of data so far'),(14703,1597782613.664813,2,'info','Analyzed 1300 files containing 24.48 MB of data so far'),(14004,1597005013.046476,2,'info','Analyzed 4000 files containing 63.51 MB of data so far'),(14241,1597264713.383124,2,'info','Analyzed 3500 files containing 61.58 MB of data so far'),(14417,1597522632.762083,10,'info','SUM_START:Fetching list of known malware files from Wordfence'),(14418,1597522632.765148,10,'info','SUM_ENDSUCCESS:Fetching list of known malware files from Wordfence'),(14419,1597522632.767533,10,'info','SUM_START:Fetching list of known core files from Wordfence'),(14757,1597782636.950445,2,'info','Analyzed 6700 files containing 98.58 MB of data so far'),(14756,1597782636.686717,2,'info','Analyzed 6600 files containing 98 MB of data so far'),(14511,1597522673.155715,2,'info','Analyzed 6300 files containing 93.88 MB of data so far'),(14510,1597522672.636632,2,'info','Analyzed 6200 files containing 92.13 MB of data so far'),(14252,1597264715.954719,2,'info','Analyzed 4600 files containing 69.12 MB of data so far'),(14253,1597264716.357433,2,'info','Analyzed 4700 files containing 70.46 MB of data so far'),(13738,1596745787.959672,2,'info','Analyzed 2100 files containing 45.42 MB of data so far'),(14381,1597405669.657344,1,'info','Quick Scan Complete. Scanned in less than 1 second.'),(14062,1597005036.356423,2,'info','Analyzed 9800 files containing 137.67 MB of data so far'),(14061,1597005036.188489,2,'info','Analyzed 9700 files containing 137.3 MB of data so far'),(14060,1597005036.071490,2,'info','Analyzed 9600 files containing 136.87 MB of data so far'),(14059,1597005035.719566,2,'info','Analyzed 9500 files containing 135.19 MB of data so far'),(14139,1597145944.580550,1,'info','Quick Scan Complete. Scanned in less than 1 second.'),(14669,1597782595.585650,2,'info','1000 files indexed'),(14670,1597782595.890387,2,'info','1500 files indexed'),(14671,1597782596.126272,2,'info','2000 files indexed'),(14672,1597782596.329966,2,'info','2500 files indexed'),(13989,1597005001.529048,2,'info','Analyzed 2500 files containing 49.24 MB of data so far'),(14248,1597264714.730594,2,'info','Analyzed 4200 files containing 65.64 MB of data so far'),(14847,1597837165.603688,10,'info','SUM_PREP:Preparing a new scan.'),(14249,1597264715.164407,2,'info','Analyzed 4300 files containing 66.99 MB of data so far'),(14250,1597264715.403183,2,'info','Analyzed 4400 files containing 67.61 MB of data so far'),(14251,1597264715.629539,2,'info','Analyzed 4500 files containing 68.13 MB of data so far'),(13858,1596745845.430875,2,'info','Checking 184 host keys against Wordfence scanning servers.'),(14075,1597005044.831870,2,'info','Analyzed 11100 files containing 169.23 MB of data so far'),(14076,1597005048.678902,2,'info','Analyzed 11200 files containing 173.07 MB of data so far'),(14077,1597005049.451470,2,'info','Analyzed 11300 files containing 174.72 MB of data so far'),(14613,1597578338.979529,1,'info','Quick Scan Complete. Scanned in less than 1 second.'),(14078,1597005049.779305,2,'info','Analyzed 11400 files containing 176.34 MB of data so far'),(14526,1597522679.354565,2,'info','Analyzed 7800 files containing 117.17 MB of data so far'),(14527,1597522679.600813,2,'info','Analyzed 7900 files containing 117.89 MB of data so far'),(14427,1597522633.777346,2,'info','1000 files indexed'),(14428,1597522634.109897,2,'info','1500 files indexed'),(14429,1597522634.276350,2,'info','2000 files indexed'),(14430,1597522634.528257,2,'info','2500 files indexed'),(14431,1597522634.643308,2,'info','3000 files indexed'),(14632,1597752577.907113,2,'info','Wordfence used 0 B of memory for scan. Server peak memory usage was: 111 MB'),(13890,1596887303.493155,1,'info','Initiating quick scan'),(14719,1597782622.402442,2,'info','Analyzed 2900 files containing 58 MB of data so far'),(14675,1597782596.686685,2,'info','4000 files indexed'),(14676,1597782596.929313,2,'info','4500 files indexed'),(13850,1596745845.352538,2,'info','Done host key check.'),(13851,1596745845.358356,2,'info','Done file contents scan'),(14519,1597522676.143765,2,'info','Analyzed 7100 files containing 103.8 MB of data so far'),(14518,1597522675.402954,2,'info','Analyzed 7000 files containing 100.97 MB of data so far'),(14187,1597264689.437949,2,'info','2000 files indexed'),(14693,1597782600.701503,2,'info','Analyzed 300 files containing 3.95 MB of data so far'),(14692,1597782600.470493,2,'info','Analyzed 200 files containing 2.66 MB of data so far'),(14000,1597005012.682274,2,'info','Analyzed 3600 files containing 61.78 MB of data so far'),(14001,1597005012.751552,2,'info','Analyzed 3700 files containing 62.19 MB of data so far'),(14364,1597319798.213183,1,'info','Initiating quick scan'),(14740,1597782630.989346,2,'info','Analyzed 5000 files containing 77.89 MB of data so far'),(14479,1597522656.441611,2,'info','Analyzed 3100 files containing 59.13 MB of data so far'),(14739,1597782630.730926,2,'info','Analyzed 4900 files containing 77.07 MB of data so far'),(13848,1596745845.221859,2,'info','Asking Wordfence to check URLs against malware list.'),(13849,1596745845.226368,2,'info','Checking 447 host keys against Wordfence scanning servers.'),(14631,1597752577.906584,1,'info','-------------------'),(14142,1597233972.506033,1,'info','Initiating quick scan'),(14810,1597782661.733115,10,'info','SUM_ENDOK:Check for publicly accessible configuration files, backup files and logs'),(13737,1596745787.363736,2,'info','Analyzed 2000 files containing 43.31 MB of data so far'),(13736,1596745786.115176,2,'info','Analyzed 1900 files containing 38.7 MB of data so far'),(14828,1597782668.219055,2,'info','Done examining URLs'),(14204,1597264689.816859,2,'info','10500 files indexed'),(14205,1597264689.831550,2,'info','11000 files indexed'),(14206,1597264689.848721,2,'info','11491 files indexed'),(14474,1597522655.142728,2,'info','Analyzed 2600 files containing 54.94 MB of data so far'),(13998,1597005012.432323,2,'info','Analyzed 3400 files containing 60.62 MB of data so far'),(13997,1597005012.293617,2,'info','Analyzed 3300 files containing 59.77 MB of data so far'),(14628,1597752577.877717,10,'info','SUM_ENDOK:Checking Web Application Firewall status'),(13761,1596745794.130085,2,'info','Analyzed 4400 files containing 67.27 MB of data so far'),(14310,1597264748.685712,2,'info','Analyzed 10400 files containing 146.53 MB of data so far'),(14311,1597264748.872855,2,'info','Analyzed 10500 files containing 147.18 MB of data so far'),(14785,1597782651.397991,2,'info','Analyzed 9500 files containing 135.53 MB of data so far'),(14309,1597264748.239130,2,'info','Analyzed 10300 files containing 145.03 MB of data so far'),(14461,1597522647.107880,2,'info','Analyzed 1300 files containing 24.48 MB of data so far'),(14814,1597782663.234872,2,'info','Scanned contents of 36 additional files at 35.61 per second'),(14137,1597145944.579724,1,'info','-------------------'),(14521,1597522676.451190,2,'info','Analyzed 7300 files containing 104.7 MB of data so far'),(14522,1597522677.059222,2,'info','Analyzed 7400 files containing 107.39 MB of data so far'),(14283,1597264735.447503,2,'info','Analyzed 7700 files containing 115.21 MB of data so far'),(14809,1597782661.644611,10,'info','SUM_START:Check for publicly accessible configuration files, backup files and logs'),(14308,1597264747.869622,2,'info','Analyzed 10200 files containing 142.24 MB of data so far'),(14307,1597264747.645509,2,'info','Analyzed 10100 files containing 141.65 MB of data so far'),(14306,1597264747.422745,2,'info','Analyzed 10000 files containing 140.83 MB of data so far'),(14748,1597782634.317741,2,'info','Analyzed 5800 files containing 90.94 MB of data so far'),(14749,1597782634.450399,2,'info','Analyzed 5900 files containing 91.15 MB of data so far'),(14750,1597782634.674501,2,'info','Analyzed 6000 files containing 91.74 MB of data so far'),(14751,1597782634.791579,2,'info','Analyzed 6100 files containing 91.96 MB of data so far'),(13807,1596745820.061508,2,'info','Analyzed 9000 files containing 123.21 MB of data so far'),(14361,1597264770.164800,1,'info','Scan Complete. Scanned 11491 files, 16 plugins, 1 themes, 11 posts, 9 comments and 146 URLs in 1 minute 29 seconds.'),(14805,1597782661.631317,2,'info','Analyzed 11491 files containing 178.71 MB of data.'),(14804,1597782661.351212,2,'info','Analyzed 11400 files containing 177.17 MB of data so far'),(14851,1597837165.611190,10,'info','SUM_START:Scanning for old themes, plugins and core files'),(14411,1597522632.186780,2,'info','Getting plugin list from WordPress'),(13795,1596745813.634797,2,'info','Analyzed 7800 files containing 112.43 MB of data so far'),(14652,1597782594.342301,10,'info','SUM_ENDOK:Checking for paths skipped due to scan settings'),(14360,1597264770.164606,2,'info','Wordfence used 31.7 MB of memory for scan. Server peak memory usage was: 142.7 MB'),(14359,1597264770.164247,1,'info','-------------------'),(14434,1597522634.963828,2,'info','4500 files indexed'),(14433,1597522634.812013,2,'info','4000 files indexed'),(13791,1596745812.363940,2,'info','Analyzed 7400 files containing 107.05 MB of data so far'),(13792,1596745812.713857,2,'info','Analyzed 7500 files containing 108.19 MB of data so far'),(13793,1596745813.251530,2,'info','Analyzed 7600 files containing 109.74 MB of data so far'),(13794,1596745813.481829,2,'info','Analyzed 7700 files containing 111.9 MB of data so far'),(14138,1597145944.580382,2,'info','Wordfence used 0 B of memory for scan. Server peak memory usage was: 109 MB'),(14282,1597264734.026440,2,'info','Analyzed 7600 files containing 109.93 MB of data so far'),(13804,1596745819.653754,2,'info','Analyzed 8700 files containing 121.71 MB of data so far'),(14193,1597264689.559019,2,'info','5000 files indexed'),(14194,1597264689.575457,2,'info','5500 files indexed'),(14195,1597264689.602512,2,'info','6000 files indexed'),(14197,1597264689.643779,2,'info','7000 files indexed'),(14198,1597264689.661232,2,'info','7500 files indexed'),(14243,1597264713.646386,2,'info','Analyzed 3700 files containing 62.53 MB of data so far'),(14713,1597782619.716544,2,'info','Analyzed 2300 files containing 48.33 MB of data so far'),(14476,1597522655.799972,2,'info','Analyzed 2800 files containing 57.26 MB of data so far'),(14475,1597522655.518945,2,'info','Analyzed 2700 files containing 56.3 MB of data so far'),(13739,1596745788.220823,2,'info','Analyzed 2200 files containing 46.58 MB of data so far'),(13740,1596745788.478876,2,'info','Analyzed 2300 files containing 47.99 MB of data so far'),(14779,1597782649.359779,2,'info','Analyzed 8900 files containing 128.32 MB of data so far'),(14196,1597264689.627574,2,'info','6500 files indexed'),(14043,1597005030.603416,2,'info','Analyzed 7900 files containing 117.55 MB of data so far'),(14781,1597782649.528613,2,'info','Analyzed 9100 files containing 128.93 MB of data so far'),(14780,1597782649.442223,2,'info','Analyzed 9000 files containing 128.72 MB of data so far'),(14784,1597782650.762466,2,'info','Analyzed 9400 files containing 133.28 MB of data so far'),(14783,1597782649.894013,2,'info','Analyzed 9300 files containing 130.03 MB of data so far'),(14782,1597782649.711525,2,'info','Analyzed 9200 files containing 129.52 MB of data so far'),(14588,1597522705.445547,10,'info','SUM_START:Scanning comments for URLs on a domain blacklist'),(14771,1597782642.415679,2,'info','Analyzed 8100 files containing 119.65 MB of data so far'),(14587,1597522705.441226,10,'info','SUM_ENDOK:Scanning posts for URLs on a domain blacklist'),(14586,1597522705.435788,2,'info','Done examining URLs'),(14772,1597782642.571570,2,'info','Analyzed 8200 files containing 120.08 MB of data so far'),(14585,1597522705.435369,2,'info','Done host key check.'),(14774,1597782642.815143,2,'info','Analyzed 8400 files containing 120.64 MB of data so far'),(14773,1597782642.687530,2,'info','Analyzed 8300 files containing 120.34 MB of data so far'),(13770,1596745802.881522,2,'info','Analyzed 5300 files containing 82.71 MB of data so far'),(13771,1596745803.039106,2,'info','Analyzed 5400 files containing 83.65 MB of data so far'),(13772,1596745803.342286,2,'info','Analyzed 5500 files containing 84.64 MB of data so far'),(13773,1596745803.467486,2,'info','Analyzed 5600 files containing 85.59 MB of data so far'),(14852,1597837165.637956,10,'info','SUM_ENDBAD:Scanning for old themes, plugins and core files'),(14007,1597005014.052449,2,'info','Analyzed 4300 files containing 66.65 MB of data so far'),(14854,1597837165.640533,2,'info','Wordfence used 0 B of memory for scan. Server peak memory usage was: 111 MB'),(14853,1597837165.640014,1,'info','-------------------'),(14242,1597264713.572348,2,'info','Analyzed 3600 files containing 62.12 MB of data so far'),(14843,1597782669.151105,1,'info','-------------------'),(14844,1597782669.151427,2,'info','Wordfence used 31.7 MB of memory for scan. Server peak memory usage was: 142.7 MB'),(14845,1597782669.151589,1,'info','Scan Complete. Scanned 11491 files, 16 plugins, 1 themes, 11 posts, 9 comments and 146 URLs in 1 minute 22 seconds.'),(14842,1597782669.147864,10,'info','SUM_ENDOK:Scanning for suspicious site options'),(14645,1597782594.222217,2,'info','The disk has 206591.82 MB available'),(14496,1597522667.565753,2,'info','Analyzed 4800 files containing 75.69 MB of data so far'),(14454,1597522640.123894,2,'info','Analyzed 600 files containing 8.46 MB of data so far'),(14455,1597522640.490438,2,'info','Analyzed 700 files containing 10.09 MB of data so far'),(14456,1597522640.581661,2,'info','Analyzed 800 files containing 10.71 MB of data so far'),(14646,1597782594.222560,10,'info','SUM_ENDOK:Scanning to check available disk space'),(14647,1597782594.227900,10,'info','SUM_START:Checking Web Application Firewall status'),(14122,1597059548.570686,1,'info','Initiating quick scan'),(14457,1597522644.781501,2,'info','Analyzed 900 files containing 15.82 MB of data so far'),(14627,1597752577.877218,10,'info','SUM_START:Checking Web Application Firewall status'),(14794,1597782653.954501,2,'info','Analyzed 10400 files containing 146.57 MB of data so far'),(14795,1597782654.129151,2,'info','Analyzed 10500 files containing 147.23 MB of data so far'),(14796,1597782654.411735,2,'info','Analyzed 10600 files containing 149.19 MB of data so far'),(14279,1597264732.619849,2,'info','Analyzed 7300 files containing 104.7 MB of data so far'),(14278,1597264732.391709,2,'info','Analyzed 7200 files containing 104.42 MB of data so far'),(14277,1597264732.229719,2,'info','Analyzed 7100 files containing 103.8 MB of data so far'),(13765,1596745800.626766,2,'info','Analyzed 4800 files containing 75.37 MB of data so far'),(14858,1597923711.131825,1,'info','Initiating quick scan'),(14857,1597923711.129062,10,'info','SUM_PREP:Preparing a new scan.'),(14855,1597837165.640709,1,'info','Quick Scan Complete. Scanned in less than 1 second.'),(14856,1597837165.640869,10,'info','SUM_FINAL:Scan complete. You have 16 new issues to fix. See below.'),(13985,1597005000.497528,2,'info','Analyzed 2100 files containing 45.42 MB of data so far'),(13983,1597004998.647435,2,'info','Analyzed 1900 files containing 38.7 MB of data so far'),(13984,1597004999.898866,2,'info','Analyzed 2000 files containing 43.31 MB of data so far'),(13774,1596745804.896043,2,'info','Analyzed 5700 files containing 89.82 MB of data so far'),(14758,1597782637.070960,2,'info','Analyzed 6800 files containing 98.92 MB of data so far'),(13766,1596745801.031656,2,'info','Analyzed 4900 files containing 76.74 MB of data so far'),(14860,1597923711.135307,10,'info','SUM_ENDOK:Checking Web Application Firewall status'),(14720,1597782622.560215,2,'info','Analyzed 3000 files containing 58.38 MB of data so far'),(14402,1597522632.006413,2,'info','Total disk space: 9.01 TB -- Free disk space: 173.71 GB'),(14233,1597264711.692302,2,'info','Analyzed 2700 files containing 56.3 MB of data so far'),(14553,1597522692.293275,2,'info','Analyzed 10500 files containing 147.18 MB of data so far'),(14660,1597782594.811563,10,'info','SUM_ENDSUCCESS:Fetching list of known malware files from Wordfence'),(13775,1596745805.598707,2,'info','Analyzed 5800 files containing 90.6 MB of data so far'),(14690,1597782599.680189,2,'info','11491 files indexed'),(14691,1597782600.133529,2,'info','Analyzed 100 files containing 1.54 MB of data so far'),(14689,1597782599.594714,2,'info','11000 files indexed'),(13875,1596745846.422556,1,'info','-------------------'),(13876,1596745846.422861,2,'info','Wordfence used 30.88 MB of memory for scan. Server peak memory usage was: 139.88 MB'),(14333,1597264768.965838,2,'info','Checking 93 host keys against Wordfence scanning servers.'),(14594,1597522706.139552,10,'info','SUM_ENDBAD:Scanning for old themes, plugins and core files'),(14258,1597264724.478076,2,'info','Analyzed 5200 files containing 81.9 MB of data so far'),(14379,1597405669.656365,1,'info','-------------------'),(13776,1596745806.105073,2,'info','Analyzed 5900 files containing 90.81 MB of data so far'),(14332,1597264768.964852,2,'info','Asking Wordfence to check URLs against malware list.'),(14331,1597264768.963409,2,'info','Scanned contents of 63 additional files at 40.48 per second'),(14825,1597782668.104347,2,'info','Examining URLs found in posts we scanned for dangerous websites'),(14824,1597782668.065745,10,'info','SUM_START:Scanning posts for URLs on a domain blacklist'),(14067,1597005037.970299,2,'info','Analyzed 10300 files containing 144.73 MB of data so far'),(14068,1597005038.402761,2,'info','Analyzed 10400 files containing 146.03 MB of data so far'),(14246,1597264713.949440,2,'info','Analyzed 4000 files containing 63.85 MB of data so far'),(14189,1597264689.465213,2,'info','3000 files indexed'),(14664,1597782594.818075,10,'info','SUM_DISABLED:Skipping theme scan'),(14741,1597782631.758745,2,'info','Analyzed 5100 files containing 81.24 MB of data so far'),(14188,1597264689.452968,2,'info','2500 files indexed'),(13798,1596745814.182994,2,'info','Analyzed 8100 files containing 114.16 MB of data so far'),(14107,1597005052.032949,2,'info','Starting password strength check on 2 users.'),(14432,1597522634.751096,2,'info','3500 files indexed'),(13838,1596745832.342524,2,'info','Starting scan of file contents'),(13839,1596745833.356614,2,'info','Scanned contents of 75 additional files at 74.03 per second'),(13840,1596745834.365464,2,'info','Scanned contents of 148 additional files at 73.20 per second'),(13796,1596745813.873451,2,'info','Analyzed 7900 files containing 113.3 MB of data so far'),(14657,1597782594.375218,10,'info','SUM_START:Fetching core, theme and plugin file signatures from Wordfence'),(14467,1597522650.780869,2,'info','Analyzed 1900 files containing 39.04 MB of data so far'),(14466,1597522650.359488,2,'info','Analyzed 1800 files containing 37.49 MB of data so far'),(13819,1596745824.283086,2,'info','Analyzed 10200 files containing 140.11 MB of data so far'),(14069,1597005039.029634,2,'info','Analyzed 10500 files containing 148.11 MB of data so far'),(13808,1596745820.238540,2,'info','Analyzed 9100 files containing 123.66 MB of data so far'),(13846,1596745844.687430,2,'info','Scanned contents of 586 additional files at 47.47 per second'),(13845,1596745843.676710,2,'info','Scanned contents of 503 additional files at 44.38 per second'),(13797,1596745814.043518,2,'info','Analyzed 8000 files containing 113.8 MB of data so far'),(14185,1597264689.390969,2,'info','1000 files indexed'),(14186,1597264689.418437,2,'info','1500 files indexed'),(13735,1596745785.694731,2,'info','Analyzed 1800 files containing 37.15 MB of data so far'),(14807,1597782661.634557,10,'info','SUM_ENDOK:Scanning for unknown files in wp-admin and wp-includes'),(13986,1597005000.758180,2,'info','Analyzed 2200 files containing 46.58 MB of data so far'),(13987,1597005001.119006,2,'info','Analyzed 2300 files containing 47.99 MB of data so far'),(14593,1597522705.487633,10,'info','SUM_START:Scanning for old themes, plugins and core files'),(14823,1597782668.061478,10,'info','SUM_ENDOK:Scanning for publicly accessible quarantined files'),(14592,1597522705.482075,10,'info','SUM_ENDOK:Scanning for weak passwords'),(14718,1597782622.168845,2,'info','Analyzed 2800 files containing 57.26 MB of data so far'),(14236,1597264712.486402,2,'info','Analyzed 3000 files containing 58.38 MB of data so far'),(14237,1597264712.758778,2,'info','Analyzed 3100 files containing 59.13 MB of data so far'),(14037,1597005024.632437,2,'info','Analyzed 7300 files containing 104.36 MB of data so far'),(14036,1597005024.480427,2,'info','Analyzed 7200 files containing 104.08 MB of data so far'),(14035,1597005024.339717,2,'info','Analyzed 7100 files containing 103.47 MB of data so far'),(14034,1597005023.972125,2,'info','Analyzed 7000 files containing 102.11 MB of data so far'),(14033,1597005023.020531,2,'info','Analyzed 6900 files containing 98.68 MB of data so far'),(14032,1597005022.910932,2,'info','Analyzed 6800 files containing 98.58 MB of data so far'),(14031,1597005022.789487,2,'info','Analyzed 6700 files containing 98.24 MB of data so far'),(14030,1597005022.593842,2,'info','Analyzed 6600 files containing 97.68 MB of data so far'),(14029,1597005022.293473,2,'info','Analyzed 6500 files containing 96.77 MB of data so far'),(14028,1597005022.150599,2,'info','Analyzed 6400 files containing 96.52 MB of data so far'),(14027,1597005021.357321,2,'info','Analyzed 6300 files containing 93.54 MB of data so far'),(14026,1597005020.839622,2,'info','Analyzed 6200 files containing 91.79 MB of data so far'),(14025,1597005020.726434,2,'info','Analyzed 6100 files containing 91.62 MB of data so far'),(14024,1597005020.610473,2,'info','Analyzed 6000 files containing 91.4 MB of data so far'),(14023,1597005020.389443,2,'info','Analyzed 5900 files containing 90.81 MB of data so far'),(14022,1597005020.257079,2,'info','Analyzed 5800 files containing 90.6 MB of data so far'),(14021,1597005020.004108,2,'info','Analyzed 5700 files containing 89.82 MB of data so far'),(14020,1597005018.884514,2,'info','Analyzed 5600 files containing 85.59 MB of data so far'),(14019,1597005018.758588,2,'info','Analyzed 5500 files containing 84.64 MB of data so far'),(14018,1597005018.483243,2,'info','Analyzed 5400 files containing 83.65 MB of data so far'),(14017,1597005018.327048,2,'info','Analyzed 5300 files containing 82.71 MB of data so far'),(14016,1597005018.175175,2,'info','Analyzed 5200 files containing 81.56 MB of data so far'),(14694,1597782601.209560,2,'info','Analyzed 400 files containing 6.51 MB of data so far'),(14695,1597782601.725554,2,'info','Analyzed 500 files containing 7.4 MB of data so far'),(14696,1597782602.094880,2,'info','Analyzed 600 files containing 8.46 MB of data so far'),(14115,1597005052.836768,2,'info','Done examining URLs'),(14114,1597005052.836275,2,'info','Examining URLs found in the options we scanned for dangerous websites'),(14650,1597782594.237304,10,'info','SUM_ENDOK:Checking for future GeoIP support'),(14542,1597522688.842544,2,'info','Analyzed 9400 files containing 133.28 MB of data so far'),(14015,1597005017.961049,2,'info','Analyzed 5100 files containing 80.9 MB of data so far'),(14541,1597522687.968454,2,'info','Analyzed 9300 files containing 130.03 MB of data so far'),(13992,1597005004.467367,2,'info','Analyzed 2800 files containing 56.95 MB of data so far'),(14477,1597522656.045438,2,'info','Analyzed 2900 files containing 58 MB of data so far'),(13993,1597005005.352698,2,'info','Analyzed 2900 files containing 57.66 MB of data so far'),(14478,1597522656.207545,2,'info','Analyzed 3000 files containing 58.38 MB of data so far'),(13887,1596801062.915484,1,'info','Quick Scan Complete. Scanned in less than 1 second.'),(13728,1596745780.662432,2,'info','Analyzed 1100 files containing 17.56 MB of data so far'),(14245,1597264713.827031,2,'info','Analyzed 3900 files containing 63.41 MB of data so far'),(13799,1596745814.308435,2,'info','Analyzed 8200 files containing 114.44 MB of data so far'),(14525,1597522679.155790,2,'info','Analyzed 7700 files containing 115.21 MB of data so far'),(14207,1597264690.313944,2,'info','Analyzed 100 files containing 1.54 MB of data so far'),(13781,1596745809.236936,2,'info','Analyzed 6400 files containing 96.52 MB of data so far'),(13782,1596745809.379634,2,'info','Analyzed 6500 files containing 96.77 MB of data so far'),(14840,1597782669.136950,2,'info','Examining URLs found in the options we scanned for dangerous websites'),(14841,1597782669.137442,2,'info','Done examining URLs'),(14524,1597522677.815451,2,'info','Analyzed 7600 files containing 109.93 MB of data so far'),(14826,1597782668.105220,2,'info','Checking 184 host keys against Wordfence scanning servers.'),(14208,1597264690.801756,2,'info','Analyzed 200 files containing 2.66 MB of data so far'),(13780,1596745808.401930,2,'info','Analyzed 6300 files containing 93.54 MB of data so far'),(13779,1596745807.598103,2,'info','Analyzed 6200 files containing 91.79 MB of data so far'),(14827,1597782668.218730,2,'info','Done host key check.'),(13800,1596745814.482152,2,'info','Analyzed 8300 files containing 114.79 MB of data so far'),(13801,1596745814.651103,2,'info','Analyzed 8400 files containing 115.16 MB of data so far'),(13802,1596745814.840772,2,'info','Analyzed 8500 files containing 115.87 MB of data so far'),(14244,1597264713.723734,2,'info','Analyzed 3800 files containing 62.88 MB of data so far'),(14413,1597522632.198293,2,'info','Getting theme list from WordPress'),(14190,1597264689.510840,2,'info','3500 files indexed'),(14736,1597782625.653630,2,'info','Analyzed 4600 files containing 69.12 MB of data so far'),(14374,1597405669.618499,1,'info','Initiating quick scan'),(13919,1597004977.846395,2,'info','The disk has 197075.29 MB available'),(14329,1597264758.129165,2,'info','Starting scan of file contents'),(14330,1597264768.414782,2,'info','Scanned contents of 47 additional files at 46.65 per second'),(14211,1597264691.926047,2,'info','Analyzed 500 files containing 7.4 MB of data so far'),(14212,1597264692.273000,2,'info','Analyzed 600 files containing 8.46 MB of data so far'),(14053,1597005033.662770,2,'info','Analyzed 8900 files containing 127.98 MB of data so far'),(13803,1596745815.974694,2,'info','Analyzed 8600 files containing 120.04 MB of data so far'),(13872,1596745846.408367,2,'info','Examining URLs found in the options we scanned for dangerous websites'),(13873,1596745846.408828,2,'info','Done examining URLs'),(14800,1597782659.112957,2,'info','Analyzed 11000 files containing 168.12 MB of data so far'),(14044,1597005030.905533,2,'info','Analyzed 8000 files containing 118.91 MB of data so far'),(14697,1597782602.560965,2,'info','Analyzed 700 files containing 10.09 MB of data so far'),(14618,1597664794.200516,10,'info','SUM_ENDOK:Checking Web Application Firewall status'),(14617,1597664794.199877,10,'info','SUM_START:Checking Web Application Firewall status'),(13729,1596745781.111490,2,'info','Analyzed 1200 files containing 19.07 MB of data so far'),(13730,1596745782.457865,2,'info','Analyzed 1300 files containing 24.15 MB of data so far'),(13731,1596745784.641812,2,'info','Analyzed 1400 files containing 32.45 MB of data so far'),(14801,1597782659.645914,2,'info','Analyzed 11100 files containing 169.99 MB of data so far'),(14280,1597264733.232240,2,'info','Analyzed 7400 files containing 107.39 MB of data so far'),(14281,1597264733.551551,2,'info','Analyzed 7500 files containing 108.29 MB of data so far'),(14802,1597782660.231370,2,'info','Analyzed 11200 files containing 172.1 MB of data so far'),(14047,1597005031.307507,2,'info','Analyzed 8300 files containing 120 MB of data so far'),(14811,1597782661.739089,10,'info','SUM_START:Scanning file contents for infections and vulnerabilities'),(14046,1597005031.191463,2,'info','Analyzed 8200 files containing 119.74 MB of data so far'),(14045,1597005031.039543,2,'info','Analyzed 8100 files containing 119.32 MB of data so far'),(14412,1597522632.188157,2,'info','Found 16 plugins'),(13734,1596745785.543213,2,'info','Analyzed 1700 files containing 36.52 MB of data so far'),(14371,1597319798.245465,1,'info','Quick Scan Complete. Scanned in less than 1 second.'),(14370,1597319798.245321,2,'info','Wordfence used 0 B of memory for scan. Server peak memory usage was: 111 MB'),(14369,1597319798.244915,1,'info','-------------------'),(13927,1597004978.026907,2,'info','Getting plugin list from WordPress'),(13928,1597004978.028279,2,'info','Found 16 plugins'),(13929,1597004978.028463,2,'info','Getting theme list from WordPress'),(14049,1597005031.615496,2,'info','Analyzed 8500 files containing 120.75 MB of data so far'),(14048,1597005031.433445,2,'info','Analyzed 8400 files containing 120.3 MB of data so far'),(14523,1597522677.342541,2,'info','Analyzed 7500 files containing 108.29 MB of data so far'),(14543,1597522689.578934,2,'info','Analyzed 9500 files containing 135.53 MB of data so far'),(14544,1597522689.873544,2,'info','Analyzed 9600 files containing 137.21 MB of data so far'),(14465,1597522650.209649,2,'info','Analyzed 1700 files containing 36.86 MB of data so far'),(14629,1597752577.881763,10,'info','SUM_START:Scanning for old themes, plugins and core files'),(13996,1597005012.102821,2,'info','Analyzed 3200 files containing 59.23 MB of data so far'),(14764,1597782639.456252,2,'info','Analyzed 7400 files containing 107.39 MB of data so far'),(14451,1597522638.992253,2,'info','Analyzed 300 files containing 3.95 MB of data so far'),(14452,1597522639.499438,2,'info','Analyzed 400 files containing 6.51 MB of data so far'),(14453,1597522639.793668,2,'info','Analyzed 500 files containing 7.4 MB of data so far'),(14014,1597005017.193932,2,'info','Analyzed 5000 files containing 77.58 MB of data so far'),(14013,1597005016.931621,2,'info','Analyzed 4900 files containing 76.74 MB of data so far'),(14012,1597005016.527787,2,'info','Analyzed 4800 files containing 75.37 MB of data so far'),(14464,1597522650.117356,2,'info','Analyzed 1600 files containing 36.01 MB of data so far'),(14462,1597522649.282432,2,'info','Analyzed 1400 files containing 32.71 MB of data so far'),(14463,1597522650.030447,2,'info','Analyzed 1500 files containing 35.5 MB of data so far'),(14199,1597264689.691349,2,'info','8000 files indexed'),(14171,1597264688.562591,2,'info','Getting theme list from WordPress'),(14712,1597782619.449910,2,'info','Analyzed 2200 files containing 46.89 MB of data so far'),(14709,1597782617.343475,2,'info','Analyzed 1900 files containing 39.04 MB of data so far'),(14710,1597782618.588800,2,'info','Analyzed 2000 files containing 43.63 MB of data so far'),(14711,1597782619.190420,2,'info','Analyzed 2100 files containing 45.75 MB of data so far'),(14481,1597522656.809481,2,'info','Analyzed 3300 files containing 60.1 MB of data so far'),(14658,1597782594.805746,10,'info','SUM_ENDSUCCESS:Fetching core, theme and plugin file signatures from Wordfence'),(14480,1597522656.608489,2,'info','Analyzed 3200 files containing 59.56 MB of data so far'),(14562,1597522699.466896,2,'info','Analyzed 11400 files containing 177.13 MB of data so far'),(14563,1597522699.746030,2,'info','Analyzed 11491 files containing 178.66 MB of data.'),(14564,1597522699.746323,10,'info','SUM_ENDOK:Comparing core WordPress files against originals in repository'),(14565,1597522699.749399,10,'info','SUM_ENDOK:Scanning for unknown files in wp-admin and wp-includes'),(14566,1597522699.751700,10,'info','SUM_ENDOK:Scanning for known malware files'),(14214,1597264692.757743,2,'info','Analyzed 800 files containing 10.71 MB of data so far'),(14213,1597264692.657278,2,'info','Analyzed 700 files containing 10.09 MB of data so far'),(13762,1596745794.321515,2,'info','Analyzed 4500 files containing 67.79 MB of data so far'),(13763,1596745794.626511,2,'info','Analyzed 4600 files containing 68.78 MB of data so far'),(13764,1596745795.019445,2,'info','Analyzed 4700 files containing 70.12 MB of data so far'),(14673,1597782596.498155,2,'info','3000 files indexed'),(14674,1597782596.647841,2,'info','3500 files indexed'),(13847,1596745845.221403,2,'info','Scanned contents of 606 additional files at 47.06 per second'),(14846,1597782669.151724,10,'info','SUM_FINAL:Scan complete. You have 16 new issues to fix. See below.'),(13820,1596745824.506961,2,'info','Analyzed 10300 files containing 140.7 MB of data so far'),(13821,1596745824.824720,2,'info','Analyzed 10400 files containing 142.79 MB of data so far'),(13822,1596745825.463884,2,'info','Analyzed 10500 files containing 145.64 MB of data so far'),(14745,1597782632.817223,2,'info','Analyzed 5500 files containing 84.98 MB of data so far'),(14262,1597264725.259541,2,'info','Analyzed 5600 files containing 85.93 MB of data so far'),(14744,1597782632.533435,2,'info','Analyzed 5400 files containing 83.96 MB of data so far'),(14270,1597264729.708787,2,'info','Analyzed 6400 files containing 96.86 MB of data so far'),(14561,1597522699.301484,2,'info','Analyzed 11300 files containing 175.82 MB of data so far'),(14273,1597264730.375511,2,'info','Analyzed 6700 files containing 98.58 MB of data so far'),(14272,1597264730.168552,2,'info','Analyzed 6600 files containing 98 MB of data so far'),(14271,1597264729.872844,2,'info','Analyzed 6500 files containing 97.11 MB of data so far'),(14762,1597782638.691318,2,'info','Analyzed 7200 files containing 104.42 MB of data so far'),(14533,1597522680.728064,2,'info','Analyzed 8500 files containing 121.09 MB of data so far'),(14534,1597522680.923890,2,'info','Analyzed 8600 files containing 121.69 MB of data so far'),(14535,1597522681.936527,2,'info','Analyzed 8700 files containing 125.55 MB of data so far'),(14759,1597782637.211038,2,'info','Analyzed 6900 files containing 99.02 MB of data so far'),(14760,1597782637.789987,2,'info','Analyzed 7000 files containing 100.97 MB of data so far'),(14761,1597782638.546689,2,'info','Analyzed 7100 files containing 103.8 MB of data so far'),(14600,1597522706.271510,10,'info','SUM_ENDOK:Scanning for suspicious site options'),(14651,1597782594.241941,10,'info','SUM_START:Checking for paths skipped due to scan settings'),(14790,1597782652.737648,2,'info','Analyzed 10000 files containing 140.83 MB of data so far'),(14791,1597782652.925503,2,'info','Analyzed 10100 files containing 141.65 MB of data so far'),(14792,1597782653.145470,2,'info','Analyzed 10200 files containing 142.24 MB of data so far'),(14793,1597782653.490265,2,'info','Analyzed 10300 files containing 145.08 MB of data so far'),(14787,1597782651.827679,2,'info','Analyzed 9700 files containing 137.64 MB of data so far'),(14661,1597782594.813719,10,'info','SUM_START:Fetching list of known core files from Wordfence'),(14153,1597264681.595967,1,'info','Contacting Wordfence to initiate scan'),(14058,1597005035.084515,2,'info','Analyzed 9400 files containing 132.94 MB of data so far'),(14057,1597005034.224310,2,'info','Analyzed 9300 files containing 129.73 MB of data so far'),(14209,1597264691.044116,2,'info','Analyzed 300 files containing 3.95 MB of data so far'),(14210,1597264691.546488,2,'info','Analyzed 400 files containing 6.51 MB of data so far'),(14056,1597005034.037500,2,'info','Analyzed 9200 files containing 129.18 MB of data so far'),(14055,1597005033.853637,2,'info','Analyzed 9100 files containing 128.6 MB of data so far'),(14054,1597005033.744720,2,'info','Analyzed 9000 files containing 128.38 MB of data so far'),(14839,1597782669.114697,10,'info','SUM_START:Scanning for suspicious site options'),(14838,1597782669.110054,10,'info','SUM_ENDOK:Scanning for admin users not created through WordPress'),(14655,1597782594.347516,2,'info','Getting theme list from WordPress'),(14833,1597782668.271680,2,'info','Starting password strength check on 2 users.'),(14834,1597782668.283506,10,'info','SUM_ENDOK:Scanning for weak passwords'),(14835,1597782668.288726,10,'info','SUM_START:Scanning for old themes, plugins and core files'),(14536,1597522687.218526,2,'info','Analyzed 8800 files containing 127.49 MB of data so far'),(13999,1597005012.557161,2,'info','Analyzed 3500 files containing 61.25 MB of data so far'),(14147,1597233972.591946,1,'info','-------------------'),(14148,1597233972.602350,2,'info','Wordfence used 0 B of memory for scan. Server peak memory usage was: 111 MB'),(14836,1597782669.002806,10,'info','SUM_ENDBAD:Scanning for old themes, plugins and core files'),(14591,1597522705.469595,2,'info','Starting password strength check on 2 users.'),(14815,1597782663.986652,2,'info','Scanned contents of 64 additional files at 36.31 per second'),(14318,1597264755.555688,2,'info','Analyzed 11200 files containing 172.06 MB of data so far'),(14317,1597264754.952970,2,'info','Analyzed 11100 files containing 169.94 MB of data so far'),(14538,1597522687.526441,2,'info','Analyzed 9000 files containing 128.72 MB of data so far'),(13994,1597005006.000561,2,'info','Analyzed 3000 files containing 58.04 MB of data so far'),(14654,1597782594.347319,2,'info','Found 16 plugins'),(14653,1597782594.346044,2,'info','Getting plugin list from WordPress'),(13946,1597004980.382889,2,'info','2500 files indexed'),(13746,1596745791.164441,2,'info','Analyzed 2900 files containing 57.66 MB of data so far'),(14808,1597782661.637314,10,'info','SUM_ENDOK:Scanning for known malware files'),(13844,1596745842.675679,2,'info','Scanned contents of 415 additional files at 40.17 per second'),(13843,1596745841.673997,2,'info','Scanned contents of 325 additional files at 34.83 per second'),(13947,1597004980.526039,2,'info','3000 files indexed'),(13810,1596745821.528637,2,'info','Analyzed 9300 files containing 128.43 MB of data so far'),(13811,1596745822.053500,2,'info','Analyzed 9400 files containing 130.26 MB of data so far'),(14662,1597782594.814617,10,'info','SUM_ENDSUCCESS:Fetching list of known core files from Wordfence'),(14663,1597782594.816703,10,'info','SUM_START:Comparing core WordPress files against originals in repository'),(14312,1597264749.224831,2,'info','Analyzed 10600 files containing 149.14 MB of data so far'),(14313,1597264749.925882,2,'info','Analyzed 10700 files containing 151.93 MB of data so far'),(14314,1597264750.142400,2,'info','Analyzed 10800 files containing 153.37 MB of data so far'),(14596,1597522706.247663,10,'info','SUM_ENDOK:Scanning for admin users not created through WordPress'),(14752,1597782634.908480,2,'info','Analyzed 6200 files containing 92.13 MB of data so far'),(14316,1597264754.396947,2,'info','Analyzed 11000 files containing 168.08 MB of data so far'),(14315,1597264751.787586,2,'info','Analyzed 10900 files containing 158.53 MB of data so far'),(14483,1597522657.169558,2,'info','Analyzed 3500 files containing 61.58 MB of data so far'),(14484,1597522657.352423,2,'info','Analyzed 3600 files containing 62.12 MB of data so far'),(14486,1597522657.636794,2,'info','Analyzed 3800 files containing 62.88 MB of data so far'),(13726,1596745775.886242,2,'info','Analyzed 900 files containing 15.51 MB of data so far'),(14357,1597264770.155509,2,'info','Done examining URLs'),(14649,1597782594.235293,10,'info','SUM_START:Checking for future GeoIP support'),(14117,1597005052.845453,1,'info','-------------------'),(14485,1597522657.473287,2,'info','Analyzed 3700 files containing 62.53 MB of data so far'),(14065,1597005037.358736,2,'info','Analyzed 10100 files containing 141.31 MB of data so far'),(14319,1597264756.605425,2,'info','Analyzed 11300 files containing 175.82 MB of data so far'),(13918,1597004977.846206,2,'info','Total disk space: 9.01 TB -- Free disk space: 192.46 GB'),(14320,1597264757.033093,2,'info','Analyzed 11400 files containing 177.12 MB of data so far'),(14321,1597264757.538012,2,'info','Analyzed 11491 files containing 178.66 MB of data.'),(14698,1597782602.954756,2,'info','Analyzed 800 files containing 10.71 MB of data so far'),(14064,1597005037.114907,2,'info','Analyzed 10000 files containing 140.49 MB of data so far'),(14063,1597005036.746400,2,'info','Analyzed 9900 files containing 138.92 MB of data so far'),(14259,1597264724.668634,2,'info','Analyzed 5300 files containing 83.05 MB of data so far'),(14260,1597264724.846309,2,'info','Analyzed 5400 files containing 83.96 MB of data so far'),(14261,1597264725.127970,2,'info','Analyzed 5500 files containing 84.98 MB of data so far'),(14537,1597522687.448009,2,'info','Analyzed 8900 files containing 128.32 MB of data so far'),(14489,1597522658.423504,2,'info','Analyzed 4100 files containing 65.26 MB of data so far'),(13982,1597004998.235433,2,'info','Analyzed 1800 files containing 37.15 MB of data so far'),(13981,1597004998.092606,2,'info','Analyzed 1700 files containing 36.52 MB of data so far'),(14490,1597522658.591617,2,'info','Analyzed 4200 files containing 65.64 MB of data so far'),(14127,1597059548.606162,1,'info','-------------------'),(14128,1597059548.606740,2,'info','Wordfence used 2 MB of memory for scan. Server peak memory usage was: 111 MB'),(14129,1597059548.606922,1,'info','Quick Scan Complete. Scanned in less than 1 second.'),(14638,1597782587.159906,10,'info','SUM_PAIDONLY:Check if your site is being Spamvertized is for paid members only'),(14639,1597782589.161351,10,'info','SUM_PAIDONLY:Checking if your IP is generating spam is for paid members only'),(14640,1597782591.162661,10,'info','SUM_PAIDONLY:Checking if your site is on a domain blacklist is for paid members only'),(14641,1597782593.166046,10,'info','SUM_START:Checking for the most secure way to get IPs'),(14642,1597782594.214324,10,'info','SUM_ENDOK:Checking for the most secure way to get IPs'),(14449,1597522638.424934,2,'info','Analyzed 100 files containing 1.54 MB of data so far'),(14656,1597782594.348587,2,'info','Found 1 themes'),(13809,1596745820.626555,2,'info','Analyzed 9200 files containing 125.02 MB of data so far'),(14701,1597782611.840429,2,'info','Analyzed 1100 files containing 17.9 MB of data so far'),(14520,1597522676.297438,2,'info','Analyzed 7200 files containing 104.42 MB of data so far'),(14482,1597522656.962544,2,'info','Analyzed 3400 files containing 60.95 MB of data so far'),(14643,1597782594.219826,10,'info','SUM_START:Scanning to check available disk space'),(14644,1597782594.221842,2,'info','Total disk space: 9.01 TB -- Free disk space: 201.75 GB'),(14491,1597522659.009414,2,'info','Analyzed 4300 files containing 66.99 MB of data so far'),(14763,1597782638.842856,2,'info','Analyzed 7300 files containing 104.7 MB of data so far'),(14221,1597264705.696471,2,'info','Analyzed 1500 files containing 35.5 MB of data so far'),(14220,1597264704.293390,2,'info','Analyzed 1400 files containing 32.71 MB of data so far'),(14219,1597264696.586478,2,'info','Analyzed 1300 files containing 24.48 MB of data so far'),(13785,1596745810.014396,2,'info','Analyzed 6800 files containing 98.58 MB of data so far'),(13784,1596745809.885904,2,'info','Analyzed 6700 files containing 98.24 MB of data so far'),(14050,1597005031.852593,2,'info','Analyzed 8600 files containing 121.35 MB of data so far'),(14601,1597522706.275704,1,'info','-------------------'),(14602,1597522706.276094,2,'info','Wordfence used 31.7 MB of memory for scan. Server peak memory usage was: 142.7 MB'),(13789,1596745811.590336,2,'info','Analyzed 7200 files containing 104.08 MB of data so far'),(14603,1597522706.276340,1,'info','Scan Complete. Scanned 11491 files, 16 plugins, 1 themes, 11 posts, 9 comments and 146 URLs in 1 minute 21 seconds.'),(13788,1596745811.436859,2,'info','Analyzed 7100 files containing 103.47 MB of data so far'),(14737,1597782628.949410,2,'info','Analyzed 4700 files containing 70.46 MB of data so far'),(13930,1597004978.032230,2,'info','Found 1 themes'),(14255,1597264723.063924,2,'info','Analyzed 4900 files containing 77.07 MB of data so far'),(14734,1597782625.163131,2,'info','Analyzed 4400 files containing 67.61 MB of data so far'),(14343,1597264769.268780,2,'info','Done host key check.'),(14344,1597264769.269215,2,'info','Done examining URLs'),(13948,1597004980.753689,2,'info','3500 files indexed'),(13949,1597004980.806960,2,'info','4000 files indexed'),(14557,1597522694.833463,2,'info','Analyzed 10900 files containing 158.53 MB of data so far'),(14659,1597782594.809015,10,'info','SUM_START:Fetching list of known malware files from Wordfence'),(14435,1597522635.109434,2,'info','5000 files indexed'),(13950,1597004981.088144,2,'info','4500 files indexed'),(13951,1597004981.241496,2,'info','5000 files indexed'),(14746,1597782632.947459,2,'info','Analyzed 5600 files containing 85.93 MB of data so far'),(14422,1597522632.959360,10,'info','SUM_DISABLED:Skipping theme scan'),(14747,1597782634.063684,2,'info','Analyzed 5700 files containing 90.16 MB of data so far'),(13732,1596745785.364483,2,'info','Analyzed 1500 files containing 35.16 MB of data so far'),(14668,1597782595.386066,2,'info','500 files indexed'),(14633,1597752577.907547,1,'info','Quick Scan Complete. Scanned in less than 1 second.'),(14634,1597752577.907720,10,'info','SUM_FINAL:Scan complete. You have 16 new issues to fix. See below.'),(14232,1597264711.295955,2,'info','Analyzed 2600 files containing 54.94 MB of data so far'),(14231,1597264709.785484,2,'info','Analyzed 2500 files containing 49.58 MB of data so far'),(14540,1597522687.789620,2,'info','Analyzed 9200 files containing 129.52 MB of data so far'),(14702,1597782612.292151,2,'info','Analyzed 1200 files containing 19.39 MB of data so far'),(14005,1597005013.478544,2,'info','Analyzed 4100 files containing 64.92 MB of data so far'),(13725,1596745774.564616,2,'info','Analyzed 800 files containing 10.37 MB of data so far'),(13955,1597004981.849879,2,'info','7000 files indexed'),(13953,1597004981.595516,2,'info','6000 files indexed'),(13954,1597004981.704234,2,'info','6500 files indexed'),(14169,1597264688.560710,2,'info','Getting plugin list from WordPress'),(13952,1597004981.342640,2,'info','5500 files indexed'),(13818,1596745823.662461,2,'info','Analyzed 10100 files containing 136.38 MB of data so far'),(13817,1596745823.449474,2,'info','Analyzed 10000 files containing 135.71 MB of data so far'),(13816,1596745823.267136,2,'info','Analyzed 9900 files containing 134.94 MB of data so far'),(13815,1596745823.079085,2,'info','Analyzed 9800 files containing 134.04 MB of data so far'),(14265,1597264726.958519,2,'info','Analyzed 5900 files containing 91.15 MB of data so far'),(14266,1597264727.221264,2,'info','Analyzed 6000 files containing 91.74 MB of data so far'),(14267,1597264727.391785,2,'info','Analyzed 6100 files containing 91.96 MB of data so far'),(14268,1597264727.520681,2,'info','Analyzed 6200 files containing 92.13 MB of data so far'),(14269,1597264728.036891,2,'info','Analyzed 6300 files containing 93.88 MB of data so far'),(14070,1597005039.770046,2,'info','Analyzed 10600 files containing 151.1 MB of data so far'),(13749,1596745791.846742,2,'info','Analyzed 3200 files containing 59.23 MB of data so far'),(13753,1596745792.472546,2,'info','Analyzed 3600 files containing 61.78 MB of data so far'),(13752,1596745792.343017,2,'info','Analyzed 3500 files containing 61.25 MB of data so far'),(13751,1596745792.201745,2,'info','Analyzed 3400 files containing 60.62 MB of data so far'),(13750,1596745792.050632,2,'info','Analyzed 3300 files containing 59.77 MB of data so far'),(14813,1597782662.222817,2,'info','Starting scan of file contents'),(13991,1597005003.513802,2,'info','Analyzed 2700 files containing 55.96 MB of data so far'),(13727,1596745780.263538,2,'info','Analyzed 1000 files containing 15.87 MB of data so far'),(14072,1597005040.903444,2,'info','Analyzed 10800 files containing 154.45 MB of data so far'),(14071,1597005040.409430,2,'info','Analyzed 10700 files containing 152.48 MB of data so far'),(14073,1597005043.306604,2,'info','Analyzed 10900 files containing 163.66 MB of data so far'),(14505,1597522671.755788,2,'info','Analyzed 5700 files containing 90.16 MB of data so far'),(14706,1597782616.680911,2,'info','Analyzed 1600 files containing 36.01 MB of data so far'),(14705,1597782616.586218,2,'info','Analyzed 1500 files containing 35.5 MB of data so far'),(14074,1597005044.148612,2,'info','Analyzed 11000 files containing 166.77 MB of data so far'),(14502,1597522670.175604,2,'info','Analyzed 5400 files containing 83.96 MB of data so far'),(14503,1597522670.469641,2,'info','Analyzed 5500 files containing 84.98 MB of data so far'),(14504,1597522670.639487,2,'info','Analyzed 5600 files containing 85.93 MB of data so far'),(14089,1597005051.713984,2,'info','Scanned contents of 63 additional files at 46.96 per second'),(14667,1597782594.824093,10,'info','SUM_START:Scanning for unknown files in wp-admin and wp-includes'),(14087,1597005050.370746,2,'info','Starting scan of file contents'),(14088,1597005051.549280,2,'info','Scanned contents of 56 additional files at 47.59 per second'),(14635,1597782584.170550,1,'info','Scheduled Wordfence scan starting at Tuesday 18th of August 2020 09:29:44 PM'),(14554,1597522692.622162,2,'info','Analyzed 10600 files containing 149.14 MB of data so far'),(14555,1597522693.271500,2,'info','Analyzed 10700 files containing 151.93 MB of data so far'),(13958,1597004982.257647,2,'info','8500 files indexed'),(13956,1597004982.078416,2,'info','7500 files indexed'),(13957,1597004982.182368,2,'info','8000 files indexed'),(14862,1597923711.168622,10,'info','SUM_ENDBAD:Scanning for old themes, plugins and core files'),(14118,1597005052.845744,2,'info','Wordfence used 33.64 MB of memory for scan. Server peak memory usage was: 142.64 MB'),(14119,1597005052.845906,1,'info','Scan Complete. Scanned 11416 files, 16 plugins, 1 themes, 11 posts, 9 comments and 146 URLs in 1 minute 22 seconds.'),(14648,1597782594.230157,10,'info','SUM_ENDOK:Checking Web Application Firewall status');

-- Dumped table `wp51_wfstatus` with 953 row(s)
--

--
-- Table structure for table `wp51_wftrafficrates`
--

CREATE TABLE `wp51_wftrafficrates` (
  `eMin` int(10) unsigned NOT NULL,
  `IP` binary(16) NOT NULL DEFAULT '\0\0\0\0\0\0\0\0\0\0\0\0\0\0\0\0',
  `hitType` enum('hit','404') NOT NULL DEFAULT 'hit',
  `hits` int(10) unsigned NOT NULL,
  PRIMARY KEY (`eMin`,`IP`,`hitType`)
) ENGINE=MyISAM DEFAULT CHARSET=utf8;

--
-- Dumping data for table `wp51_wftrafficrates`
--


-- Dumped table `wp51_wftrafficrates` with 0 row(s)
--

--
-- Table structure for table `wp51_woocommerce_api_keys`
--

CREATE TABLE `wp51_woocommerce_api_keys` (
  `key_id` bigint(20) unsigned NOT NULL AUTO_INCREMENT,
  `user_id` bigint(20) unsigned NOT NULL,
  `description` varchar(200) COLLATE utf8mb4_unicode_ci DEFAULT NULL,
  `permissions` varchar(10) COLLATE utf8mb4_unicode_ci NOT NULL,
  `consumer_key` char(64) COLLATE utf8mb4_unicode_ci NOT NULL,
  `consumer_secret` char(43) COLLATE utf8mb4_unicode_ci NOT NULL,
  `nonces` longtext COLLATE utf8mb4_unicode_ci DEFAULT NULL,
  `truncated_key` char(7) COLLATE utf8mb4_unicode_ci NOT NULL,
  `last_access` datetime DEFAULT NULL,
  PRIMARY KEY (`key_id`),
  KEY `consumer_key` (`consumer_key`),
  KEY `consumer_secret` (`consumer_secret`)
) ENGINE=MyISAM DEFAULT CHARSET=utf8mb4 COLLATE=utf8mb4_unicode_ci;

--
-- Dumping data for table `wp51_woocommerce_api_keys`
--


-- Dumped table `wp51_woocommerce_api_keys` with 0 row(s)
--

--
-- Table structure for table `wp51_woocommerce_attribute_taxonomies`
--

CREATE TABLE `wp51_woocommerce_attribute_taxonomies` (
  `attribute_id` bigint(20) unsigned NOT NULL AUTO_INCREMENT,
  `attribute_name` varchar(200) COLLATE utf8mb4_unicode_ci NOT NULL,
  `attribute_label` varchar(200) COLLATE utf8mb4_unicode_ci DEFAULT NULL,
  `attribute_type` varchar(20) COLLATE utf8mb4_unicode_ci NOT NULL,
  `attribute_orderby` varchar(20) COLLATE utf8mb4_unicode_ci NOT NULL,
  `attribute_public` int(1) NOT NULL DEFAULT 1,
  PRIMARY KEY (`attribute_id`),
  KEY `attribute_name` (`attribute_name`(20))
) ENGINE=MyISAM DEFAULT CHARSET=utf8mb4 COLLATE=utf8mb4_unicode_ci;

--
-- Dumping data for table `wp51_woocommerce_attribute_taxonomies`
--


-- Dumped table `wp51_woocommerce_attribute_taxonomies` with 0 row(s)
--

--
-- Table structure for table `wp51_woocommerce_downloadable_product_permissions`
--

CREATE TABLE `wp51_woocommerce_downloadable_product_permissions` (
  `permission_id` bigint(20) unsigned NOT NULL AUTO_INCREMENT,
  `download_id` varchar(36) COLLATE utf8mb4_unicode_ci NOT NULL,
  `product_id` bigint(20) unsigned NOT NULL,
  `order_id` bigint(20) unsigned NOT NULL DEFAULT 0,
  `order_key` varchar(200) COLLATE utf8mb4_unicode_ci NOT NULL,
  `user_email` varchar(200) COLLATE utf8mb4_unicode_ci NOT NULL,
  `user_id` bigint(20) unsigned DEFAULT NULL,
  `downloads_remaining` varchar(9) COLLATE utf8mb4_unicode_ci DEFAULT NULL,
  `access_granted` datetime NOT NULL DEFAULT '0000-00-00 00:00:00',
  `access_expires` datetime DEFAULT NULL,
  `download_count` bigint(20) unsigned NOT NULL DEFAULT 0,
  PRIMARY KEY (`permission_id`),
  KEY `download_order_key_product` (`product_id`,`order_id`,`order_key`(16),`download_id`),
  KEY `download_order_product` (`download_id`,`order_id`,`product_id`),
  KEY `order_id` (`order_id`),
  KEY `user_order_remaining_expires` (`user_id`,`order_id`,`downloads_remaining`,`access_expires`)
) ENGINE=MyISAM DEFAULT CHARSET=utf8mb4 COLLATE=utf8mb4_unicode_ci;

--
-- Dumping data for table `wp51_woocommerce_downloadable_product_permissions`
--


-- Dumped table `wp51_woocommerce_downloadable_product_permissions` with 0 row(s)
--

--
-- Table structure for table `wp51_woocommerce_log`
--

CREATE TABLE `wp51_woocommerce_log` (
  `log_id` bigint(20) unsigned NOT NULL AUTO_INCREMENT,
  `timestamp` datetime NOT NULL,
  `level` smallint(4) NOT NULL,
  `source` varchar(200) COLLATE utf8mb4_unicode_ci NOT NULL,
  `message` longtext COLLATE utf8mb4_unicode_ci NOT NULL,
  `context` longtext COLLATE utf8mb4_unicode_ci DEFAULT NULL,
  PRIMARY KEY (`log_id`),
  KEY `level` (`level`)
) ENGINE=MyISAM DEFAULT CHARSET=utf8mb4 COLLATE=utf8mb4_unicode_ci;

--
-- Dumping data for table `wp51_woocommerce_log`
--


-- Dumped table `wp51_woocommerce_log` with 0 row(s)
--

--
-- Table structure for table `wp51_woocommerce_order_itemmeta`
--

CREATE TABLE `wp51_woocommerce_order_itemmeta` (
  `meta_id` bigint(20) unsigned NOT NULL AUTO_INCREMENT,
  `order_item_id` bigint(20) unsigned NOT NULL,
  `meta_key` varchar(255) COLLATE utf8mb4_unicode_ci DEFAULT NULL,
  `meta_value` longtext COLLATE utf8mb4_unicode_ci DEFAULT NULL,
  PRIMARY KEY (`meta_id`),
  KEY `order_item_id` (`order_item_id`),
  KEY `meta_key` (`meta_key`(32))
) ENGINE=MyISAM AUTO_INCREMENT=115 DEFAULT CHARSET=utf8mb4 COLLATE=utf8mb4_unicode_ci;

--
-- Dumping data for table `wp51_woocommerce_order_itemmeta`
--

INSERT INTO `wp51_woocommerce_order_itemmeta` VALUES (19,3,'_product_id','891'),(20,3,'_variation_id','0'),(21,3,'_qty','1'),(22,3,'_tax_class','zero-rate'),(23,3,'_line_subtotal','35'),(24,3,'_line_subtotal_tax','0'),(25,3,'_line_total','35'),(26,3,'_line_tax','0'),(27,3,'_line_tax_data','a:2:{s:5:\"total\";a:0:{}s:8:\"subtotal\";a:0:{}}'),(81,9,'_line_tax_data','a:2:{s:5:\"total\";a:0:{}s:8:\"subtotal\";a:0:{}}'),(80,9,'_line_tax','0'),(79,9,'_line_total','30'),(78,9,'_line_subtotal_tax','0'),(77,9,'_line_subtotal','40'),(73,9,'_product_id','891'),(74,9,'_variation_id','0'),(75,9,'_qty','1'),(76,9,'_tax_class','zero-rate'),(84,10,'coupon_data','a:24:{s:2:\"id\";i:2823;s:4:\"code\";s:5:\"trial\";s:6:\"amount\";s:2:\"10\";s:12:\"date_created\";O:11:\"WC_DateTime\":4:{s:13:\"\0*\0utc_offset\";i:0;s:4:\"date\";s:26:\"2020-05-29 17:08:30.000000\";s:13:\"timezone_type\";i:3;s:8:\"timezone\";s:13:\"Europe/London\";}s:13:\"date_modified\";O:11:\"WC_DateTime\":4:{s:13:\"\0*\0utc_offset\";i:0;s:4:\"date\";s:26:\"2020-05-29 17:24:11.000000\";s:13:\"timezone_type\";i:3;s:8:\"timezone\";s:13:\"Europe/London\";}s:12:\"date_expires\";N;s:13:\"discount_type\";s:10:\"fixed_cart\";s:11:\"description\";s:0:\"\";s:11:\"usage_count\";i:0;s:14:\"individual_use\";b:0;s:11:\"product_ids\";a:0:{}s:20:\"excluded_product_ids\";a:0:{}s:11:\"usage_limit\";i:0;s:20:\"usage_limit_per_user\";i:0;s:22:\"limit_usage_to_x_items\";N;s:13:\"free_shipping\";b:1;s:18:\"product_categories\";a:0:{}s:27:\"excluded_product_categories\";a:0:{}s:18:\"exclude_sale_items\";b:0;s:14:\"minimum_amount\";s:0:\"\";s:14:\"maximum_amount\";s:0:\"\";s:18:\"email_restrictions\";a:0:{}s:7:\"virtual\";b:0;s:9:\"meta_data\";a:0:{}}'),(83,10,'discount_amount_tax','0'),(82,10,'discount_amount','10'),(64,8,'_product_id','891'),(65,8,'_variation_id','0'),(66,8,'_qty','1'),(67,8,'_tax_class','zero-rate'),(68,8,'_line_subtotal','35'),(69,8,'_line_subtotal_tax','0'),(70,8,'_line_total','35'),(71,8,'_line_tax','0'),(72,8,'_line_tax_data','a:2:{s:5:\"total\";a:0:{}s:8:\"subtotal\";a:0:{}}'),(85,11,'_product_id','891'),(86,11,'_variation_id','0'),(87,11,'_qty','1'),(88,11,'_tax_class','zero-rate'),(89,11,'_line_subtotal','40'),(90,11,'_line_subtotal_tax','0'),(91,11,'_line_total','30'),(92,11,'_line_tax','0'),(93,11,'_line_tax_data','a:2:{s:5:\"total\";a:0:{}s:8:\"subtotal\";a:0:{}}'),(94,12,'discount_amount','10'),(95,12,'discount_amount_tax','0'),(96,12,'coupon_data','a:24:{s:2:\"id\";i:2823;s:4:\"code\";s:5:\"trial\";s:6:\"amount\";s:2:\"10\";s:12:\"date_created\";O:11:\"WC_DateTime\":4:{s:13:\"\0*\0utc_offset\";i:0;s:4:\"date\";s:26:\"2020-05-29 17:08:30.000000\";s:13:\"timezone_type\";i:3;s:8:\"timezone\";s:13:\"Europe/London\";}s:13:\"date_modified\";O:11:\"WC_DateTime\":4:{s:13:\"\0*\0utc_offset\";i:0;s:4:\"date\";s:26:\"2020-05-29 17:24:11.000000\";s:13:\"timezone_type\";i:3;s:8:\"timezone\";s:13:\"Europe/London\";}s:12:\"date_expires\";N;s:13:\"discount_type\";s:10:\"fixed_cart\";s:11:\"description\";s:0:\"\";s:11:\"usage_count\";i:1;s:14:\"individual_use\";b:0;s:11:\"product_ids\";a:0:{}s:20:\"excluded_product_ids\";a:0:{}s:11:\"usage_limit\";i:0;s:20:\"usage_limit_per_user\";i:0;s:22:\"limit_usage_to_x_items\";N;s:13:\"free_shipping\";b:1;s:18:\"product_categories\";a:0:{}s:27:\"excluded_product_categories\";a:0:{}s:18:\"exclude_sale_items\";b:0;s:14:\"minimum_amount\";s:0:\"\";s:14:\"maximum_amount\";s:0:\"\";s:18:\"email_restrictions\";a:0:{}s:7:\"virtual\";b:0;s:9:\"meta_data\";a:0:{}}'),(97,13,'_product_id','896'),(98,13,'_variation_id','0'),(99,13,'_qty','1'),(100,13,'_tax_class','zero-rate'),(101,13,'_line_subtotal','175'),(102,13,'_line_subtotal_tax','0'),(103,13,'_line_total','175'),(104,13,'_line_tax','0'),(105,13,'_line_tax_data','a:2:{s:5:\"total\";a:0:{}s:8:\"subtotal\";a:0:{}}'),(106,14,'_product_id','896'),(107,14,'_variation_id','0'),(108,14,'_qty','1'),(109,14,'_tax_class','zero-rate'),(110,14,'_line_subtotal','175'),(111,14,'_line_subtotal_tax','0'),(112,14,'_line_total','175'),(113,14,'_line_tax','0'),(114,14,'_line_tax_data','a:2:{s:5:\"total\";a:0:{}s:8:\"subtotal\";a:0:{}}');

-- Dumped table `wp51_woocommerce_order_itemmeta` with 60 row(s)
--

--
-- Table structure for table `wp51_woocommerce_order_items`
--

CREATE TABLE `wp51_woocommerce_order_items` (
  `order_item_id` bigint(20) unsigned NOT NULL AUTO_INCREMENT,
  `order_item_name` text COLLATE utf8mb4_unicode_ci NOT NULL,
  `order_item_type` varchar(200) COLLATE utf8mb4_unicode_ci NOT NULL DEFAULT '',
  `order_id` bigint(20) unsigned NOT NULL,
  PRIMARY KEY (`order_item_id`),
  KEY `order_id` (`order_id`)
) ENGINE=MyISAM AUTO_INCREMENT=15 DEFAULT CHARSET=utf8mb4 COLLATE=utf8mb4_unicode_ci;

--
-- Dumping data for table `wp51_woocommerce_order_items`
--

INSERT INTO `wp51_woocommerce_order_items` VALUES (3,'Individual Coaching','line_item',1262),(10,'trial','coupon',2824),(11,'Individual Coaching','line_item',2825),(9,'Individual Coaching','line_item',2824),(8,'Individual Coaching','line_item',2460),(12,'trial','coupon',2825),(13,'5x Individual Coaching Sessions','line_item',2826),(14,'5x Individual Coaching Sessions','line_item',2827);

-- Dumped table `wp51_woocommerce_order_items` with 8 row(s)
--

--
-- Table structure for table `wp51_woocommerce_payment_tokenmeta`
--

CREATE TABLE `wp51_woocommerce_payment_tokenmeta` (
  `meta_id` bigint(20) unsigned NOT NULL AUTO_INCREMENT,
  `payment_token_id` bigint(20) unsigned NOT NULL,
  `meta_key` varchar(255) COLLATE utf8mb4_unicode_ci DEFAULT NULL,
  `meta_value` longtext COLLATE utf8mb4_unicode_ci DEFAULT NULL,
  PRIMARY KEY (`meta_id`),
  KEY `payment_token_id` (`payment_token_id`),
  KEY `meta_key` (`meta_key`(32))
) ENGINE=MyISAM DEFAULT CHARSET=utf8mb4 COLLATE=utf8mb4_unicode_ci;

--
-- Dumping data for table `wp51_woocommerce_payment_tokenmeta`
--


-- Dumped table `wp51_woocommerce_payment_tokenmeta` with 0 row(s)
--

--
-- Table structure for table `wp51_woocommerce_payment_tokens`
--

CREATE TABLE `wp51_woocommerce_payment_tokens` (
  `token_id` bigint(20) unsigned NOT NULL AUTO_INCREMENT,
  `gateway_id` varchar(200) COLLATE utf8mb4_unicode_ci NOT NULL,
  `token` text COLLATE utf8mb4_unicode_ci NOT NULL,
  `user_id` bigint(20) unsigned NOT NULL DEFAULT 0,
  `type` varchar(200) COLLATE utf8mb4_unicode_ci NOT NULL,
  `is_default` tinyint(1) NOT NULL DEFAULT 0,
  PRIMARY KEY (`token_id`),
  KEY `user_id` (`user_id`)
) ENGINE=MyISAM DEFAULT CHARSET=utf8mb4 COLLATE=utf8mb4_unicode_ci;

--
-- Dumping data for table `wp51_woocommerce_payment_tokens`
--


-- Dumped table `wp51_woocommerce_sessions` with 219 row(s)
--

--
-- Table structure for table `wp51_woocommerce_shipping_zone_locations`
--

CREATE TABLE `wp51_woocommerce_shipping_zone_locations` (
  `location_id` bigint(20) unsigned NOT NULL AUTO_INCREMENT,
  `zone_id` bigint(20) unsigned NOT NULL,
  `location_code` varchar(200) COLLATE utf8mb4_unicode_ci NOT NULL,
  `location_type` varchar(40) COLLATE utf8mb4_unicode_ci NOT NULL,
  PRIMARY KEY (`location_id`),
  KEY `location_id` (`location_id`),
  KEY `location_type_code` (`location_type`(10),`location_code`(20))
) ENGINE=MyISAM DEFAULT CHARSET=utf8mb4 COLLATE=utf8mb4_unicode_ci;

--
-- Dumping data for table `wp51_woocommerce_shipping_zone_locations`
--


-- Dumped table `wp51_woocommerce_shipping_zone_locations` with 0 row(s)
--

--
-- Table structure for table `wp51_woocommerce_shipping_zone_methods`
--

CREATE TABLE `wp51_woocommerce_shipping_zone_methods` (
  `zone_id` bigint(20) unsigned NOT NULL,
  `instance_id` bigint(20) unsigned NOT NULL AUTO_INCREMENT,
  `method_id` varchar(200) COLLATE utf8mb4_unicode_ci NOT NULL,
  `method_order` bigint(20) unsigned NOT NULL,
  `is_enabled` tinyint(1) NOT NULL DEFAULT 1,
  PRIMARY KEY (`instance_id`)
) ENGINE=MyISAM DEFAULT CHARSET=utf8mb4 COLLATE=utf8mb4_unicode_ci;

--
-- Dumping data for table `wp51_woocommerce_shipping_zone_methods`
--


-- Dumped table `wp51_woocommerce_shipping_zone_methods` with 0 row(s)
--

--
-- Table structure for table `wp51_woocommerce_shipping_zones`
--

CREATE TABLE `wp51_woocommerce_shipping_zones` (
  `zone_id` bigint(20) unsigned NOT NULL AUTO_INCREMENT,
  `zone_name` varchar(200) COLLATE utf8mb4_unicode_ci NOT NULL,
  `zone_order` bigint(20) unsigned NOT NULL,
  PRIMARY KEY (`zone_id`)
) ENGINE=MyISAM DEFAULT CHARSET=utf8mb4 COLLATE=utf8mb4_unicode_ci;

--
-- Dumping data for table `wp51_woocommerce_shipping_zones`
--


-- Dumped table `wp51_woocommerce_shipping_zones` with 0 row(s)
--

--
-- Table structure for table `wp51_woocommerce_tax_rate_locations`
--

CREATE TABLE `wp51_woocommerce_tax_rate_locations` (
  `location_id` bigint(20) unsigned NOT NULL AUTO_INCREMENT,
  `location_code` varchar(200) COLLATE utf8mb4_unicode_ci NOT NULL,
  `tax_rate_id` bigint(20) unsigned NOT NULL,
  `location_type` varchar(40) COLLATE utf8mb4_unicode_ci NOT NULL,
  PRIMARY KEY (`location_id`),
  KEY `tax_rate_id` (`tax_rate_id`),
  KEY `location_type_code` (`location_type`(10),`location_code`(20))
) ENGINE=MyISAM DEFAULT CHARSET=utf8mb4 COLLATE=utf8mb4_unicode_ci;

--
-- Dumping data for table `wp51_woocommerce_tax_rate_locations`
--


-- Dumped table `wp51_woocommerce_tax_rate_locations` with 0 row(s)
--

--
-- Table structure for table `wp51_woocommerce_tax_rates`
--

CREATE TABLE `wp51_woocommerce_tax_rates` (
  `tax_rate_id` bigint(20) unsigned NOT NULL AUTO_INCREMENT,
  `tax_rate_country` varchar(2) COLLATE utf8mb4_unicode_ci NOT NULL DEFAULT '',
  `tax_rate_state` varchar(200) COLLATE utf8mb4_unicode_ci NOT NULL DEFAULT '',
  `tax_rate` varchar(8) COLLATE utf8mb4_unicode_ci NOT NULL DEFAULT '',
  `tax_rate_name` varchar(200) COLLATE utf8mb4_unicode_ci NOT NULL DEFAULT '',
  `tax_rate_priority` bigint(20) unsigned NOT NULL,
  `tax_rate_compound` int(1) NOT NULL DEFAULT 0,
  `tax_rate_shipping` int(1) NOT NULL DEFAULT 1,
  `tax_rate_order` bigint(20) unsigned NOT NULL,
  `tax_rate_class` varchar(200) COLLATE utf8mb4_unicode_ci NOT NULL DEFAULT '',
  PRIMARY KEY (`tax_rate_id`),
  KEY `tax_rate_country` (`tax_rate_country`),
  KEY `tax_rate_state` (`tax_rate_state`(2)),
  KEY `tax_rate_class` (`tax_rate_class`(10)),
  KEY `tax_rate_priority` (`tax_rate_priority`)
) ENGINE=MyISAM DEFAULT CHARSET=utf8mb4 COLLATE=utf8mb4_unicode_ci;

--
-- Dumping data for table `wp51_woocommerce_tax_rates`
--


-- Dumped table `wp51_woocommerce_tax_rates` with 0 row(s)
--

--
-- Table structure for table `wp51_wpforms_tasks_meta`
--

CREATE TABLE `wp51_wpforms_tasks_meta` (
  `id` bigint(20) NOT NULL AUTO_INCREMENT,
  `action` varchar(255) COLLATE utf8mb4_unicode_ci NOT NULL,
  `data` longtext COLLATE utf8mb4_unicode_ci NOT NULL,
  `date` datetime NOT NULL,
  PRIMARY KEY (`id`)
) ENGINE=MyISAM AUTO_INCREMENT=40 DEFAULT CHARSET=utf8mb4 COLLATE=utf8mb4_unicode_ci;

--
-- Dumping data for table `wp51_wpforms_tasks_meta`
--

INSERT INTO `wp51_wpforms_tasks_meta` VALUES (1,'wpforms_process_entry_emails_meta_cleanup','Wzg2NDAwXQ==','2020-03-06 22:07:35'),(23,'wpforms_process_entry_emails_meta_cleanup','Wzg2NDAwXQ==','2020-05-19 06:26:13'),(24,'wpforms_process_entry_emails_meta_cleanup','Wzg2NDAwXQ==','2020-05-22 05:20:04'),(27,'wpforms_process_entry_emails_meta_cleanup','Wzg2NDAwXQ==','2020-05-27 10:17:45'),(28,'wpforms_process_entry_emails_meta_cleanup','Wzg2NDAwXQ==','2020-05-27 16:55:04'),(29,'wpforms_process_entry_emails_meta_cleanup','Wzg2NDAwXQ==','2020-05-28 01:15:06'),(30,'wpforms_process_entry_emails_meta_cleanup','Wzg2NDAwXQ==','2020-05-28 03:17:54'),(31,'wpforms_process_entry_emails_meta_cleanup','Wzg2NDAwXQ==','2020-05-28 12:30:09'),(32,'wpforms_process_entry_emails_meta_cleanup','Wzg2NDAwXQ==','2020-05-28 15:21:46'),(33,'wpforms_process_entry_emails_meta_cleanup','Wzg2NDAwXQ==','2020-05-28 15:40:17'),(34,'wpforms_process_entry_emails_meta_cleanup','Wzg2NDAwXQ==','2020-05-29 07:04:00'),(35,'wpforms_admin_notifications_update','W10=','2020-05-29 16:04:54'),(36,'wpforms_admin_notifications_update','W10=','2020-05-31 09:18:12'),(37,'wpforms_admin_notifications_update','W10=','2020-06-05 13:37:30'),(38,'wpforms_process_entry_emails_meta_cleanup','Wzg2NDAwXQ==','2020-07-05 01:30:14'),(39,'wpforms_admin_notifications_update','W10=','2020-08-20 12:57:32');

-- Dumped table `wp51_wpforms_tasks_meta` with 16 row(s)
--

--
-- Table structure for table `wp51_yoast_indexable`
--

CREATE TABLE `wp51_yoast_indexable` (
  `id` int(11) unsigned NOT NULL AUTO_INCREMENT,
  `permalink` longtext COLLATE utf8mb4_unicode_ci DEFAULT NULL,
  `permalink_hash` varchar(191) COLLATE utf8mb4_unicode_ci DEFAULT NULL,
  `object_id` int(11) unsigned DEFAULT NULL,
  `object_type` varchar(32) COLLATE utf8mb4_unicode_ci NOT NULL,
  `object_sub_type` varchar(32) COLLATE utf8mb4_unicode_ci DEFAULT NULL,
  `author_id` int(11) unsigned DEFAULT NULL,
  `post_parent` int(11) unsigned DEFAULT NULL,
  `title` text COLLATE utf8mb4_unicode_ci DEFAULT NULL,
  `description` mediumtext COLLATE utf8mb4_unicode_ci DEFAULT NULL,
  `breadcrumb_title` text COLLATE utf8mb4_unicode_ci DEFAULT NULL,
  `post_status` varchar(191) COLLATE utf8mb4_unicode_ci DEFAULT NULL,
  `is_public` tinyint(1) DEFAULT NULL,
  `is_protected` tinyint(1) DEFAULT 0,
  `has_public_posts` tinyint(1) DEFAULT NULL,
  `number_of_pages` int(11) unsigned DEFAULT NULL,
  `canonical` longtext COLLATE utf8mb4_unicode_ci DEFAULT NULL,
  `primary_focus_keyword` varchar(191) COLLATE utf8mb4_unicode_ci DEFAULT NULL,
  `primary_focus_keyword_score` int(3) DEFAULT NULL,
  `readability_score` int(3) DEFAULT NULL,
  `is_cornerstone` tinyint(1) DEFAULT 0,
  `is_robots_noindex` tinyint(1) DEFAULT 0,
  `is_robots_nofollow` tinyint(1) DEFAULT 0,
  `is_robots_noarchive` tinyint(1) DEFAULT 0,
  `is_robots_noimageindex` tinyint(1) DEFAULT 0,
  `is_robots_nosnippet` tinyint(1) DEFAULT 0,
  `twitter_title` text COLLATE utf8mb4_unicode_ci DEFAULT NULL,
  `twitter_image` longtext COLLATE utf8mb4_unicode_ci DEFAULT NULL,
  `twitter_description` longtext COLLATE utf8mb4_unicode_ci DEFAULT NULL,
  `twitter_image_id` varchar(191) COLLATE utf8mb4_unicode_ci DEFAULT NULL,
  `twitter_image_source` text COLLATE utf8mb4_unicode_ci DEFAULT NULL,
  `open_graph_title` text COLLATE utf8mb4_unicode_ci DEFAULT NULL,
  `open_graph_description` longtext COLLATE utf8mb4_unicode_ci DEFAULT NULL,
  `open_graph_image` longtext COLLATE utf8mb4_unicode_ci DEFAULT NULL,
  `open_graph_image_id` varchar(191) COLLATE utf8mb4_unicode_ci DEFAULT NULL,
  `open_graph_image_source` text COLLATE utf8mb4_unicode_ci DEFAULT NULL,
  `open_graph_image_meta` mediumtext COLLATE utf8mb4_unicode_ci DEFAULT NULL,
  `link_count` int(11) DEFAULT NULL,
  `incoming_link_count` int(11) DEFAULT NULL,
  `prominent_words_version` int(11) unsigned DEFAULT NULL,
  `created_at` datetime DEFAULT NULL,
  `updated_at` timestamp NOT NULL DEFAULT current_timestamp() ON UPDATE current_timestamp(),
  `blog_id` bigint(20) NOT NULL DEFAULT 1,
  `language` varchar(32) COLLATE utf8mb4_unicode_ci DEFAULT NULL,
  `region` varchar(32) COLLATE utf8mb4_unicode_ci DEFAULT NULL,
  `schema_page_type` varchar(64) COLLATE utf8mb4_unicode_ci DEFAULT NULL,
  `schema_article_type` varchar(64) COLLATE utf8mb4_unicode_ci DEFAULT NULL,
  PRIMARY KEY (`id`),
  KEY `object_type_and_sub_type` (`object_type`,`object_sub_type`),
  KEY `permalink_hash` (`permalink_hash`),
  KEY `object_id_and_type` (`object_id`,`object_type`)
) ENGINE=MyISAM AUTO_INCREMENT=50 DEFAULT CHARSET=utf8mb4 COLLATE=utf8mb4_unicode_ci;

--
-- Dumping data for table `wp51_yoast_indexable`
--

INSERT INTO `wp51_yoast_indexable` VALUES (1,'https://theworkingvoice.co.uk/author/twvadmin/','46:73600668806dd2b0696bf0e8cefa9b9b',2,'user',NULL,NULL,NULL,NULL,NULL,NULL,NULL,NULL,0,NULL,NULL,NULL,NULL,NULL,NULL,0,0,NULL,NULL,NULL,NULL,NULL,'https://secure.gravatar.com/avatar/9e7aafb263b490185198cfe40b12093b?s=500&d=mm&r=g',NULL,NULL,'gravatar-image',NULL,NULL,'https://secure.gravatar.com/avatar/9e7aafb263b490185198cfe40b12093b?s=500&d=mm&r=g',NULL,'gravatar-image',NULL,NULL,NULL,NULL,'2020-05-29 16:05:27','2020-06-09 06:26:08',1,NULL,NULL,NULL,NULL),(40,'https://theworkingvoice.co.uk/product-tag/lesson/','49:d7b10db83ec4f78ad8e1691ed1fffb40',38,'term','product_tag',NULL,NULL,NULL,NULL,'lesson',NULL,NULL,0,NULL,NULL,NULL,NULL,NULL,NULL,0,NULL,NULL,NULL,NULL,NULL,NULL,NULL,NULL,NULL,NULL,NULL,NULL,NULL,NULL,NULL,NULL,NULL,NULL,NULL,'2020-06-10 14:46:50','2020-06-10 21:46:50',1,NULL,NULL,NULL,NULL),(39,'https://theworkingvoice.co.uk/my-account/','41:d558e8f77c4f0dee50e6ab99d3b935fa',890,'post','page',2,0,NULL,NULL,'My account','publish',NULL,0,NULL,NULL,NULL,NULL,NULL,0,0,NULL,0,NULL,NULL,NULL,NULL,NULL,NULL,NULL,NULL,NULL,NULL,NULL,NULL,NULL,NULL,NULL,NULL,NULL,'2020-06-08 23:26:08','2020-06-09 06:26:08',1,NULL,NULL,NULL,NULL),(4,'https://theworkingvoice.co.uk/?post_type=shop_coupon&p=2823','59:ce0c671004c3c91c4b390d0280ffd32a',2823,'post','shop_coupon',2,0,NULL,NULL,'trial','publish',NULL,0,NULL,NULL,NULL,NULL,NULL,0,0,NULL,0,NULL,NULL,NULL,NULL,NULL,NULL,NULL,NULL,NULL,NULL,NULL,NULL,NULL,NULL,NULL,NULL,NULL,'2020-05-29 16:07:44','2020-05-29 23:24:11',1,NULL,NULL,NULL,NULL),(5,'https://theworkingvoice.co.uk/','30:ed6bf18d81da2fae102ebdb6338c4bfe',795,'post','page',2,0,NULL,NULL,'Home','publish',NULL,0,NULL,NULL,NULL,NULL,NULL,60,0,NULL,0,NULL,NULL,NULL,NULL,'https://theworkingvoice.co.uk/wp-content/uploads/2020/01/speech-bubbles.png',NULL,NULL,'first-content-image',NULL,NULL,'https://theworkingvoice.co.uk/wp-content/uploads/2020/01/speech-bubbles.png',NULL,'first-content-image',NULL,8,0,NULL,'2020-05-29 16:09:12','2020-05-29 23:09:12',1,NULL,NULL,NULL,NULL),(6,'https://theworkingvoice.co.uk/wp-content/uploads/2020/01/speech-bubbles.png','75:53ee1dd3b9fd04eed04fc4822e76cbe8',831,'post','attachment',2,795,NULL,NULL,'speech-bubbles','inherit',NULL,0,NULL,NULL,NULL,NULL,NULL,0,0,NULL,0,NULL,NULL,NULL,NULL,'https://i0.wp.com/theworkingvoice.co.uk/wp-content/uploads/2020/01/speech-bubbles.png?fit=579%2C600&ssl=1',NULL,'831','attachment-image',NULL,NULL,'https://i0.wp.com/theworkingvoice.co.uk/wp-content/uploads/2020/01/speech-bubbles.png?fit=579%2C600&ssl=1','831','attachment-image','{\"width\":579,\"height\":600,\"url\":\"https:\\/\\/i0.wp.com\\/theworkingvoice.co.uk\\/wp-content\\/uploads\\/2020\\/01\\/speech-bubbles.png?fit=579%2C600&ssl=1\",\"path\":\"\\/home\\/shaunm9\\/theworkingvoice.co.uk\\/wp-content\\/uploads\\/2020\\/01\\/speech-bubbles.png\",\"size\":\"full\",\"id\":831,\"alt\":\"Speech Bubbles\",\"pixels\":347400,\"type\":\"image\\/png\"}',NULL,NULL,NULL,'2020-05-29 16:09:12','2020-05-29 23:09:12',1,NULL,NULL,NULL,NULL),(7,NULL,NULL,NULL,'system-page','404',NULL,NULL,'Page not found %%sep%% %%sitename%%',NULL,'Error 404: Page not found',NULL,NULL,0,NULL,NULL,NULL,NULL,NULL,NULL,0,1,0,0,0,0,NULL,NULL,NULL,NULL,NULL,NULL,NULL,NULL,NULL,NULL,NULL,NULL,NULL,NULL,'2020-05-29 16:21:15','2020-08-20 19:59:11',1,NULL,NULL,NULL,NULL),(8,'https://theworkingvoice.co.uk/category/blog/','44:ba1a6f3ac7a35dd1233d2ba4a696316f',41,'term','category',NULL,NULL,NULL,NULL,'Blog',NULL,NULL,0,NULL,NULL,NULL,NULL,NULL,NULL,0,NULL,NULL,NULL,NULL,NULL,NULL,NULL,NULL,NULL,NULL,NULL,NULL,NULL,NULL,NULL,NULL,NULL,NULL,NULL,'2020-05-29 17:15:22','2020-05-30 00:15:22',1,NULL,NULL,NULL,NULL),(9,'https://theworkingvoice.co.uk/contact/','38:46a3b6fa96c58e73a378c00b607b4068',24,'post','page',2,0,NULL,NULL,'Contact','publish',NULL,0,NULL,NULL,NULL,NULL,NULL,60,0,NULL,0,NULL,NULL,NULL,NULL,'https://theworkingvoice.co.uk/wp-content/uploads/2020/01/keyboard-1.jpg',NULL,NULL,'first-content-image',NULL,NULL,'https://theworkingvoice.co.uk/wp-content/uploads/2020/01/keyboard-1.jpg',NULL,'first-content-image',NULL,1,6,NULL,'2020-05-29 17:15:26','2020-05-30 00:15:26',1,NULL,NULL,NULL,NULL),(10,'https://theworkingvoice.co.uk/wp-content/uploads/2020/01/keyboard-1.jpg','71:0aa5e73f6d4f1029f1a8ffe1749ba14e',904,'post','attachment',2,24,NULL,NULL,'keyboard','inherit',NULL,0,NULL,NULL,NULL,NULL,NULL,0,0,NULL,0,NULL,NULL,NULL,NULL,'https://i0.wp.com/theworkingvoice.co.uk/wp-content/uploads/2020/01/keyboard-1.jpg?fit=600%2C600&ssl=1',NULL,'904','attachment-image',NULL,NULL,'https://i0.wp.com/theworkingvoice.co.uk/wp-content/uploads/2020/01/keyboard-1.jpg?fit=600%2C600&ssl=1','904','attachment-image','{\"width\":600,\"height\":600,\"url\":\"https:\\/\\/i0.wp.com\\/theworkingvoice.co.uk\\/wp-content\\/uploads\\/2020\\/01\\/keyboard-1.jpg?fit=600%2C600&ssl=1\",\"path\":\"\\/home\\/shaunm9\\/theworkingvoice.co.uk\\/wp-content\\/uploads\\/2020\\/01\\/keyboard-1.jpg\",\"size\":\"full\",\"id\":904,\"alt\":\"\",\"pixels\":360000,\"type\":\"image\\/jpeg\"}',NULL,NULL,NULL,'2020-05-29 17:15:26','2020-05-30 00:15:26',1,NULL,NULL,NULL,NULL),(11,'https://theworkingvoice.co.uk/shop/','35:1d1614056b49e06876159f8db04dd33d',887,'post','page',2,0,NULL,NULL,'Shop','publish',NULL,0,NULL,NULL,NULL,NULL,NULL,0,0,NULL,0,NULL,NULL,NULL,NULL,NULL,NULL,NULL,NULL,NULL,NULL,NULL,NULL,NULL,NULL,NULL,NULL,NULL,'2020-05-29 18:26:44','2020-05-30 01:26:44',1,NULL,NULL,NULL,NULL),(12,'https://theworkingvoice.co.uk/product/individual-coaching/','58:016444983903cdc18807157b04b547e7',891,'post','product',2,0,NULL,NULL,'Individual Coaching','publish',NULL,0,NULL,NULL,NULL,NULL,NULL,30,0,NULL,0,NULL,NULL,NULL,NULL,'https://i0.wp.com/theworkingvoice.co.uk/wp-content/uploads/2020/01/1-Session.png?fit=512%2C512&ssl=1',NULL,'893','featured-image',NULL,NULL,'https://i0.wp.com/theworkingvoice.co.uk/wp-content/uploads/2020/01/1-Session.png?fit=512%2C512&ssl=1','893','featured-image','{\"width\":512,\"height\":512,\"url\":\"https:\\/\\/i0.wp.com\\/theworkingvoice.co.uk\\/wp-content\\/uploads\\/2020\\/01\\/1-Session.png?fit=512%2C512&ssl=1\",\"path\":\"\\/home\\/shaunm9\\/theworkingvoice.co.uk\\/wp-content\\/uploads\\/2020\\/01\\/1-Session.png\",\"size\":\"full\",\"id\":893,\"alt\":\"1 Session\",\"pixels\":262144,\"type\":\"image\\/png\"}',0,0,NULL,'2020-05-29 18:26:59','2020-05-30 01:26:59',1,NULL,NULL,NULL,NULL),(13,'https://theworkingvoice.co.uk/cart/','35:1c445a3d99d09978966579ee5725abb8',888,'post','page',2,0,NULL,NULL,'Cart','publish',NULL,0,NULL,NULL,NULL,NULL,NULL,0,0,NULL,0,NULL,NULL,NULL,NULL,NULL,NULL,NULL,NULL,NULL,NULL,NULL,NULL,NULL,NULL,NULL,NULL,NULL,'2020-05-29 18:27:28','2020-05-30 01:27:28',1,NULL,NULL,NULL,NULL),(14,'https://theworkingvoice.co.uk/checkout/','39:ca8fbc7b396e93df2db2783b7a8f390e',889,'post','page',2,0,NULL,NULL,'Checkout','publish',NULL,0,NULL,NULL,NULL,NULL,NULL,0,0,NULL,0,NULL,NULL,NULL,NULL,NULL,NULL,NULL,NULL,NULL,NULL,NULL,NULL,NULL,NULL,NULL,NULL,NULL,'2020-05-29 18:27:58','2020-05-30 01:27:58',1,NULL,NULL,NULL,NULL),(15,'https://theworkingvoice.co.uk/author/cgp2130682gmail-com/','57:8730adc23efa872acf91967452cc7076',3,'user',NULL,NULL,NULL,NULL,NULL,NULL,NULL,NULL,0,0,NULL,NULL,NULL,NULL,NULL,0,0,NULL,NULL,NULL,NULL,NULL,'https://secure.gravatar.com/avatar/e783e76c35afd0954a4a8b2246b9c315?s=500&d=mm&r=g',NULL,NULL,'gravatar-image',NULL,NULL,'https://secure.gravatar.com/avatar/e783e76c35afd0954a4a8b2246b9c315?s=500&d=mm&r=g',NULL,'gravatar-image',NULL,NULL,NULL,NULL,'2020-05-29 18:32:28','2020-07-07 02:52:54',1,NULL,NULL,NULL,NULL),(16,'https://theworkingvoice.co.uk/author/','37:891702cd3d58ff986b81bd3ec5ba22e3',1,'user',NULL,NULL,NULL,NULL,NULL,NULL,NULL,NULL,0,0,NULL,NULL,NULL,NULL,NULL,0,0,NULL,NULL,NULL,NULL,NULL,'https://secure.gravatar.com/avatar/?s=500&d=mm&r=g',NULL,NULL,'gravatar-image',NULL,NULL,'https://secure.gravatar.com/avatar/?s=500&d=mm&r=g',NULL,'gravatar-image',NULL,NULL,NULL,NULL,'2020-05-29 18:32:30','2020-07-07 02:52:54',1,NULL,NULL,NULL,NULL),(17,'https://theworkingvoice.co.uk/?post_type=shop_order&p=2824','58:3e93fdff142bbdec5ff899d563cb827a',2824,'post','shop_order',1,0,NULL,NULL,'Protected: Order &ndash; May 29, 2020 @ 07:32 PM','wc-on-hold',0,1,NULL,NULL,NULL,NULL,NULL,0,0,NULL,0,NULL,NULL,NULL,NULL,NULL,NULL,NULL,NULL,NULL,NULL,NULL,NULL,NULL,NULL,NULL,NULL,NULL,'2020-05-29 18:32:30','2020-05-30 01:32:30',1,NULL,NULL,NULL,NULL),(18,NULL,NULL,NULL,'system-page','search-result',NULL,NULL,'You searched for %%searchphrase%% %%page%% %%sep%% %%sitename%%',NULL,NULL,NULL,NULL,0,NULL,NULL,NULL,NULL,NULL,NULL,0,1,0,0,0,0,NULL,NULL,NULL,NULL,NULL,NULL,NULL,NULL,NULL,NULL,NULL,NULL,NULL,NULL,'2020-05-29 18:44:21','2020-08-20 19:59:11',1,NULL,NULL,NULL,NULL),(19,'https://theworkingvoice.co.uk/courses/','38:42f5159d871cc028222682f3bb4d6a3c',21,'post','page',2,0,NULL,NULL,'Courses','publish',NULL,0,NULL,NULL,NULL,NULL,NULL,30,0,NULL,0,NULL,NULL,NULL,NULL,'https://theworkingvoice.co.uk/wp-content/uploads/2020/01/Image6.png',NULL,NULL,'first-content-image',NULL,NULL,'https://theworkingvoice.co.uk/wp-content/uploads/2020/01/Image6.png',NULL,'first-content-image',NULL,13,6,NULL,'2020-05-29 19:32:42','2020-05-30 02:32:42',1,NULL,NULL,NULL,NULL),(20,'https://theworkingvoice.co.uk/wp-content/uploads/2020/01/Image6.png','67:e94f6db5b24d41fb6e5b0684d7e6ee13',907,'post','attachment',2,21,NULL,NULL,'Image6','inherit',NULL,0,NULL,NULL,NULL,NULL,NULL,0,0,NULL,0,NULL,NULL,NULL,NULL,'https://i1.wp.com/theworkingvoice.co.uk/wp-content/uploads/2020/01/Image6.png?fit=193%2C192&ssl=1',NULL,'907','attachment-image',NULL,NULL,'https://i1.wp.com/theworkingvoice.co.uk/wp-content/uploads/2020/01/Image6.png?fit=193%2C192&ssl=1','907','attachment-image','{\"width\":193,\"height\":192,\"url\":\"https:\\/\\/i1.wp.com\\/theworkingvoice.co.uk\\/wp-content\\/uploads\\/2020\\/01\\/Image6.png?fit=193%2C192&ssl=1\",\"path\":\"\\/home\\/shaunm9\\/theworkingvoice.co.uk\\/wp-content\\/uploads\\/2020\\/01\\/Image6.png\",\"size\":\"full\",\"id\":907,\"alt\":\"\",\"pixels\":37056,\"type\":\"image\\/png\"}',NULL,NULL,NULL,'2020-05-29 19:32:42','2020-05-30 02:32:42',1,NULL,NULL,NULL,NULL),(21,'https://theworkingvoice.co.uk/?post_type=shop_order&p=2825','58:c0e7094a9ffbdb45af0905d389786eca',2825,'post','shop_order',1,0,NULL,NULL,'Protected: Order &ndash; May 29, 2020 @ 08:36 PM','wc-on-hold',0,1,NULL,NULL,NULL,NULL,NULL,0,0,NULL,0,NULL,NULL,NULL,NULL,NULL,NULL,NULL,NULL,NULL,NULL,NULL,NULL,NULL,NULL,NULL,NULL,NULL,'2020-05-29 19:36:20','2020-05-30 02:36:20',1,NULL,NULL,NULL,NULL),(22,'https://theworkingvoice.co.uk/about/','36:a1a5450223dac70a965e218a2b0abe5d',20,'post','page',2,0,NULL,NULL,'About','publish',NULL,0,NULL,NULL,NULL,NULL,NULL,60,0,NULL,0,NULL,NULL,NULL,NULL,'https://theworkingvoice.co.uk/wp-content/uploads/2020/01/cropped-TWVicon-300x300-1.png',NULL,NULL,'first-content-image',NULL,NULL,'https://theworkingvoice.co.uk/wp-content/uploads/2020/01/cropped-TWVicon-300x300-1.png',NULL,'first-content-image',NULL,0,0,NULL,'2020-05-29 20:07:30','2020-05-30 03:07:30',1,NULL,NULL,NULL,NULL),(23,'https://theworkingvoice.co.uk/wp-content/uploads/2020/01/cropped-TWVicon-300x300-1.png','86:0d65506c0bc08e360279c9ae75a98630',876,'post','attachment',2,20,NULL,NULL,'The Working Voice icon','inherit',NULL,0,NULL,NULL,NULL,NULL,NULL,0,0,NULL,0,NULL,NULL,NULL,NULL,'https://i1.wp.com/theworkingvoice.co.uk/wp-content/uploads/2020/01/cropped-TWVicon-300x300-1.png?fit=300%2C300&ssl=1',NULL,'876','attachment-image',NULL,NULL,'https://i1.wp.com/theworkingvoice.co.uk/wp-content/uploads/2020/01/cropped-TWVicon-300x300-1.png?fit=300%2C300&ssl=1','876','attachment-image','{\"width\":300,\"height\":300,\"url\":\"https:\\/\\/i1.wp.com\\/theworkingvoice.co.uk\\/wp-content\\/uploads\\/2020\\/01\\/cropped-TWVicon-300x300-1.png?fit=300%2C300&ssl=1\",\"path\":\"\\/home\\/shaunm9\\/theworkingvoice.co.uk\\/wp-content\\/uploads\\/2020\\/01\\/cropped-TWVicon-300x300-1.png\",\"size\":\"full\",\"id\":876,\"alt\":\"The Working Voice icon\",\"pixels\":90000,\"type\":\"image\\/png\"}',NULL,NULL,NULL,'2020-05-29 20:07:30','2020-05-30 03:07:30',1,NULL,NULL,NULL,NULL),(24,'https://theworkingvoice.co.uk/product-category/coaching/','56:174a7f788102b4b33cdd4c8690a8149f',31,'term','product_cat',NULL,NULL,NULL,NULL,'coaching',NULL,NULL,0,NULL,NULL,NULL,NULL,NULL,NULL,0,NULL,NULL,NULL,NULL,NULL,NULL,NULL,NULL,NULL,NULL,NULL,NULL,NULL,NULL,NULL,NULL,NULL,NULL,NULL,'2020-05-29 20:14:36','2020-05-30 03:14:36',1,NULL,NULL,NULL,NULL),(25,'https://theworkingvoice.co.uk/lets-talk-about-voice/','52:5a2320b939f1d7a8d5067d3566833bf0',933,'post','post',2,0,NULL,NULL,'Let&#8217;s talk about voice&#8230;','publish',NULL,0,NULL,NULL,NULL,NULL,NULL,0,0,NULL,0,NULL,NULL,NULL,NULL,'https://i0.wp.com/theworkingvoice.co.uk/wp-content/uploads/2020/01/Lets-talk-about-VOICE-1.jpg?fit=760%2C506&ssl=1',NULL,'934','featured-image',NULL,NULL,'https://i0.wp.com/theworkingvoice.co.uk/wp-content/uploads/2020/01/Lets-talk-about-VOICE-1.jpg?fit=760%2C506&ssl=1','934','featured-image','{\"width\":760,\"height\":506,\"url\":\"https:\\/\\/i0.wp.com\\/theworkingvoice.co.uk\\/wp-content\\/uploads\\/2020\\/01\\/Lets-talk-about-VOICE-1.jpg?fit=760%2C506&ssl=1\",\"path\":\"\\/home\\/shaunm9\\/theworkingvoice.co.uk\\/wp-content\\/uploads\\/2020\\/01\\/Lets-talk-about-VOICE-1.jpg\",\"size\":\"full\",\"id\":934,\"alt\":\"Let\'s talk about VOICE\",\"pixels\":384560,\"type\":\"image\\/jpeg\"}',NULL,3,NULL,'2020-05-29 23:12:01','2020-05-30 06:12:01',1,NULL,NULL,NULL,NULL),(26,'https://theworkingvoice.co.uk/feedback/','39:997273487ccb6db5f1d6a28a78935452',982,'post','page',2,0,NULL,NULL,'feedback','publish',NULL,0,NULL,NULL,NULL,NULL,NULL,60,0,NULL,0,NULL,NULL,NULL,NULL,'https://theworkingvoice.co.uk/wp-content/uploads/2020/01/feedback-1024x931.jpg',NULL,NULL,'first-content-image',NULL,NULL,'https://theworkingvoice.co.uk/wp-content/uploads/2020/01/feedback-1024x931.jpg',NULL,'first-content-image',NULL,0,1,NULL,'2020-05-30 15:09:20','2020-05-30 22:09:20',1,NULL,NULL,NULL,NULL),(27,'https://theworkingvoice.co.uk/wp-content/uploads/2020/01/feedback.jpg','69:b147fe705a8982d7a0ebcf9be1dc5de6',999,'post','attachment',2,982,NULL,NULL,'feedback','inherit',NULL,0,NULL,NULL,NULL,NULL,NULL,0,0,NULL,0,NULL,NULL,NULL,NULL,'https://i0.wp.com/theworkingvoice.co.uk/wp-content/uploads/2020/01/feedback.jpg?fit=1200%2C1091&ssl=1',NULL,'999','attachment-image',NULL,NULL,'https://i0.wp.com/theworkingvoice.co.uk/wp-content/uploads/2020/01/feedback.jpg?fit=1200%2C1091&ssl=1','999','attachment-image','{\"width\":1200,\"height\":1091,\"url\":\"https:\\/\\/i0.wp.com\\/theworkingvoice.co.uk\\/wp-content\\/uploads\\/2020\\/01\\/feedback.jpg?fit=1200%2C1091&ssl=1\",\"path\":\"\\/home\\/shaunm9\\/theworkingvoice.co.uk\\/wp-content\\/uploads\\/2020\\/01\\/feedback.jpg\",\"size\":\"full\",\"id\":999,\"alt\":\"\",\"pixels\":1309200,\"type\":\"image\\/jpeg\"}',NULL,NULL,NULL,'2020-05-30 15:09:21','2020-05-30 22:09:21',1,NULL,NULL,NULL,NULL),(28,'https://theworkingvoice.co.uk/product-tag/accent/','49:a263c6e83d3d1eccc53d18d96c7b1f47',35,'term','product_tag',NULL,NULL,NULL,NULL,'accent',NULL,NULL,0,NULL,NULL,NULL,NULL,NULL,NULL,0,NULL,NULL,NULL,NULL,NULL,NULL,NULL,NULL,NULL,NULL,NULL,NULL,NULL,NULL,NULL,NULL,NULL,NULL,NULL,'2020-05-31 20:44:53','2020-06-01 03:44:53',1,NULL,NULL,NULL,NULL),(29,'https://theworkingvoice.co.uk/product-tag/coaching/','51:7ea967e2fe1c709c644b0ee2598c8938',32,'term','product_tag',NULL,NULL,NULL,NULL,'coaching',NULL,NULL,0,NULL,NULL,NULL,NULL,NULL,NULL,0,NULL,NULL,NULL,NULL,NULL,NULL,NULL,NULL,NULL,NULL,NULL,NULL,NULL,NULL,NULL,NULL,NULL,NULL,NULL,'2020-05-31 23:46:16','2020-06-01 06:46:16',1,NULL,NULL,NULL,NULL),(30,'https://theworkingvoice.co.uk/product-tag/voice/','48:ab4522687870c2187f2607caeb9f7ac0',37,'term','product_tag',NULL,NULL,NULL,NULL,'voice',NULL,NULL,0,NULL,NULL,NULL,NULL,NULL,NULL,0,NULL,NULL,NULL,NULL,NULL,NULL,NULL,NULL,NULL,NULL,NULL,NULL,NULL,NULL,NULL,NULL,NULL,NULL,NULL,'2020-06-01 00:11:29','2020-06-01 07:11:29',1,NULL,NULL,NULL,NULL),(31,'https://theworkingvoice.co.uk/category/uncategorized/','53:97904745796a09bb1f1aa18c6177c305',14,'term','category',NULL,NULL,NULL,NULL,'Uncategorized',NULL,NULL,0,NULL,NULL,NULL,NULL,NULL,NULL,0,NULL,NULL,NULL,NULL,NULL,NULL,NULL,NULL,NULL,NULL,NULL,NULL,NULL,NULL,NULL,NULL,NULL,NULL,NULL,'2020-06-01 11:07:48','2020-06-01 18:07:48',1,NULL,NULL,NULL,NULL),(32,'https://theworkingvoice.co.uk/blog/','35:9e299e4255640bfe9760afe34bd7fa63',981,'post','page',2,0,NULL,NULL,'Blog','publish',NULL,0,NULL,NULL,NULL,NULL,NULL,60,0,NULL,0,NULL,NULL,NULL,NULL,NULL,NULL,NULL,NULL,NULL,NULL,NULL,NULL,NULL,NULL,4,0,NULL,'2020-06-02 09:06:55','2020-06-02 16:06:55',1,NULL,NULL,NULL,NULL),(33,'https://theworkingvoice.co.uk/product/10x-individual-online-coaching-sessions/','78:bd7bb4fa07ad8c44608f48bb53fd9c91',898,'post','product',2,0,NULL,NULL,'10x Individual Online Coaching Sessions','publish',NULL,0,NULL,NULL,NULL,NULL,NULL,30,0,NULL,0,NULL,NULL,NULL,NULL,'https://theworkingvoice.co.uk/wp-content/uploads/2020/01/10-Sessions.png',NULL,'899','featured-image',NULL,NULL,'https://theworkingvoice.co.uk/wp-content/uploads/2020/01/10-Sessions.png','899','featured-image','{\"width\":512,\"height\":512,\"url\":\"https:\\/\\/theworkingvoice.co.uk\\/wp-content\\/uploads\\/2020\\/01\\/10-Sessions.png\",\"path\":\"\\/home\\/shaunm9\\/theworkingvoice.co.uk\\/wp-content\\/uploads\\/2020\\/01\\/10-Sessions.png\",\"size\":\"full\",\"id\":899,\"alt\":\"10 Sessions\",\"pixels\":262144,\"type\":\"image\\/png\"}',0,0,NULL,'2020-06-02 22:46:48','2020-06-05 20:40:35',1,NULL,NULL,NULL,NULL),(37,'https://theworkingvoice.co.uk/product-tag/group/','48:ac17d826579ec63e1c269343a9c9a8fd',39,'term','product_tag',NULL,NULL,NULL,NULL,'group',NULL,NULL,0,NULL,NULL,NULL,NULL,NULL,NULL,0,NULL,NULL,NULL,NULL,NULL,NULL,NULL,NULL,NULL,NULL,NULL,NULL,NULL,NULL,NULL,NULL,NULL,NULL,NULL,'2020-06-06 06:36:27','2020-06-06 13:36:27',1,NULL,NULL,NULL,NULL),(34,'https://theworkingvoice.co.uk/product/5x-individual-coaching-sessions/','70:4387b24d490d245150cd9e53f029825f',896,'post','product',2,0,NULL,NULL,'5x Individual Coaching Sessions','publish',NULL,0,NULL,NULL,NULL,NULL,NULL,30,0,NULL,0,NULL,NULL,NULL,NULL,'https://theworkingvoice.co.uk/wp-content/uploads/2020/01/5-Sessions.png',NULL,'897','featured-image',NULL,NULL,'https://theworkingvoice.co.uk/wp-content/uploads/2020/01/5-Sessions.png','897','featured-image','{\"width\":512,\"height\":512,\"url\":\"https:\\/\\/theworkingvoice.co.uk\\/wp-content\\/uploads\\/2020\\/01\\/5-Sessions.png\",\"path\":\"\\/home\\/shaunm9\\/theworkingvoice.co.uk\\/wp-content\\/uploads\\/2020\\/01\\/5-Sessions.png\",\"size\":\"full\",\"id\":897,\"alt\":\"5 Sessions\",\"pixels\":262144,\"type\":\"image\\/png\"}',0,0,NULL,'2020-06-05 04:47:00','2020-06-05 20:38:35',1,NULL,NULL,NULL,NULL),(35,'https://theworkingvoice.co.uk/product/group-workshops/','54:e9cbe38805004b3b7545cb3abba06d19',900,'post','product',2,0,NULL,NULL,'Group Workshops','publish',NULL,0,NULL,NULL,NULL,NULL,NULL,30,0,NULL,0,NULL,NULL,NULL,NULL,'https://i0.wp.com/theworkingvoice.co.uk/wp-content/uploads/2020/01/group.jpg?fit=920%2C880&ssl=1',NULL,'901','featured-image',NULL,NULL,'https://i0.wp.com/theworkingvoice.co.uk/wp-content/uploads/2020/01/group.jpg?fit=920%2C880&ssl=1','901','featured-image','{\"width\":920,\"height\":880,\"url\":\"https:\\/\\/i0.wp.com\\/theworkingvoice.co.uk\\/wp-content\\/uploads\\/2020\\/01\\/group.jpg?fit=920%2C880&ssl=1\",\"path\":\"\\/home\\/shaunm9\\/theworkingvoice.co.uk\\/wp-content\\/uploads\\/2020\\/01\\/group.jpg\",\"size\":\"full\",\"id\":901,\"alt\":\"group workshops\",\"pixels\":809600,\"type\":\"image\\/jpeg\"}',0,0,NULL,'2020-06-05 04:47:03','2020-06-05 11:47:03',1,NULL,NULL,NULL,NULL),(36,'https://theworkingvoice.co.uk/product-tag/acting/','49:152e1a99ba559c4b8e80c7a3744ba32c',36,'term','product_tag',NULL,NULL,NULL,NULL,'acting',NULL,NULL,0,NULL,NULL,NULL,NULL,NULL,NULL,0,NULL,NULL,NULL,NULL,NULL,NULL,NULL,NULL,NULL,NULL,NULL,NULL,NULL,NULL,NULL,NULL,NULL,NULL,NULL,'2020-06-05 05:03:59','2020-06-05 12:03:59',1,NULL,NULL,NULL,NULL),(38,'https://theworkingvoice.co.uk/?post_type=shop_order&p=2826','58:385e889d7224598a2c910836661e80e1',2826,'post','shop_order',1,0,NULL,NULL,'Protected: Order &ndash; June 6, 2020 @ 06:56 PM','wc-on-hold',0,1,NULL,NULL,NULL,NULL,NULL,0,0,NULL,0,NULL,NULL,NULL,NULL,NULL,NULL,NULL,NULL,NULL,NULL,NULL,NULL,NULL,NULL,NULL,NULL,NULL,'2020-06-06 17:56:33','2020-06-07 00:56:33',1,NULL,NULL,NULL,NULL),(41,'https://theworkingvoice.co.uk/product-tag/workshop/','51:75c0b99b6650012926ec955a6d326cae',40,'term','product_tag',NULL,NULL,NULL,NULL,'workshop',NULL,NULL,0,NULL,NULL,NULL,NULL,NULL,NULL,0,NULL,NULL,NULL,NULL,NULL,NULL,NULL,NULL,NULL,NULL,NULL,NULL,NULL,NULL,NULL,NULL,NULL,NULL,NULL,'2020-06-16 12:08:46','2020-06-16 19:08:46',1,NULL,NULL,NULL,NULL),(42,NULL,NULL,NULL,'date-archive',NULL,NULL,NULL,'%%date%% %%page%% %%sep%% %%sitename%%','Voice coaching can help you use your instrument to its full potential. We specialise in accent reduction, public speaking, effective communication, accents & dialects for actors and audition preparations. If you don\'t like what you hear when you open your mouth, we can help!',NULL,NULL,0,0,NULL,NULL,NULL,NULL,NULL,NULL,0,1,0,0,0,0,NULL,NULL,NULL,NULL,NULL,NULL,NULL,NULL,NULL,NULL,NULL,NULL,NULL,NULL,'2020-06-19 01:04:44','2020-08-20 19:59:11',1,NULL,NULL,NULL,NULL),(43,'https://theworkingvoice.co.uk/tag/accent/','41:744afdff1de597fb7c7c74460eeefc95',43,'term','post_tag',NULL,NULL,NULL,NULL,'accent',NULL,NULL,0,NULL,NULL,NULL,NULL,NULL,NULL,0,NULL,NULL,NULL,NULL,NULL,NULL,NULL,NULL,NULL,NULL,NULL,NULL,NULL,NULL,NULL,NULL,NULL,NULL,NULL,'2020-06-19 11:19:52','2020-06-19 18:19:52',1,NULL,NULL,NULL,NULL),(44,'https://theworkingvoice.co.uk/tag/coaching/','43:7031276cce3c2134be1c29c6a4e2af64',45,'term','post_tag',NULL,NULL,NULL,NULL,'coaching',NULL,NULL,0,NULL,NULL,NULL,NULL,NULL,NULL,0,NULL,NULL,NULL,NULL,NULL,NULL,NULL,NULL,NULL,NULL,NULL,NULL,NULL,NULL,NULL,NULL,NULL,NULL,NULL,'2020-06-21 05:04:11','2020-06-21 12:04:11',1,NULL,NULL,NULL,NULL),(45,'https://theworkingvoice.co.uk/tag/dialect/','42:5bf2904fdc320d8f404408c324f77461',44,'term','post_tag',NULL,NULL,NULL,NULL,'dialect',NULL,NULL,0,NULL,NULL,NULL,NULL,NULL,NULL,0,NULL,NULL,NULL,NULL,NULL,NULL,NULL,NULL,NULL,NULL,NULL,NULL,NULL,NULL,NULL,NULL,NULL,NULL,NULL,'2020-06-24 07:38:42','2020-06-24 14:38:42',1,NULL,NULL,NULL,NULL),(46,'https://theworkingvoice.co.uk/tag/voice/','40:120bfecdca21191e58fce81c3d9baae1',42,'term','post_tag',NULL,NULL,NULL,NULL,'voice',NULL,NULL,0,NULL,NULL,NULL,NULL,NULL,NULL,0,NULL,NULL,NULL,NULL,NULL,NULL,NULL,NULL,NULL,NULL,NULL,NULL,NULL,NULL,NULL,NULL,NULL,NULL,NULL,'2020-06-24 07:39:30','2020-06-24 14:39:30',1,NULL,NULL,NULL,NULL),(47,'https://theworkingvoice.co.uk/tag/training/','43:dbf71c6e6895e67dd3ebefc6c42a518a',46,'term','post_tag',NULL,NULL,NULL,NULL,'training',NULL,NULL,0,NULL,NULL,NULL,NULL,NULL,NULL,0,NULL,NULL,NULL,NULL,NULL,NULL,NULL,NULL,NULL,NULL,NULL,NULL,NULL,NULL,NULL,NULL,NULL,NULL,NULL,'2020-06-25 05:54:26','2020-06-25 12:54:26',1,NULL,NULL,NULL,NULL),(48,'https://theworkingvoice.co.uk/?post_type=shop_order&p=2827','58:74f0e5156b3d89710245f98900b59d4b',2827,'post','shop_order',1,0,NULL,NULL,'Protected: Order &ndash; July 6, 2020 @ 08:52 PM','wc-on-hold',0,1,NULL,NULL,NULL,NULL,NULL,0,0,NULL,0,NULL,NULL,NULL,NULL,NULL,NULL,NULL,NULL,NULL,NULL,NULL,NULL,NULL,NULL,NULL,NULL,NULL,'2020-07-06 19:52:54','2020-07-07 02:52:54',1,NULL,NULL,NULL,NULL),(49,'https://theworkingvoice.co.uk/category/uncategorised/','53:cc29fa393b4edf7ce99c164391f892ae',1,'term','category',NULL,NULL,NULL,NULL,'Uncategorised',NULL,NULL,0,NULL,NULL,NULL,NULL,NULL,NULL,0,NULL,NULL,NULL,NULL,NULL,NULL,NULL,NULL,NULL,NULL,NULL,NULL,NULL,NULL,NULL,NULL,NULL,NULL,NULL,'2020-08-03 04:42:33','2020-08-03 11:42:33',1,NULL,NULL,NULL,NULL);

-- Dumped table `wp51_yoast_indexable` with 47 row(s)
--

--
-- Table structure for table `wp51_yoast_indexable_hierarchy`
--

CREATE TABLE `wp51_yoast_indexable_hierarchy` (
  `indexable_id` int(11) unsigned NOT NULL,
  `ancestor_id` int(11) unsigned NOT NULL,
  `depth` int(11) unsigned DEFAULT NULL,
  `blog_id` bigint(20) NOT NULL DEFAULT 1,
  PRIMARY KEY (`indexable_id`,`ancestor_id`),
  KEY `indexable_id` (`indexable_id`),
  KEY `ancestor_id` (`ancestor_id`),
  KEY `depth` (`depth`)
) ENGINE=MyISAM DEFAULT CHARSET=utf8mb4 COLLATE=utf8mb4_unicode_ci;

--
-- Dumping data for table `wp51_yoast_indexable_hierarchy`
--

INSERT INTO `wp51_yoast_indexable_hierarchy` VALUES (6,5,1,1),(10,9,1,1),(20,19,1,1),(23,22,1,1),(27,26,1,1);

-- Dumped table `wp51_yoast_indexable_hierarchy` with 5 row(s)
--

--
-- Table structure for table `wp51_yoast_migrations`
--

CREATE TABLE `wp51_yoast_migrations` (
  `id` int(11) unsigned NOT NULL AUTO_INCREMENT,
  `version` varchar(191) COLLATE utf8mb4_unicode_ci DEFAULT NULL,
  PRIMARY KEY (`id`),
  UNIQUE KEY `idx_wp51_yoast_migrations_version` (`version`)
) ENGINE=MyISAM AUTO_INCREMENT=14 DEFAULT CHARSET=utf8mb4 COLLATE=utf8mb4_unicode_ci;

--
-- Dumping data for table `wp51_yoast_migrations`
--

INSERT INTO `wp51_yoast_migrations` VALUES (1,'20171228151840'),(2,'20171228151841'),(3,'20190529075038'),(4,'20191011111109'),(5,'20200408101900'),(6,'20200420073606'),(7,'20200428123747'),(8,'20200428194858'),(9,'20200429105310'),(10,'20200430075614'),(11,'20200430150130'),(12,'20200507054848'),(13,'20200513133401');

-- Dumped table `wp51_yoast_migrations` with 13 row(s)
--

--
-- Table structure for table `wp51_yoast_primary_term`
--

CREATE TABLE `wp51_yoast_primary_term` (
  `id` int(11) unsigned NOT NULL AUTO_INCREMENT,
  `post_id` int(11) unsigned NOT NULL,
  `term_id` int(11) unsigned NOT NULL,
  `taxonomy` varchar(32) COLLATE utf8mb4_unicode_ci NOT NULL,
  `created_at` datetime DEFAULT NULL,
  `updated_at` timestamp NOT NULL DEFAULT current_timestamp() ON UPDATE current_timestamp(),
  `blog_id` bigint(20) NOT NULL DEFAULT 1,
  PRIMARY KEY (`id`),
  KEY `post_taxonomy` (`post_id`,`taxonomy`),
  KEY `post_term` (`post_id`,`term_id`)
) ENGINE=MyISAM DEFAULT CHARSET=utf8mb4 COLLATE=utf8mb4_unicode_ci;

--
-- Dumping data for table `wp51_yoast_primary_term`
--


-- Dumped table `wp51_yoast_primary_term` with 0 row(s)
--

--
-- Table structure for table `wp51_yoast_seo_links`
--

CREATE TABLE `wp51_yoast_seo_links` (
  `id` bigint(20) unsigned NOT NULL AUTO_INCREMENT,
  `url` varchar(255) COLLATE utf8mb4_unicode_ci NOT NULL,
  `post_id` bigint(20) unsigned NOT NULL,
  `target_post_id` bigint(20) unsigned NOT NULL,
  `type` varchar(8) COLLATE utf8mb4_unicode_ci NOT NULL,
  PRIMARY KEY (`id`),
  KEY `link_direction` (`post_id`,`type`)
) ENGINE=MyISAM AUTO_INCREMENT=301 DEFAULT CHARSET=utf8mb4 COLLATE=utf8mb4_unicode_ci;

--
-- Dumping data for table `wp51_yoast_seo_links`
--

INSERT INTO `wp51_yoast_seo_links` VALUES (254,'https://theworkingvoice.co.uk/shop/',21,0,'internal'),(255,'https://theworkingvoice.co.uk/shop/',21,0,'internal'),(256,'https://hbr.org/2017/04/a-face-to-face-request-is-34-times-more-successful-than-an-email',21,0,'external'),(251,'https://theworkingvoice.co.uk/shop/',21,0,'internal'),(252,'https://theworkingvoice.co.uk/shop/',21,0,'internal'),(253,'https://theworkingvoice.co.uk/shop/',21,0,'internal'),(32,'https://www.youtube.com/channel/UCd2xYanFf-ADFHe6Oei-Sbg?',443,0,'external'),(31,'https://twitter.com/theworkingvoice',443,0,'external'),(30,'https://www.facebook.com/TheWorkingVoiceCoach/',443,0,'external'),(29,'https://theworkingvoice.co.uk/contact/',443,24,'internal'),(33,'skype:mrshaunmorton?chat',443,0,'external'),(300,'https://twitter.com/Joloxton',20,0,'external'),(250,'https://theworkingvoice.co.uk/shop/',21,0,'internal'),(299,'mailto:contact@theworkingvoice.co.uk',20,0,'external'),(298,'https://twitter.com/shaun_morton',20,0,'external'),(297,'mailto:contact@theworkingvoice.co.uk',20,0,'external'),(248,'https://theworkingvoice.co.uk/shop/',21,0,'internal'),(76,'#',24,0,'internal'),(77,'https://www.facebook.com/TheWorkingVoiceCoach/',24,0,'external'),(78,'https://twitter.com/theworkingvoice',24,0,'external'),(79,'https://www.youtube.com/channel/UCd2xYanFf-ADFHe6Oei-Sbg?',24,0,'external'),(80,'skype:mrshaunmorton?chat',24,0,'external'),(81,'skype:mrshaunmorton?chat',24,0,'external'),(257,'https://theworkingvoice.co.uk/contact/',21,24,'internal'),(249,'https://theworkingvoice.co.uk/shop/',21,0,'internal'),(288,'https://theworkingvoice.co.uk/courses/#individual',795,21,'internal'),(287,'https://theworkingvoice.co.uk/courses/#group',795,21,'internal'),(285,'skype:mrshaunmorton?chat',795,0,'external'),(286,'https://theworkingvoice.co.uk/feedback/',795,982,'internal'),(284,'https://theworkingvoice.co.uk/courses/',795,21,'internal'),(283,'https://theworkingvoice.co.uk/courses/',795,21,'internal'),(282,'https://theworkingvoice.co.uk/courses/',795,21,'internal'),(281,'https://theworkingvoice.co.uk/courses/',795,21,'internal'),(280,'https://theworkingvoice.co.uk/shop/',795,0,'internal'),(165,'https://theworkingvoice.co.uk/lets-talk-about-voice/',981,933,'internal'),(164,'https://theworkingvoice.co.uk/category/blog/',981,0,'internal'),(163,'https://theworkingvoice.co.uk/lets-talk-about-voice/',981,933,'internal'),(162,'https://theworkingvoice.co.uk/lets-talk-about-voice/',981,933,'internal'),(259,'https://theworkingvoice.co.uk/contact/',21,24,'internal'),(258,'https://theworkingvoice.co.uk/contact/',21,24,'internal'),(260,'https://theworkingvoice.co.uk/contact/',21,24,'internal'),(261,'https://theworkingvoice.co.uk/contact/',21,24,'internal');

-- Dumped table `wp51_yoast_seo_links` with 42 row(s)
--

--
-- Table structure for table `wp51_yoast_seo_meta`
--

CREATE TABLE `wp51_yoast_seo_meta` (
  `object_id` bigint(20) unsigned NOT NULL,
  `internal_link_count` int(10) unsigned DEFAULT NULL,
  `incoming_link_count` int(10) unsigned DEFAULT NULL,
  UNIQUE KEY `object_id` (`object_id`)
) ENGINE=MyISAM DEFAULT CHARSET=utf8mb4 COLLATE=utf8mb4_unicode_ci;

--
-- Dumping data for table `wp51_yoast_seo_meta`
--

INSERT INTO `wp51_yoast_seo_meta` VALUES (6,0,0),(21,13,6),(24,1,6),(52,0,0),(53,0,0),(56,0,0),(57,0,0),(67,0,0),(68,0,0),(69,0,0),(70,0,0),(71,0,0),(73,0,0),(74,0,0),(75,0,0),(77,0,0),(78,0,0),(81,0,0),(88,0,0),(89,0,0),(98,0,0),(99,0,0),(100,0,0),(101,0,0),(104,0,0),(105,0,0),(141,0,0),(180,0,0),(263,0,0),(270,0,0),(271,0,0),(272,0,0),(273,0,0),(274,0,0),(275,0,0),(276,0,0),(277,0,0),(278,0,0),(279,0,0),(280,0,0),(281,0,0),(282,0,0),(283,0,0),(284,0,0),(285,0,0),(286,0,0),(287,0,0),(288,0,0),(289,0,0),(290,0,0),(291,0,0),(292,0,0),(293,0,0),(294,0,0),(296,0,0),(298,0,0),(300,0,0),(372,0,0),(373,0,0),(375,0,0),(376,0,0),(377,0,0),(385,0,0),(386,0,0),(389,0,0),(390,0,0),(391,0,0),(392,0,0),(749,0,0),(761,0,0),(762,0,0),(763,0,0),(764,0,0),(765,0,0),(766,0,0),(767,0,0),(768,0,0),(769,0,0),(770,0,0),(771,0,0),(772,0,0),(773,0,0),(774,0,0),(775,0,0),(776,0,0),(778,0,0),(783,0,0),(794,0,0),(796,0,0),(802,0,0),(803,0,0),(804,0,0),(805,0,0),(806,0,0),(807,0,0),(808,0,0),(809,0,0),(810,0,0),(811,0,0),(812,0,0),(813,0,0),(814,0,0),(815,0,0),(816,0,0),(817,0,0),(818,0,0),(819,0,0),(820,0,0),(821,0,0),(822,0,0),(823,0,0),(824,0,0),(825,0,0),(828,0,0),(839,0,0),(847,0,0),(848,0,0),(850,0,0),(851,0,0),(855,0,0),(856,0,0),(868,0,0),(915,0,0),(916,0,0),(917,0,0),(918,0,0),(920,0,0),(443,1,0),(964,0,0),(20,0,0),(967,0,0),(795,8,0),(968,0,0),(979,0,0),(981,4,0),(982,0,1),(933,NULL,3),(891,0,0),(896,0,0),(898,0,0),(900,0,0),(986,0,0),(1000,0,0),(1004,0,0),(4,0,0),(894,0,0),(895,0,0),(991,0,0),(943,0,0),(1019,0,0),(1287,0,0),(1283,0,0),(295,0,0),(826,0,0),(835,0,0),(877,0,0),(879,0,0),(932,0,0),(1,0,0),(937,0,0),(892,0,0),(963,0,0),(976,0,0),(969,0,0),(264,0,0),(2,0,0),(992,0,0),(977,0,0),(944,0,0),(945,0,0),(946,0,0),(947,0,0),(949,0,0),(951,0,0),(950,0,0),(952,0,0),(953,0,0),(954,0,0),(955,0,0),(956,0,0),(957,0,0),(958,0,0),(959,0,0),(960,0,0),(961,0,0),(962,0,0),(978,0,0),(970,0,0),(971,0,0),(993,0,0),(994,0,0),(995,0,0),(989,0,0),(990,0,0),(997,0,0),(998,0,0),(1009,0,0),(1010,0,0),(1011,0,0),(1012,0,0),(1014,0,0),(1015,0,0),(1016,0,0),(1017,0,0),(1023,0,0),(1024,0,0),(1025,0,0),(1026,0,0),(1027,0,0),(1028,0,0),(1029,0,0),(1030,0,0),(1031,0,0),(1032,0,0),(1033,0,0),(1034,0,0),(1035,0,0),(1036,0,0),(1037,0,0),(1038,0,0),(1039,0,0),(1040,0,0),(1041,0,0),(1042,0,0),(1043,0,0),(1044,0,0),(1045,0,0),(1046,0,0),(1047,0,0),(1048,0,0),(1049,0,0),(1050,0,0),(1051,0,0),(1052,0,0),(1053,0,0),(1054,0,0),(1055,0,0),(1056,0,0),(1057,0,0),(1058,0,0),(1059,0,0),(1060,0,0),(1061,0,0),(1062,0,0),(1063,0,0),(1064,0,0),(1065,0,0),(1066,0,0),(1067,0,0),(1068,0,0),(1069,0,0),(1070,0,0),(1071,0,0),(1072,0,0),(1073,0,0),(1074,0,0),(1075,0,0),(1076,0,0),(1077,0,0),(1078,0,0),(1079,0,0),(1080,0,0),(1081,0,0),(1082,0,0),(1083,0,0),(1084,0,0),(1085,0,0),(1086,0,0),(1087,0,0),(1088,0,0),(1089,0,0),(1090,0,0),(1091,0,0),(1092,0,0),(1093,0,0),(1094,0,0),(1095,0,0),(1096,0,0),(1097,0,0),(1098,0,0),(1099,0,0),(1100,0,0),(1101,0,0),(1102,0,0),(1103,0,0),(1104,0,0),(1105,0,0),(1106,0,0),(1107,0,0),(1108,0,0),(1109,0,0),(1110,0,0),(1111,0,0),(1112,0,0),(1113,0,0),(1114,0,0),(1115,0,0),(1116,0,0),(1117,0,0),(1118,0,0),(1119,0,0),(1120,0,0),(1121,0,0),(1122,0,0),(1123,0,0),(1124,0,0),(1125,0,0),(1126,0,0),(1127,0,0),(1128,0,0),(1129,0,0),(1130,0,0),(1131,0,0),(1132,0,0),(1133,0,0),(1134,0,0),(1135,0,0),(1136,0,0),(1137,0,0),(1138,0,0),(1139,0,0),(1140,0,0),(1141,0,0),(1142,0,0),(1143,0,0),(1144,0,0),(1145,0,0),(1146,0,0),(1147,0,0),(1148,0,0),(1149,0,0),(1150,0,0),(1151,0,0),(1152,0,0),(1153,0,0),(1154,0,0),(1155,0,0),(1156,0,0),(1157,0,0),(1158,0,0),(1159,0,0),(1160,0,0),(1161,0,0),(1162,0,0),(1163,0,0),(1164,0,0),(1165,0,0),(1166,0,0),(1167,0,0),(1168,0,0),(1169,0,0),(1170,0,0),(1171,0,0),(1172,0,0),(1173,0,0),(1174,0,0),(1175,0,0),(1176,0,0),(1177,0,0),(1178,0,0),(1179,0,0),(1180,0,0),(1181,0,0),(1182,0,0),(1183,0,0),(1184,0,0),(1185,0,0),(1186,0,0),(1187,0,0),(1188,0,0),(1189,0,0),(1190,0,0),(1191,0,0),(1192,0,0),(1193,0,0),(1194,0,0),(1195,0,0),(1196,0,0),(1197,0,0),(1198,0,0),(1199,0,0),(1200,0,0),(1201,0,0),(1202,0,0),(1203,0,0),(1204,0,0),(1205,0,0),(1206,0,0),(1207,0,0),(1208,0,0),(1209,0,0),(1210,0,0),(1211,0,0),(1212,0,0),(1213,0,0),(1214,0,0),(1215,0,0),(1216,0,0),(1217,0,0),(1218,0,0),(1219,0,0),(1220,0,0),(1221,0,0),(1222,0,0),(1223,0,0),(1224,0,0),(1225,0,0),(1226,0,0),(1227,0,0),(1228,0,0),(1229,0,0),(1230,0,0),(1231,0,0),(1232,0,0),(1233,0,0),(1234,0,0),(1235,0,0),(1236,0,0),(1237,0,0),(1238,0,0),(1239,0,0),(1240,0,0),(1241,0,0),(1242,0,0),(1243,0,0),(1244,0,0),(1245,0,0),(1246,0,0),(1247,0,0),(1248,0,0),(1249,0,0),(1250,0,0),(1251,0,0),(1252,0,0),(1253,0,0),(1254,0,0),(1255,0,0),(1256,0,0),(1257,0,0),(1258,0,0),(1259,0,0),(1263,0,0),(1260,0,0),(1261,0,0),(1267,0,0),(1269,0,0),(1268,0,0),(1266,0,0),(1279,0,0),(1277,0,0),(2202,0,0),(1264,0,0),(1265,0,0),(1272,0,0),(1273,0,0),(1274,0,0),(1270,0,0),(1271,0,0),(1278,0,0),(1280,0,0),(1281,0,0),(1282,0,0),(1275,0,0),(1276,0,0),(1285,0,0),(1286,0,0),(1290,0,0),(1291,0,0),(1292,0,0),(1293,0,0),(1294,0,0),(1295,0,0),(1296,0,0),(1297,0,0),(1298,0,0),(1299,0,0),(1300,0,0),(1301,0,0),(1302,0,0),(1303,0,0),(1304,0,0),(1305,0,0),(1306,0,0),(1307,0,0),(1308,0,0),(1309,0,0),(1310,0,0),(1311,0,0),(1312,0,0),(1313,0,0),(1314,0,0),(1315,0,0),(1316,0,0),(1317,0,0),(1318,0,0),(1319,0,0),(1320,0,0),(1321,0,0),(1322,0,0),(1323,0,0),(1324,0,0),(1325,0,0),(1326,0,0),(1327,0,0),(1328,0,0),(1329,0,0),(1330,0,0),(1331,0,0),(1332,0,0),(1333,0,0),(1334,0,0),(1335,0,0),(1336,0,0),(1337,0,0),(1338,0,0),(1339,0,0),(1340,0,0),(1341,0,0),(1342,0,0),(1343,0,0),(1344,0,0),(1345,0,0),(1346,0,0),(1347,0,0),(1348,0,0),(1349,0,0),(1350,0,0),(1351,0,0),(1352,0,0),(1353,0,0),(1354,0,0),(1355,0,0),(1356,0,0),(1357,0,0),(1358,0,0),(1359,0,0),(1360,0,0),(1361,0,0),(1362,0,0),(1363,0,0),(1364,0,0),(1365,0,0),(1366,0,0),(1367,0,0),(1368,0,0),(1369,0,0),(1370,0,0),(1371,0,0),(1372,0,0),(1373,0,0),(1374,0,0),(1375,0,0),(1376,0,0),(1377,0,0),(1378,0,0),(1379,0,0),(1380,0,0),(1381,0,0),(1382,0,0),(1383,0,0),(1384,0,0),(1385,0,0),(1386,0,0),(1387,0,0),(1388,0,0),(1389,0,0),(1390,0,0),(1391,0,0),(1392,0,0),(1393,0,0),(1394,0,0),(1395,0,0),(1396,0,0),(1397,0,0),(1398,0,0),(1399,0,0),(1400,0,0),(1401,0,0),(1402,0,0),(1403,0,0),(1404,0,0),(1405,0,0),(1406,0,0),(1407,0,0),(1408,0,0),(1409,0,0),(1410,0,0),(1411,0,0),(1412,0,0),(1413,0,0),(1414,0,0),(1415,0,0),(1416,0,0),(1417,0,0),(1418,0,0),(1419,0,0),(1420,0,0),(1421,0,0),(1422,0,0),(1423,0,0),(1424,0,0),(1425,0,0),(1426,0,0),(1427,0,0),(1428,0,0),(1429,0,0),(1430,0,0),(1431,0,0),(1432,0,0),(1433,0,0),(1434,0,0),(1435,0,0),(1436,0,0),(1437,0,0),(1438,0,0),(1439,0,0),(1440,0,0),(1441,0,0),(1442,0,0),(1443,0,0),(1444,0,0),(1445,0,0),(1446,0,0),(1447,0,0),(1448,0,0),(1449,0,0),(1450,0,0),(1451,0,0),(1452,0,0),(1453,0,0),(1454,0,0),(1455,0,0),(1456,0,0),(1457,0,0),(1458,0,0),(1459,0,0),(1460,0,0),(1461,0,0),(1462,0,0),(1463,0,0),(1464,0,0),(1465,0,0),(1466,0,0),(1467,0,0),(1468,0,0),(1469,0,0),(1470,0,0),(1471,0,0),(1472,0,0),(1473,0,0),(1474,0,0),(1475,0,0),(1476,0,0),(1477,0,0),(1478,0,0),(1479,0,0),(1480,0,0),(1481,0,0),(1482,0,0),(1483,0,0),(1484,0,0),(1485,0,0),(1486,0,0),(1487,0,0),(1488,0,0),(1489,0,0),(1490,0,0),(1491,0,0),(1492,0,0),(1493,0,0),(1494,0,0),(1495,0,0),(1496,0,0),(1497,0,0),(1498,0,0),(1499,0,0),(1500,0,0),(1501,0,0),(1502,0,0),(1503,0,0),(1504,0,0),(1505,0,0),(1506,0,0),(1507,0,0),(1508,0,0),(1509,0,0),(1510,0,0),(1511,0,0),(1512,0,0),(1513,0,0),(1514,0,0),(1515,0,0),(1516,0,0),(1517,0,0),(1518,0,0),(1519,0,0),(1520,0,0),(1521,0,0),(1522,0,0),(1523,0,0),(1524,0,0),(1525,0,0),(1526,0,0),(1527,0,0),(1528,0,0),(1529,0,0),(1530,0,0),(1531,0,0),(1532,0,0),(1533,0,0),(1534,0,0),(1535,0,0),(1536,0,0),(1537,0,0),(1538,0,0),(1539,0,0),(1540,0,0),(1541,0,0),(1542,0,0),(1543,0,0),(1544,0,0),(1545,0,0),(1546,0,0),(1547,0,0),(1548,0,0),(1549,0,0),(1550,0,0),(1551,0,0),(1552,0,0),(1553,0,0),(1554,0,0),(1555,0,0),(1556,0,0),(1557,0,0),(1558,0,0),(1559,0,0),(1560,0,0),(1561,0,0),(1562,0,0),(1563,0,0),(1564,0,0),(1565,0,0),(1566,0,0),(1567,0,0),(1568,0,0),(1569,0,0),(1570,0,0),(1571,0,0),(1572,0,0),(1573,0,0),(1574,0,0),(1575,0,0),(1576,0,0),(1577,0,0),(1578,0,0),(1579,0,0),(1580,0,0),(1581,0,0),(1582,0,0),(1583,0,0),(1584,0,0),(1585,0,0),(1586,0,0),(1587,0,0),(1588,0,0),(1589,0,0),(1590,0,0),(1591,0,0),(1592,0,0),(1593,0,0),(1594,0,0),(1595,0,0),(1596,0,0),(1597,0,0),(1598,0,0),(1599,0,0),(1600,0,0),(1601,0,0),(1602,0,0),(1603,0,0),(1604,0,0),(1605,0,0),(2815,0,0),(2816,0,0),(1606,0,0),(1607,0,0),(1608,0,0),(1609,0,0),(1610,0,0),(1611,0,0),(1613,0,0),(1612,0,0),(1614,0,0),(1615,0,0),(1616,0,0),(1617,0,0),(1618,0,0),(1619,0,0),(1621,0,0),(1620,0,0),(1622,0,0),(1623,0,0),(1624,0,0),(1625,0,0),(1626,0,0),(1627,0,0),(1629,0,0),(1628,0,0),(1630,0,0),(1631,0,0),(1632,0,0),(1633,0,0),(1634,0,0),(1635,0,0),(1637,0,0),(1636,0,0),(1638,0,0),(1639,0,0),(1640,0,0),(1641,0,0),(1642,0,0),(1643,0,0),(1645,0,0),(1644,0,0),(1646,0,0),(1647,0,0),(1648,0,0),(1649,0,0),(1650,0,0),(1651,0,0),(1653,0,0),(1652,0,0),(1654,0,0),(1655,0,0),(1656,0,0),(1657,0,0),(1658,0,0),(1659,0,0),(1661,0,0),(1660,0,0),(1662,0,0),(1663,0,0),(1664,0,0),(1665,0,0),(1666,0,0),(1667,0,0),(1669,0,0),(1668,0,0),(1670,0,0),(1671,0,0),(1672,0,0),(1673,0,0),(1674,0,0),(1675,0,0),(1677,0,0),(1676,0,0),(1678,0,0),(1679,0,0),(1680,0,0),(1681,0,0),(1682,0,0),(1683,0,0),(1685,0,0),(1684,0,0),(1686,0,0),(1687,0,0),(1688,0,0),(1689,0,0),(1690,0,0),(1691,0,0),(1693,0,0),(1692,0,0),(1694,0,0),(1695,0,0),(1696,0,0),(1697,0,0),(1698,0,0),(1699,0,0),(1701,0,0),(1700,0,0),(1702,0,0),(1703,0,0),(1704,0,0),(1705,0,0),(1706,0,0),(1707,0,0),(1709,0,0),(1708,0,0),(1710,0,0),(1711,0,0),(1712,0,0),(1713,0,0),(1714,0,0),(1715,0,0),(1716,0,0),(1717,0,0),(1718,0,0),(1719,0,0),(1720,0,0),(1721,0,0),(1722,0,0),(1723,0,0),(1724,0,0),(1725,0,0),(1726,0,0),(1727,0,0),(1728,0,0),(1729,0,0),(1731,0,0),(1730,0,0),(1732,0,0),(1733,0,0),(1734,0,0),(1735,0,0),(1736,0,0),(1737,0,0),(1738,0,0),(1739,0,0),(1740,0,0),(1741,0,0),(1742,0,0),(1743,0,0),(1744,0,0),(1745,0,0),(1747,0,0),(1746,0,0),(1748,0,0),(1749,0,0),(1750,0,0),(1751,0,0),(1752,0,0),(1753,0,0),(1755,0,0),(1754,0,0),(1756,0,0),(1757,0,0),(1758,0,0),(1759,0,0),(1760,0,0),(1761,0,0),(1763,0,0),(1762,0,0),(1764,0,0),(1765,0,0),(1766,0,0),(1767,0,0),(1768,0,0),(1769,0,0),(1771,0,0),(1770,0,0),(1772,0,0),(1773,0,0),(1774,0,0),(1775,0,0),(1776,0,0),(1777,0,0),(1779,0,0),(1778,0,0),(1780,0,0),(1781,0,0),(1782,0,0),(1783,0,0),(1784,0,0),(1785,0,0),(1786,0,0),(1787,0,0),(1788,0,0),(1789,0,0),(1790,0,0),(1791,0,0),(1792,0,0),(1793,0,0),(1795,0,0),(1794,0,0),(1796,0,0),(1797,0,0),(1798,0,0),(1799,0,0),(1800,0,0),(1801,0,0),(1803,0,0),(1802,0,0),(1804,0,0),(1805,0,0),(1806,0,0),(1807,0,0),(1808,0,0),(1809,0,0),(1811,0,0),(1810,0,0),(1812,0,0),(1813,0,0),(1814,0,0),(1815,0,0),(1816,0,0),(1817,0,0),(1818,0,0),(1819,0,0),(1820,0,0),(1821,0,0),(1822,0,0),(1823,0,0),(1824,0,0),(1825,0,0),(1827,0,0),(1826,0,0),(1828,0,0),(1829,0,0),(1830,0,0),(1831,0,0),(1832,0,0),(1833,0,0),(1835,0,0),(1834,0,0),(1836,0,0),(1837,0,0),(1838,0,0),(1839,0,0),(1840,0,0),(1841,0,0),(1843,0,0),(1842,0,0),(1844,0,0),(1845,0,0),(1846,0,0),(1847,0,0),(1848,0,0),(1849,0,0),(1851,0,0),(1850,0,0),(1852,0,0),(1853,0,0),(1854,0,0),(1855,0,0),(1856,0,0),(1857,0,0),(1858,0,0),(1859,0,0),(1860,0,0),(1861,0,0),(1863,0,0),(1862,0,0),(1864,0,0),(1865,0,0),(1866,0,0),(1867,0,0),(1868,0,0),(1869,0,0),(1871,0,0),(1870,0,0),(1872,0,0),(1873,0,0),(1874,0,0),(1875,0,0),(1876,0,0),(1877,0,0),(1879,0,0),(1878,0,0),(1880,0,0),(1881,0,0),(1882,0,0),(1883,0,0),(1884,0,0),(1885,0,0),(1887,0,0),(1886,0,0),(1888,0,0),(1889,0,0),(1890,0,0),(1891,0,0),(1892,0,0),(1893,0,0),(1895,0,0),(1894,0,0),(1896,0,0),(1897,0,0),(1898,0,0),(1899,0,0),(1900,0,0),(1901,0,0),(1903,0,0),(1902,0,0),(1904,0,0),(1905,0,0),(1906,0,0),(1907,0,0),(1908,0,0),(1909,0,0),(1911,0,0),(1910,0,0),(1912,0,0),(1913,0,0),(1914,0,0),(1915,0,0),(1916,0,0),(1917,0,0),(1919,0,0),(1918,0,0),(1920,0,0),(1921,0,0),(1922,0,0),(1923,0,0),(1924,0,0),(1925,0,0),(1927,0,0),(1926,0,0),(1928,0,0),(1929,0,0),(1930,0,0),(1931,0,0),(1932,0,0),(1933,0,0),(1935,0,0),(1934,0,0),(1936,0,0),(1937,0,0),(1938,0,0),(1939,0,0),(1940,0,0),(1941,0,0),(1943,0,0),(1942,0,0),(1944,0,0),(1945,0,0),(1946,0,0),(1947,0,0),(1948,0,0),(1949,0,0),(1951,0,0),(1950,0,0),(1952,0,0),(1953,0,0),(1954,0,0),(1955,0,0),(1956,0,0),(1957,0,0),(1959,0,0),(1958,0,0),(1960,0,0),(1961,0,0),(1962,0,0),(1963,0,0),(1964,0,0),(1965,0,0),(1967,0,0),(1966,0,0),(1968,0,0),(1969,0,0),(1970,0,0),(1971,0,0),(1972,0,0),(1973,0,0),(1975,0,0),(1974,0,0),(1976,0,0),(1977,0,0),(1978,0,0),(1979,0,0),(1981,0,0),(1980,0,0),(1982,0,0),(1983,0,0),(1984,0,0),(1985,0,0),(1986,0,0),(1987,0,0),(1989,0,0),(1988,0,0),(1990,0,0),(1991,0,0),(1992,0,0),(1993,0,0),(1994,0,0),(1995,0,0),(1997,0,0),(1996,0,0),(1998,0,0),(1999,0,0),(2000,0,0),(2001,0,0),(2002,0,0),(2003,0,0),(2005,0,0),(2004,0,0),(2006,0,0),(2007,0,0),(2008,0,0),(2009,0,0),(2010,0,0),(2011,0,0),(2013,0,0),(2012,0,0),(2014,0,0),(2015,0,0),(2016,0,0),(2017,0,0),(2018,0,0),(2019,0,0),(2021,0,0),(2020,0,0),(2022,0,0),(2023,0,0),(2024,0,0),(2025,0,0),(2026,0,0),(2027,0,0),(2029,0,0),(2028,0,0),(2030,0,0),(2031,0,0),(2032,0,0),(2033,0,0),(2034,0,0),(2035,0,0),(2037,0,0),(2036,0,0),(2038,0,0),(2039,0,0),(2040,0,0),(2041,0,0),(2042,0,0),(2043,0,0),(2045,0,0),(2044,0,0),(2046,0,0),(2047,0,0),(2048,0,0),(2049,0,0),(2050,0,0),(2051,0,0),(2053,0,0),(2052,0,0),(2054,0,0),(2055,0,0),(2056,0,0),(2057,0,0),(2058,0,0),(2059,0,0),(2061,0,0),(2060,0,0),(2062,0,0),(2063,0,0),(2064,0,0),(2065,0,0),(2066,0,0),(2067,0,0),(2069,0,0),(2068,0,0),(2070,0,0),(2071,0,0),(2072,0,0),(2073,0,0),(2074,0,0),(2075,0,0),(2077,0,0),(2076,0,0),(2078,0,0),(2079,0,0),(2080,0,0),(2081,0,0),(2082,0,0),(2083,0,0),(2084,0,0),(2085,0,0),(2086,0,0),(2087,0,0),(2088,0,0),(2089,0,0),(2090,0,0),(2091,0,0),(2093,0,0),(2092,0,0),(2094,0,0),(2095,0,0),(2096,0,0),(2097,0,0),(2098,0,0),(2099,0,0),(2101,0,0),(2100,0,0),(2102,0,0),(2103,0,0),(2104,0,0),(2105,0,0),(2106,0,0),(2107,0,0),(2108,0,0),(2109,0,0),(2110,0,0),(2111,0,0),(2113,0,0),(2112,0,0),(2114,0,0),(2115,0,0),(2116,0,0),(2117,0,0),(2118,0,0),(2119,0,0),(2121,0,0),(2120,0,0),(2122,0,0),(2123,0,0),(2124,0,0),(2125,0,0),(2126,0,0),(2127,0,0),(2129,0,0),(2128,0,0),(2130,0,0),(2131,0,0),(2132,0,0),(2133,0,0),(2134,0,0),(2135,0,0),(2137,0,0),(2136,0,0),(2138,0,0),(2139,0,0),(2140,0,0),(2141,0,0),(2142,0,0),(2143,0,0),(2145,0,0),(2144,0,0),(2146,0,0),(2147,0,0),(2148,0,0),(2149,0,0),(2150,0,0),(2151,0,0),(2153,0,0),(2152,0,0),(2154,0,0),(2155,0,0),(2156,0,0),(2157,0,0),(2158,0,0),(2159,0,0),(2160,0,0),(2161,0,0),(2162,0,0),(2163,0,0),(2164,0,0),(2165,0,0),(2166,0,0),(2167,0,0),(2169,0,0),(2168,0,0),(2170,0,0),(2171,0,0),(2172,0,0),(2173,0,0),(2174,0,0),(2175,0,0),(2177,0,0),(2176,0,0),(2178,0,0),(2179,0,0),(2180,0,0),(2181,0,0),(2182,0,0),(2183,0,0),(2185,0,0),(2184,0,0),(2186,0,0),(2187,0,0),(2188,0,0),(2189,0,0),(2190,0,0),(2191,0,0),(2193,0,0),(2192,0,0),(2194,0,0),(2195,0,0),(2196,0,0),(2197,0,0),(2198,0,0),(2199,0,0),(2201,0,0),(2200,0,0),(2204,0,0),(2205,0,0),(2206,0,0),(2207,0,0),(2208,0,0),(2209,0,0),(2211,0,0),(2210,0,0),(2212,0,0),(2213,0,0),(2214,0,0),(2215,0,0),(2216,0,0),(2217,0,0),(2219,0,0),(2218,0,0),(2220,0,0),(2221,0,0),(2222,0,0),(2223,0,0),(2224,0,0),(2225,0,0),(2227,0,0),(2226,0,0),(2228,0,0),(2229,0,0),(2230,0,0),(2231,0,0),(2233,0,0),(2232,0,0),(2234,0,0),(2235,0,0),(2236,0,0),(2237,0,0),(2238,0,0),(2239,0,0),(2241,0,0),(2240,0,0),(2242,0,0),(2243,0,0),(2244,0,0),(2245,0,0),(2246,0,0),(2247,0,0),(2249,0,0),(2248,0,0),(2250,0,0),(2251,0,0),(2252,0,0),(2253,0,0),(2254,0,0),(2255,0,0),(2257,0,0),(2256,0,0),(2258,0,0),(2259,0,0),(2260,0,0),(2261,0,0),(2262,0,0),(2263,0,0),(2265,0,0),(2264,0,0),(2266,0,0),(2267,0,0),(2268,0,0),(2269,0,0),(2270,0,0),(2271,0,0),(2273,0,0),(2272,0,0),(2274,0,0),(2275,0,0),(2276,0,0),(2277,0,0),(2278,0,0),(2279,0,0),(2281,0,0),(2280,0,0),(2282,0,0),(2283,0,0),(2284,0,0),(2285,0,0),(2286,0,0),(2287,0,0),(2289,0,0),(2288,0,0),(2290,0,0),(2291,0,0),(2292,0,0),(2293,0,0),(2294,0,0),(2295,0,0),(2297,0,0),(2296,0,0),(2298,0,0),(2299,0,0),(2300,0,0),(2301,0,0),(2302,0,0),(2303,0,0),(2305,0,0),(2304,0,0),(2306,0,0),(2307,0,0),(2308,0,0),(2309,0,0),(2310,0,0),(2311,0,0),(2313,0,0),(2312,0,0),(2314,0,0),(2315,0,0),(2316,0,0),(2317,0,0),(2318,0,0),(2319,0,0),(2321,0,0),(2320,0,0),(2322,0,0),(2323,0,0),(2324,0,0),(2325,0,0),(2326,0,0),(2327,0,0),(2329,0,0),(2328,0,0),(2330,0,0),(2331,0,0),(2332,0,0),(2333,0,0),(2334,0,0),(2335,0,0),(2337,0,0),(2336,0,0),(2338,0,0),(2339,0,0),(2340,0,0),(2341,0,0),(2342,0,0),(2343,0,0),(2345,0,0),(2344,0,0),(2346,0,0),(2347,0,0),(2348,0,0),(2349,0,0),(2350,0,0),(2351,0,0),(2353,0,0),(2352,0,0),(2354,0,0),(2355,0,0),(2356,0,0),(2357,0,0),(2358,0,0),(2359,0,0),(2360,0,0),(2361,0,0),(2362,0,0),(2363,0,0),(2365,0,0),(2364,0,0),(2366,0,0),(2367,0,0),(2368,0,0),(2369,0,0),(2370,0,0),(2371,0,0),(2373,0,0),(2372,0,0),(2374,0,0),(2375,0,0),(2376,0,0),(2377,0,0),(2378,0,0),(2379,0,0),(2381,0,0),(2380,0,0),(2382,0,0),(2383,0,0),(2384,0,0),(2385,0,0),(2387,0,0),(2386,0,0),(2388,0,0),(2389,0,0),(2390,0,0),(2391,0,0),(2392,0,0),(2393,0,0),(2395,0,0),(2394,0,0),(2396,0,0),(2397,0,0),(2398,0,0),(2399,0,0),(2401,0,0),(2400,0,0),(2402,0,0),(2403,0,0),(2404,0,0),(2405,0,0),(2406,0,0),(2407,0,0),(2409,0,0),(2408,0,0),(2410,0,0),(2411,0,0),(2412,0,0),(2413,0,0),(2415,0,0),(2414,0,0),(2416,0,0),(2417,0,0),(2418,0,0),(2419,0,0),(2420,0,0),(2421,0,0),(2423,0,0),(2422,0,0),(2424,0,0),(2425,0,0),(2426,0,0),(2427,0,0),(2429,0,0),(2428,0,0),(2430,0,0),(2431,0,0),(2432,0,0),(2433,0,0),(2434,0,0),(2435,0,0),(2436,0,0),(2437,0,0),(2438,0,0),(2439,0,0),(2440,0,0),(2441,0,0),(2443,0,0),(2442,0,0),(2444,0,0),(2445,0,0),(2446,0,0),(2447,0,0),(2448,0,0),(2449,0,0),(2451,0,0),(2450,0,0),(2452,0,0),(2453,0,0),(2454,0,0),(2455,0,0),(2457,0,0),(2456,0,0),(2461,0,0),(2458,0,0),(2459,0,0),(2462,0,0),(2463,0,0),(2465,0,0),(2464,0,0),(2466,0,0),(2467,0,0),(2468,0,0),(2469,0,0),(2470,0,0),(2471,0,0),(2473,0,0),(2472,0,0),(2474,0,0),(2475,0,0),(2476,0,0),(2477,0,0),(2478,0,0),(2479,0,0),(2481,0,0),(2480,0,0),(2482,0,0),(2483,0,0),(2484,0,0),(2485,0,0),(2486,0,0),(2487,0,0),(2490,0,0),(2489,0,0),(2491,0,0),(2492,0,0),(2493,0,0),(2494,0,0),(2495,0,0),(2496,0,0),(2498,0,0),(2497,0,0),(2499,0,0),(2500,0,0),(2501,0,0),(2502,0,0),(2504,0,0),(2503,0,0),(2505,0,0),(2506,0,0),(2507,0,0),(2508,0,0),(2509,0,0),(2510,0,0),(2511,0,0),(2512,0,0),(2513,0,0),(2514,0,0),(2515,0,0),(2516,0,0),(2518,0,0),(2517,0,0),(2519,0,0),(2520,0,0),(2521,0,0),(2522,0,0),(2523,0,0),(2524,0,0),(2526,0,0),(2525,0,0),(2527,0,0),(2528,0,0),(2529,0,0),(2530,0,0),(2532,0,0),(2531,0,0),(2533,0,0),(2534,0,0),(2535,0,0),(2536,0,0),(2537,0,0),(2538,0,0),(2540,0,0),(2539,0,0),(2541,0,0),(2542,0,0),(2543,0,0),(2544,0,0),(2546,0,0),(2545,0,0),(2547,0,0),(2548,0,0),(2549,0,0),(2550,0,0),(2551,0,0),(2552,0,0),(2554,0,0),(2553,0,0),(2555,0,0),(2556,0,0),(2557,0,0),(2558,0,0),(2560,0,0),(2559,0,0),(2561,0,0),(2562,0,0),(2563,0,0),(2564,0,0),(2565,0,0),(2566,0,0),(2568,0,0),(2567,0,0),(2569,0,0),(2570,0,0),(2571,0,0),(2572,0,0),(2574,0,0),(2573,0,0),(2575,0,0),(2576,0,0),(2577,0,0),(2578,0,0),(2579,0,0),(2580,0,0),(2581,0,0),(2582,0,0),(2583,0,0),(2584,0,0),(2585,0,0),(2586,0,0),(2588,0,0),(2587,0,0),(2589,0,0),(2590,0,0),(2591,0,0),(2592,0,0),(2593,0,0),(2594,0,0),(2596,0,0),(2595,0,0),(2597,0,0),(2598,0,0),(2599,0,0),(2600,0,0),(2601,0,0),(2602,0,0),(2604,0,0),(2603,0,0),(2605,0,0),(2606,0,0),(2607,0,0),(2608,0,0),(2609,0,0),(2610,0,0),(2611,0,0),(2612,0,0),(2613,0,0),(2614,0,0),(2615,0,0),(2616,0,0),(2618,0,0),(2617,0,0),(2619,0,0),(2620,0,0),(2621,0,0),(2622,0,0),(2624,0,0),(2623,0,0),(2625,0,0),(2626,0,0),(2627,0,0),(2628,0,0),(2630,0,0),(2629,0,0),(2631,0,0),(2632,0,0),(2633,0,0),(2634,0,0),(2636,0,0),(2635,0,0),(2637,0,0),(2638,0,0),(2639,0,0),(2640,0,0),(2642,0,0),(2641,0,0),(2643,0,0),(2644,0,0),(2645,0,0),(2646,0,0),(2647,0,0),(2648,0,0),(2649,0,0),(2650,0,0),(2651,0,0),(2652,0,0),(2653,0,0),(2654,0,0),(2656,0,0),(2655,0,0),(2657,0,0),(2658,0,0),(2659,0,0),(2660,0,0),(2662,0,0),(2661,0,0),(2663,0,0),(2664,0,0),(2665,0,0),(2666,0,0),(2667,0,0),(2668,0,0),(2670,0,0),(2669,0,0),(2671,0,0),(2672,0,0),(2673,0,0),(2674,0,0),(2676,0,0),(2675,0,0),(2677,0,0),(2678,0,0),(2679,0,0),(2680,0,0),(2682,0,0),(2681,0,0),(2683,0,0),(2684,0,0),(2685,0,0),(2686,0,0),(2688,0,0),(2687,0,0),(2689,0,0),(2690,0,0),(2691,0,0),(2692,0,0),(2694,0,0),(2693,0,0),(2695,0,0),(2696,0,0),(2697,0,0),(2698,0,0),(2700,0,0),(2699,0,0),(2701,0,0),(2702,0,0),(2703,0,0),(2704,0,0),(2706,0,0),(2705,0,0),(2707,0,0),(2708,0,0),(2709,0,0),(2710,0,0),(2712,0,0),(2711,0,0),(2713,0,0),(2714,0,0),(2715,0,0),(2716,0,0),(2717,0,0),(2718,0,0),(2720,0,0),(2719,0,0),(2721,0,0),(2722,0,0),(2723,0,0),(2724,0,0),(2726,0,0),(2725,0,0),(2727,0,0),(2728,0,0),(2729,0,0),(2730,0,0),(2732,0,0),(2731,0,0),(2733,0,0),(2734,0,0),(2735,0,0),(2736,0,0),(2738,0,0),(2737,0,0),(2739,0,0),(2740,0,0),(2741,0,0),(2742,0,0),(2743,0,0),(2744,0,0),(2746,0,0),(2745,0,0),(2747,0,0),(2748,0,0),(2749,0,0),(2750,0,0),(2752,0,0),(2751,0,0),(2753,0,0),(2754,0,0),(2755,0,0),(2756,0,0),(2758,0,0),(2757,0,0),(2759,0,0),(2760,0,0),(2761,0,0),(2762,0,0),(2764,0,0),(2763,0,0),(2765,0,0),(2766,0,0),(2767,0,0),(2768,0,0),(2769,0,0),(2770,0,0),(2772,0,0),(2771,0,0),(2773,0,0),(2774,0,0),(2775,0,0),(2776,0,0),(2778,0,0),(2777,0,0),(2779,0,0),(2780,0,0),(2781,0,0),(2782,0,0),(2784,0,0),(2783,0,0),(2785,0,0),(2786,0,0),(2787,0,0),(2788,0,0),(2790,0,0),(2789,0,0),(2791,0,0),(2792,0,0),(2793,0,0),(2794,0,0),(2796,0,0),(2795,0,0),(2797,0,0),(2798,0,0),(2799,0,0),(2800,0,0),(2802,0,0),(2801,0,0),(2803,0,0),(2804,0,0),(2805,0,0),(2806,0,0),(2808,0,0),(2807,0,0),(2809,0,0),(2810,0,0),(2811,0,0),(2812,0,0),(2813,0,0),(2814,0,0),(2817,0,0),(2819,0,0),(2820,0,0),(2821,0,0),(2822,0,0);

-- Dumped table `wp51_yoast_seo_meta` with 1994 row(s)
--


